{"id":70716,"date":"2026-04-27T14:06:45","date_gmt":"2026-04-27T14:06:45","guid":{"rendered":""},"modified":"2026-04-27T14:06:45","modified_gmt":"2026-04-27T14:06:45","slug":"specialni-cena-wilo-elektronicke-cirkulacni-cerpadlo-varios-pico-stg-25-1-7-130-70716","status":"publish","type":"product","link":"https:\/\/www.koupeltech.com\/index.php\/produkt\/specialni-cena-wilo-elektronicke-cirkulacni-cerpadlo-varios-pico-stg-25-1-7-130-70716\/","title":{"rendered":"Speci\u00e1ln\u00ed Cena WILO Elektronick\u00e9 cirkula\u010dn\u00ed \u010derpadlo Varios PICO-STG 25\/1-7-130"},"content":{"rendered":"<div id=\"e5082470\" class=\"pages\">\n<div>\n<div id=\"PDDescription\" class=\"UserContentView userContent v1a v1 bs-view dcon dc164 PDDescription\" ><dc-con><dc-con><bs-empty><\/bs-empty><\/dc-con><dc-con>        <\/p>\n<div class=\"customDescription\">                    <\/div>\n<p><\/dc-con><dc-con><\/p>\n<p><strong>WILO Elektronick\u00e9 cirkula\u010dn\u00ed \u010derpadlo Varios PICO-STG 25\/1-7-130<\/strong><\/p>\n<p>Elektronick\u00e9 ob\u011bhov\u00e9 \u010derpadlo Wilo Varios PICO je vhodn\u00e9 pro pou\u017eit\u00ed jako\u00a0teplovodn\u00ed vyt\u00e1p\u011bn\u00ed v\u0161ech syst\u00e9m\u016f, klimatiza\u010dn\u00ed za\u0159\u00edzen\u00ed nebo pr\u016fmyslov\u00e1 cirkula\u010dn\u00ed za\u0159\u00edzen\u00ed.\u00a0Nejkompatibiln\u011bj\u0161\u00ed v\u00fdm\u011bnn\u00e9 \u0159e\u0161en\u00ed pro ve\u0161ker\u00e1 pou\u017eit\u00ed a tak\u00e9\u00a0modern\u00ed \u0159e\u0161en\u00ed\u00a0stylem regulace (jako iPWM). Velmi jednoduch\u00e9 a pohodln\u00e9 ovl\u00e1d\u00e1n\u00ed d\u00edky\u00a0LED displeji\u00a0a tla\u010d\u00edtkem pro p\u0159ednastaven\u00e9 charakteristiky a re\u017eim regulace. Jednoduch\u00e1 mo\u017enost instalace d\u00edky kompaktn\u00ed konstrukci, adaptabiln\u00edm elektrick\u00fdm p\u0159\u00edpojk\u00e1m a funkc\u00edm pro \u00fadr\u017ebu, jako je odvzdu\u0161n\u011bn\u00ed.<\/p>\n<h3><img fetchpriority=\"high\" decoding=\"async\" width=\"328\" height=\"201\" alt=\"\" src=\"https:\/\/www.bola.cz\/admin\/files\/ck\/images\/wilo108435_5.png\"><\/h3>\n<p>\u00a0<\/p>\n<h3>\u00a0<\/h3>\n<h3>Vlastnosti<\/h3>\n<ul>\n<li>\n<p>Index energetick\u00e9 \u00fa\u010dinnosti (EEI) \u2264 0,20<\/p>\n<\/li>\n<li>\n<p>Motor odoln\u00fd v\u016f\u010di zablokov\u00e1n\u00ed<\/p>\n<\/li>\n<li>\n<p>Zobrazen\u00ed aktivovan\u00e9 funkce Sync a k\u00f3dov\u00e1n\u00ed LED<\/p>\n<\/li>\n<li>\n<p>Extern\u00ed regulace pomoc\u00ed sign\u00e1lu iPWM1 nebo iPWM2<\/p>\n<\/li>\n<\/ul>\n<p><\/dc-con><\/dc-con><\/div>\n<div id=\"PDDescription2\" class=\"UserContentView userContent v1a v1 bs-view dcon dc165 PDDescription2\" >\n<table>\n<tbody>\n<tr>\n<td>Dopravn\u00ed v\u00fd\u0161ka \u010derpadla<\/td>\n<td>7 m<\/td>\n<\/tr>\n<tr>\n<td>Nap\u00e1jen\u00ed \u010derpadla<\/td>\n<td>230 VAC<\/td>\n<\/tr>\n<tr>\n<td>Pr\u016ftok \u010derpadla<\/td>\n<td>3,8 m3\/h<\/td>\n<\/tr>\n<tr>\n<td>Stavebn\u00ed d\u00e9lka<\/td>\n<td>130 mm<\/td>\n<\/tr>\n<tr>\n<td>Sv\u011btlost \u010derpadla<\/td>\n<td>DN 25<\/td>\n<\/tr>\n<tr>\n<td>Teplota<\/td>\n<td>95 \u00b0C<\/td>\n<\/tr>\n<tr>\n<td>Tlak<\/td>\n<td>10 bar<\/td>\n<\/tr>\n<tr>\n<td>Typ p\u0159ipojen\u00ed \u010derpadla<\/td>\n<td>Vn\u011bj\u0161\u00ed z\u00e1vit<\/td>\n<\/tr>\n<tr>\n<td>Velikost p\u0159ipojen\u00ed \u010derpadla<\/td>\n<td>DN 25<\/td>\n<\/tr>\n<tr>\n<td>Hmotnost<\/td>\n<td>2.06 kg<\/td>\n<\/tr>\n<\/tbody>\n<\/table>\n<\/div><\/div>\n<div id=\"PDTable3\" class=\"ProductDetailTableView v3a v3 bs-view dcon dc185 PDTable3\" >\n<table>\n<thead><\/thead>\n<tbody>\n<tr class=\"attribute attr_bsshop_maker\">\n<td class=\"caption\">V\u00fdrobce<\/td>\n<td class=\"value\">Wilo<\/td>\n<\/tr>\n<tr class=\"weight\">\n<td class=\"caption\"><span>Hmotnost<\/span><\/td>\n<td class=\"value\"><span>1,80 kg<\/span><\/td>\n<\/tr>\n<\/tbody>\n<\/table>\n<\/div>\n<div id=\"ProductMedia\" class=\"ProductMediaView MediaViewBase v1a v1 bs-view dcon dc409 ProductMedia\" ><bs-empty><\/bs-empty><\/p>\n<div class=\"files\">\n<div class=\"title sub\">Soubory<\/div>\n<p><a href=\"\/media\/14326\/navod-k-obsluze-priloha-1?&amp;key=ZGpmIyQwNUZfMTQzMjY=\" class=\"\">01_CS_wilo252495.pdf<\/a><a href=\"\/media\/14327\/katalogovy-list-priloha-2?&amp;key=ZGpmIyQwNUZfMTQzMjc=\" class=\"\">03_CS_varios_pico.pdf<\/a><\/div>\n<p><bs-empty><\/bs-empty><\/div>\n<div id=\"PdProductGpsr\" class=\"ProductGpsrView v1a v1 bs-view dcon dc217 PdProductGpsr\" >\n<div class=\"subject\"><dc-root class=\"dcon dc219\"><span class=\"title\">Zodpov\u011bdn&#253; subjekt:<\/span><dc-con><dc-con><span class=\"company\">WILO CS, s.r.o.<\/span><span class=\"name\">Wilo<\/span><\/dc-con><dc-con><span class=\"street\">Obchodn&#237; 125<\/span><span class=\"city\">\u010cestlice<\/span><span class=\"zip\">251 01<\/span><span class=\"country\">\u010cesko<\/span><\/dc-con><span class=\"email\">info.cz@wilo.com<\/span><span class=\"phone\">234 098 711<\/span><bs-empty><\/bs-empty><a href=\"https:\/\/wilo.com\/cz\/cs\/Kontakty.html\" class=\"link\" target=\"_blank\">https:\/\/wilo.com\/cz\/cs\/Kontakty.html<\/a><\/dc-con><bs-empty><\/bs-empty><\/dc-root><\/div>\n<p><bs-empty><\/bs-empty><\/div>\n<\/div>\n<div id=\"e5082471\" class=\"tabs\">\n","protected":false},"excerpt":{"rendered":"<p>WILO Elektronick\u00e9 cirkula\u010dn\u00ed \u010derpadlo Varios PICO-STG 25\/1-7-130 Elektronick\u00e9 ob\u011bhov\u00e9 \u010derpadlo Wilo Varios PICO je vhodn\u00e9 pro pou\u017eit\u00ed jako\u00a0teplovodn\u00ed vyt\u00e1p\u011bn\u00ed v\u0161ech syst\u00e9m\u016f, klimatiza\u010dn\u00ed za\u0159\u00edzen\u00ed nebo pr\u016fmyslov\u00e1 cirkula\u010dn\u00ed za\u0159\u00edzen\u00ed.\u00a0Nejkompatibiln\u011bj\u0161\u00ed v\u00fdm\u011bnn\u00e9 \u0159e\u0161en\u00ed pro ve\u0161ker\u00e1 pou\u017eit\u00ed a tak\u00e9\u00a0modern\u00ed \u0159e\u0161en\u00ed\u00a0stylem regulace (jako iPWM). Velmi jednoduch\u00e9 a pohodln\u00e9 ovl\u00e1d\u00e1n\u00ed d\u00edky\u00a0LED displeji\u00a0a tla\u010d\u00edtkem pro p\u0159ednastaven\u00e9 charakteristiky a re\u017eim regulace. Jednoduch\u00e1 mo\u017enost instalace [&hellip;]<\/p>\n","protected":false},"featured_media":70816,"comment_status":"open","ping_status":"open","template":"","meta":[],"product_brand":[],"product_cat":[106],"product_tag":[],"class_list":{"0":"post-70716","1":"product","2":"type-product","3":"status-publish","4":"has-post-thumbnail","6":"product_cat-cerpadla-vod-225-rny","8":"first","9":"instock","10":"sale","11":"shipping-taxable","12":"purchasable","13":"product-type-simple"},"yoast_head":"<!-- This site is optimized with the Yoast SEO plugin v26.8 - https:\/\/yoast.com\/product\/yoast-seo-wordpress\/ -->\n<title>Speci\u00e1ln\u00ed Cena WILO Elektronick\u00e9 cirkula\u010dn\u00ed \u010derpadlo Varios PICO-STG 25\/1-7-130 -<\/title>\n<meta name=\"robots\" content=\"index, follow, max-snippet:-1, max-image-preview:large, max-video-preview:-1\" \/>\n<link rel=\"canonical\" href=\"https:\/\/www.koupeltech.com\/index.php\/produkt\/specialni-cena-wilo-elektronicke-cirkulacni-cerpadlo-varios-pico-stg-25-1-7-130-70716\/\" \/>\n<meta property=\"og:locale\" content=\"cs_CZ\" \/>\n<meta property=\"og:type\" content=\"article\" \/>\n<meta property=\"og:title\" content=\"Speci\u00e1ln\u00ed Cena WILO Elektronick\u00e9 cirkula\u010dn\u00ed \u010derpadlo Varios PICO-STG 25\/1-7-130 -\" \/>\n<meta property=\"og:description\" content=\"WILO Elektronick\u00e9 cirkula\u010dn\u00ed \u010derpadlo Varios PICO-STG 25\/1-7-130 Elektronick\u00e9 ob\u011bhov\u00e9 \u010derpadlo Wilo Varios PICO je vhodn\u00e9 pro pou\u017eit\u00ed jako\u00a0teplovodn\u00ed vyt\u00e1p\u011bn\u00ed v\u0161ech syst\u00e9m\u016f, klimatiza\u010dn\u00ed za\u0159\u00edzen\u00ed nebo pr\u016fmyslov\u00e1 cirkula\u010dn\u00ed za\u0159\u00edzen\u00ed.\u00a0Nejkompatibiln\u011bj\u0161\u00ed v\u00fdm\u011bnn\u00e9 \u0159e\u0161en\u00ed pro ve\u0161ker\u00e1 pou\u017eit\u00ed a tak\u00e9\u00a0modern\u00ed \u0159e\u0161en\u00ed\u00a0stylem regulace (jako iPWM). Velmi jednoduch\u00e9 a pohodln\u00e9 ovl\u00e1d\u00e1n\u00ed d\u00edky\u00a0LED displeji\u00a0a tla\u010d\u00edtkem pro p\u0159ednastaven\u00e9 charakteristiky a re\u017eim regulace. Jednoduch\u00e1 mo\u017enost instalace [&hellip;]\" \/>\n<meta property=\"og:url\" content=\"https:\/\/www.koupeltech.com\/index.php\/produkt\/specialni-cena-wilo-elektronicke-cirkulacni-cerpadlo-varios-pico-stg-25-1-7-130-70716\/\" \/>\n<meta property=\"og:image\" content=\"https:\/\/www.koupeltech.com\/wp-content\/uploads\/2026\/SK0022766-CZ20260425-093449-0-1777080896-wilo-elektronicke-cirkulacni-cerpadlo-varios-pico-stg-25-1-.webp\" \/>\n\t<meta property=\"og:image:width\" content=\"1000\" \/>\n\t<meta property=\"og:image:height\" content=\"525\" \/>\n\t<meta property=\"og:image:type\" content=\"image\/webp\" \/>\n<meta name=\"twitter:card\" content=\"summary_large_image\" \/>\n<meta name=\"twitter:label1\" content=\"Odhadovan\u00e1 doba \u010dten\u00ed\" \/>\n\t<meta name=\"twitter:data1\" content=\"1 minuta\" \/>\n<script type=\"application\/ld+json\" class=\"yoast-schema-graph\">{\"@context\":\"https:\/\/schema.org\",\"@graph\":[{\"@type\":\"WebPage\",\"@id\":\"https:\/\/www.koupeltech.com\/index.php\/produkt\/specialni-cena-wilo-elektronicke-cirkulacni-cerpadlo-varios-pico-stg-25-1-7-130-70716\/\",\"url\":\"https:\/\/www.koupeltech.com\/index.php\/produkt\/specialni-cena-wilo-elektronicke-cirkulacni-cerpadlo-varios-pico-stg-25-1-7-130-70716\/\",\"name\":\"Speci\u00e1ln\u00ed Cena WILO Elektronick\u00e9 cirkula\u010dn\u00ed \u010derpadlo Varios PICO-STG 25\/1-7-130 -\",\"isPartOf\":{\"@id\":\"https:\/\/www.koupeltech.com\/#website\"},\"primaryImageOfPage\":{\"@id\":\"https:\/\/www.koupeltech.com\/index.php\/produkt\/specialni-cena-wilo-elektronicke-cirkulacni-cerpadlo-varios-pico-stg-25-1-7-130-70716\/#primaryimage\"},\"image\":{\"@id\":\"https:\/\/www.koupeltech.com\/index.php\/produkt\/specialni-cena-wilo-elektronicke-cirkulacni-cerpadlo-varios-pico-stg-25-1-7-130-70716\/#primaryimage\"},\"thumbnailUrl\":\"https:\/\/www.koupeltech.com\/wp-content\/uploads\/2026\/SK0022766-CZ20260425-093449-0-1777080896-wilo-elektronicke-cirkulacni-cerpadlo-varios-pico-stg-25-1-.webp\",\"datePublished\":\"2026-04-27T14:06:45+00:00\",\"breadcrumb\":{\"@id\":\"https:\/\/www.koupeltech.com\/index.php\/produkt\/specialni-cena-wilo-elektronicke-cirkulacni-cerpadlo-varios-pico-stg-25-1-7-130-70716\/#breadcrumb\"},\"inLanguage\":\"cs\",\"potentialAction\":[{\"@type\":\"ReadAction\",\"target\":[\"https:\/\/www.koupeltech.com\/index.php\/produkt\/specialni-cena-wilo-elektronicke-cirkulacni-cerpadlo-varios-pico-stg-25-1-7-130-70716\/\"]}]},{\"@type\":\"ImageObject\",\"inLanguage\":\"cs\",\"@id\":\"https:\/\/www.koupeltech.com\/index.php\/produkt\/specialni-cena-wilo-elektronicke-cirkulacni-cerpadlo-varios-pico-stg-25-1-7-130-70716\/#primaryimage\",\"url\":\"https:\/\/www.koupeltech.com\/wp-content\/uploads\/2026\/SK0022766-CZ20260425-093449-0-1777080896-wilo-elektronicke-cirkulacni-cerpadlo-varios-pico-stg-25-1-.webp\",\"contentUrl\":\"https:\/\/www.koupeltech.com\/wp-content\/uploads\/2026\/SK0022766-CZ20260425-093449-0-1777080896-wilo-elektronicke-cirkulacni-cerpadlo-varios-pico-stg-25-1-.webp\",\"width\":1000,\"height\":525},{\"@type\":\"BreadcrumbList\",\"@id\":\"https:\/\/www.koupeltech.com\/index.php\/produkt\/specialni-cena-wilo-elektronicke-cirkulacni-cerpadlo-varios-pico-stg-25-1-7-130-70716\/#breadcrumb\",\"itemListElement\":[{\"@type\":\"ListItem\",\"position\":1,\"name\":\"Home\",\"item\":\"https:\/\/www.koupeltech.com\/\"},{\"@type\":\"ListItem\",\"position\":2,\"name\":\"Products\",\"item\":\"https:\/\/www.koupeltech.com\/index.php\/products\/\"},{\"@type\":\"ListItem\",\"position\":3,\"name\":\"Speci\u00e1ln\u00ed Cena WILO Elektronick\u00e9 cirkula\u010dn\u00ed \u010derpadlo Varios PICO-STG 25\/1-7-130\"}]},{\"@type\":\"WebSite\",\"@id\":\"https:\/\/www.koupeltech.com\/#website\",\"url\":\"https:\/\/www.koupeltech.com\/\",\"name\":\"\",\"description\":\"\",\"potentialAction\":[{\"@type\":\"SearchAction\",\"target\":{\"@type\":\"EntryPoint\",\"urlTemplate\":\"https:\/\/www.koupeltech.com\/?s={search_term_string}\"},\"query-input\":{\"@type\":\"PropertyValueSpecification\",\"valueRequired\":true,\"valueName\":\"search_term_string\"}}],\"inLanguage\":\"cs\"}]}<\/script>\n<!-- \/ Yoast SEO plugin. -->","yoast_head_json":{"title":"Speci\u00e1ln\u00ed Cena WILO Elektronick\u00e9 cirkula\u010dn\u00ed \u010derpadlo Varios PICO-STG 25\/1-7-130 -","robots":{"index":"index","follow":"follow","max-snippet":"max-snippet:-1","max-image-preview":"max-image-preview:large","max-video-preview":"max-video-preview:-1"},"canonical":"https:\/\/www.koupeltech.com\/index.php\/produkt\/specialni-cena-wilo-elektronicke-cirkulacni-cerpadlo-varios-pico-stg-25-1-7-130-70716\/","og_locale":"cs_CZ","og_type":"article","og_title":"Speci\u00e1ln\u00ed Cena WILO Elektronick\u00e9 cirkula\u010dn\u00ed \u010derpadlo Varios PICO-STG 25\/1-7-130 -","og_description":"WILO Elektronick\u00e9 cirkula\u010dn\u00ed \u010derpadlo Varios PICO-STG 25\/1-7-130 Elektronick\u00e9 ob\u011bhov\u00e9 \u010derpadlo Wilo Varios PICO je vhodn\u00e9 pro pou\u017eit\u00ed jako\u00a0teplovodn\u00ed vyt\u00e1p\u011bn\u00ed v\u0161ech syst\u00e9m\u016f, klimatiza\u010dn\u00ed za\u0159\u00edzen\u00ed nebo pr\u016fmyslov\u00e1 cirkula\u010dn\u00ed za\u0159\u00edzen\u00ed.\u00a0Nejkompatibiln\u011bj\u0161\u00ed v\u00fdm\u011bnn\u00e9 \u0159e\u0161en\u00ed pro ve\u0161ker\u00e1 pou\u017eit\u00ed a tak\u00e9\u00a0modern\u00ed \u0159e\u0161en\u00ed\u00a0stylem regulace (jako iPWM). Velmi jednoduch\u00e9 a pohodln\u00e9 ovl\u00e1d\u00e1n\u00ed d\u00edky\u00a0LED displeji\u00a0a tla\u010d\u00edtkem pro p\u0159ednastaven\u00e9 charakteristiky a re\u017eim regulace. Jednoduch\u00e1 mo\u017enost instalace [&hellip;]","og_url":"https:\/\/www.koupeltech.com\/index.php\/produkt\/specialni-cena-wilo-elektronicke-cirkulacni-cerpadlo-varios-pico-stg-25-1-7-130-70716\/","og_image":[{"width":1000,"height":525,"url":"https:\/\/www.koupeltech.com\/wp-content\/uploads\/2026\/SK0022766-CZ20260425-093449-0-1777080896-wilo-elektronicke-cirkulacni-cerpadlo-varios-pico-stg-25-1-.webp","type":"image\/webp"}],"twitter_card":"summary_large_image","twitter_misc":{"Odhadovan\u00e1 doba \u010dten\u00ed":"1 minuta"},"schema":{"@context":"https:\/\/schema.org","@graph":[{"@type":"WebPage","@id":"https:\/\/www.koupeltech.com\/index.php\/produkt\/specialni-cena-wilo-elektronicke-cirkulacni-cerpadlo-varios-pico-stg-25-1-7-130-70716\/","url":"https:\/\/www.koupeltech.com\/index.php\/produkt\/specialni-cena-wilo-elektronicke-cirkulacni-cerpadlo-varios-pico-stg-25-1-7-130-70716\/","name":"Speci\u00e1ln\u00ed Cena WILO Elektronick\u00e9 cirkula\u010dn\u00ed \u010derpadlo Varios PICO-STG 25\/1-7-130 -","isPartOf":{"@id":"https:\/\/www.koupeltech.com\/#website"},"primaryImageOfPage":{"@id":"https:\/\/www.koupeltech.com\/index.php\/produkt\/specialni-cena-wilo-elektronicke-cirkulacni-cerpadlo-varios-pico-stg-25-1-7-130-70716\/#primaryimage"},"image":{"@id":"https:\/\/www.koupeltech.com\/index.php\/produkt\/specialni-cena-wilo-elektronicke-cirkulacni-cerpadlo-varios-pico-stg-25-1-7-130-70716\/#primaryimage"},"thumbnailUrl":"https:\/\/www.koupeltech.com\/wp-content\/uploads\/2026\/SK0022766-CZ20260425-093449-0-1777080896-wilo-elektronicke-cirkulacni-cerpadlo-varios-pico-stg-25-1-.webp","datePublished":"2026-04-27T14:06:45+00:00","breadcrumb":{"@id":"https:\/\/www.koupeltech.com\/index.php\/produkt\/specialni-cena-wilo-elektronicke-cirkulacni-cerpadlo-varios-pico-stg-25-1-7-130-70716\/#breadcrumb"},"inLanguage":"cs","potentialAction":[{"@type":"ReadAction","target":["https:\/\/www.koupeltech.com\/index.php\/produkt\/specialni-cena-wilo-elektronicke-cirkulacni-cerpadlo-varios-pico-stg-25-1-7-130-70716\/"]}]},{"@type":"ImageObject","inLanguage":"cs","@id":"https:\/\/www.koupeltech.com\/index.php\/produkt\/specialni-cena-wilo-elektronicke-cirkulacni-cerpadlo-varios-pico-stg-25-1-7-130-70716\/#primaryimage","url":"https:\/\/www.koupeltech.com\/wp-content\/uploads\/2026\/SK0022766-CZ20260425-093449-0-1777080896-wilo-elektronicke-cirkulacni-cerpadlo-varios-pico-stg-25-1-.webp","contentUrl":"https:\/\/www.koupeltech.com\/wp-content\/uploads\/2026\/SK0022766-CZ20260425-093449-0-1777080896-wilo-elektronicke-cirkulacni-cerpadlo-varios-pico-stg-25-1-.webp","width":1000,"height":525},{"@type":"BreadcrumbList","@id":"https:\/\/www.koupeltech.com\/index.php\/produkt\/specialni-cena-wilo-elektronicke-cirkulacni-cerpadlo-varios-pico-stg-25-1-7-130-70716\/#breadcrumb","itemListElement":[{"@type":"ListItem","position":1,"name":"Home","item":"https:\/\/www.koupeltech.com\/"},{"@type":"ListItem","position":2,"name":"Products","item":"https:\/\/www.koupeltech.com\/index.php\/products\/"},{"@type":"ListItem","position":3,"name":"Speci\u00e1ln\u00ed Cena WILO Elektronick\u00e9 cirkula\u010dn\u00ed \u010derpadlo Varios PICO-STG 25\/1-7-130"}]},{"@type":"WebSite","@id":"https:\/\/www.koupeltech.com\/#website","url":"https:\/\/www.koupeltech.com\/","name":"","description":"","potentialAction":[{"@type":"SearchAction","target":{"@type":"EntryPoint","urlTemplate":"https:\/\/www.koupeltech.com\/?s={search_term_string}"},"query-input":{"@type":"PropertyValueSpecification","valueRequired":true,"valueName":"search_term_string"}}],"inLanguage":"cs"}]}},"_links":{"self":[{"href":"https:\/\/www.koupeltech.com\/index.php\/wp-json\/wp\/v2\/product\/70716","targetHints":{"allow":["GET"]}}],"collection":[{"href":"https:\/\/www.koupeltech.com\/index.php\/wp-json\/wp\/v2\/product"}],"about":[{"href":"https:\/\/www.koupeltech.com\/index.php\/wp-json\/wp\/v2\/types\/product"}],"replies":[{"embeddable":true,"href":"https:\/\/www.koupeltech.com\/index.php\/wp-json\/wp\/v2\/comments?post=70716"}],"wp:featuredmedia":[{"embeddable":true,"href":"https:\/\/www.koupeltech.com\/index.php\/wp-json\/wp\/v2\/media\/70816"}],"wp:attachment":[{"href":"https:\/\/www.koupeltech.com\/index.php\/wp-json\/wp\/v2\/media?parent=70716"}],"wp:term":[{"taxonomy":"product_brand","embeddable":true,"href":"https:\/\/www.koupeltech.com\/index.php\/wp-json\/wp\/v2\/product_brand?post=70716"},{"taxonomy":"product_cat","embeddable":true,"href":"https:\/\/www.koupeltech.com\/index.php\/wp-json\/wp\/v2\/product_cat?post=70716"},{"taxonomy":"product_tag","embeddable":true,"href":"https:\/\/www.koupeltech.com\/index.php\/wp-json\/wp\/v2\/product_tag?post=70716"}],"curies":[{"name":"wp","href":"https:\/\/api.w.org\/{rel}","templated":true}]}}