{"id":70919,"date":"2026-04-27T14:06:48","date_gmt":"2026-04-27T14:06:48","guid":{"rendered":""},"modified":"2026-04-27T14:06:48","modified_gmt":"2026-04-27T14:06:48","slug":"znackovy-bgs-sada-nastrcnych-hlavic-na-klice-a-bity-s-racnovou-otocnou-rukojeti-na-bity-prepinaci-70919","status":"publish","type":"product","link":"https:\/\/www.koupeltech.com\/index.php\/produkt\/znackovy-bgs-sada-nastrcnych-hlavic-na-klice-a-bity-s-racnovou-otocnou-rukojeti-na-bity-prepinaci-70919\/","title":{"rendered":"Zna\u010dkov\u00fd BGS Sada n\u00e1str\u010dn\u00fdch hlavic na kl\u00ed\u010de a bity, s r\u00e1\u010dnovou oto\u010dnou rukojet\u00ed na bity, p\u0159ep\u00ednac\u00ed,"},"content":{"rendered":"<div id=\"e5169792\" class=\"pages\">\n<div>\n<div id=\"PDDescription\" class=\"UserContentView userContent v1a v1 bs-view dcon dc164 PDDescription\" ><dc-con><dc-con><bs-empty><\/bs-empty><\/dc-con><dc-con>        <\/p>\n<div class=\"customDescription\">                    <\/div>\n<p><\/dc-con><dc-con><\/p>\n<ul>\n<li>v plastov\u00e9m kuf\u0159\u00edku<\/li>\n<\/ul>\n<p><strong>rozsah dod\u00e1vky:<\/strong><\/p>\n<ul>\n<li>1 magnetick\u00fd dr\u017e\u00e1k bit\u016f, 6,3 mm (1\/4&#8243;) mechanika, 4 mm (5\/32&#8243;) mechanika<\/li>\n<li>3 p\u0159esn\u00e9 bity, 4 mm (5\/32&#8243;) mechanika, k\u0159\u00ed\u017eov\u00e1 dr\u00e1\u017eka PH: PH00 &#8211; PH0 &#8211; PH1<\/li >\n<li>3 p\u0159esn\u00e9 bity, 4 mm (5\/32&#8243;) disk, slot SL: 2 &#8211; 3 &#8211; 4 mm<\/li>\n<li>2 p\u0159esn\u00e9 bity, 4 mm (5\/32&#8243;) disk, T- Hv\u011bzda (pro Torx): T10 &#8211; T20<\/li>\n<li>3 bity, 6,3 mm (1\/4&#8243;) mechanika, k\u0159\u00ed\u017eov\u00e1 dr\u00e1\u017eka PH: PH0 &#8211; PH1 &#8211; PH2<\/li>\n<li>2 bity, 6,3 mm (1\/4&#8243;) mechanika, k\u0159\u00ed\u017eov\u00e1 dr\u00e1\u017eka PZ: PZ0 &#8211; PZ1<\/li>\n<li>3 bity, 6,3 mm (1\/4&#8243;) mechanika, dr\u00e1\u017eka SL: 4 &#8211; 5 &#8211; 6 mm <\/li>\n<li>2 bity, 6,3 mm (1\/4&#8243;) disk, T-Star (pro Torx): T10 &#8211; T15<\/li>\n<li>3 bity, 6,3 mm (1\/ 4&#8243;) pohon, vnit\u0159n\u00ed \u0161estihran: 4 &#8211; 5 &#8211; 6 mm<\/li>\n<li>1bitov\u00fd r\u00e1\u010dnov\u00fd adapt\u00e9r, vn\u011bj\u0161\u00ed \u0161estihran 6,3 mm (1\/4&#8243;) &#8211; vn\u011bj\u0161\u00ed \u010dty\u0159hran 6,3 mm (1\/4&#8243;), d\u00e9lka 25 mm<\/li>\n<li>6 n\u00e1str\u010dn\u00fdch kl\u00ed\u010d\u016f, \u0161estihran, pohon 6,3 mm (1\/4&#8243;), velikosti: 5 &#8211; 6 &#8211; 7 &#8211; 8 &#8211; 9 &#8211; 10 mm<\/li>\n<li>1 r\u00e1\u010dnov\u00e1 n\u00e1sada pro bity , oboustrann\u00fd, pohon 6,3 mm (1\/4&#8243;), d\u00e9lka 125 mm<\/li>\n<\/ul>\n<p><\/dc-con><\/dc-con><\/div>\n<div id=\"PDDescription2\" class=\"UserContentView userContent v1a v1 bs-view dcon dc165 PDDescription2\" >V\u00dd\u0160KA BALEN\u00cd<\/div>\n<\/p><\/div>\n<div id=\"PDTable3\" class=\"ProductDetailTableView v3a v3 bs-view dcon dc185 PDTable3\" >\n<table>\n<thead><\/thead>\n<tbody>\n<tr class=\"attribute attr_typ\">\n<td class=\"caption\">Typ<\/td>\n<td class=\"value\">SADA<\/td>\n<\/tr>\n<tr class=\"attribute attr_bsshop_maker\">\n<td class=\"caption\">V\u00fdrobce<\/td>\n<td class=\"value\">BGS Technic<\/td>\n<\/tr>\n<\/tbody>\n<\/table>\n<\/div>\n<div id=\"PdProductGpsr\" class=\"ProductGpsrView v1a v1 bs-view dcon dc217 PdProductGpsr\" >\n<div class=\"subject\"><dc-root class=\"dcon dc219\"><span class=\"title\">Zodpov\u011bdn&#253; subjekt:<\/span><dc-con><dc-con><span class=\"company\">BGS technik KG<\/span><span class=\"name\">BGS Technic<\/span><\/dc-con><dc-con><span class=\"street\">Bandwirkerstr. 3<\/span><span class=\"city\">Wermelskirchen<\/span><span class=\"zip\">429 29<\/span><span class=\"country\">N\u011bmecko<\/span><\/dc-con><span class=\"email\">mail@bgs-technic.de<\/span><span class=\"phone\">+49 2196-720480<\/span><bs-empty><\/bs-empty><a href=\"https:\/\/www.bgstechnic.com\/\" class=\"link\" target=\"_blank\">https:\/\/www.bgstechnic.com\/<\/a><\/dc-con><bs-empty><\/bs-empty><\/dc-root><\/div>\n<p><bs-empty><\/bs-empty><\/div>\n<\/div>\n<div id=\"e5169793\" class=\"tabs\">\n","protected":false},"excerpt":{"rendered":"<p>v plastov\u00e9m kuf\u0159\u00edku rozsah dod\u00e1vky: 1 magnetick\u00fd dr\u017e\u00e1k bit\u016f, 6,3 mm (1\/4&#8243;) mechanika, 4 mm (5\/32&#8243;) mechanika 3 p\u0159esn\u00e9 bity, 4 mm (5\/32&#8243;) mechanika, k\u0159\u00ed\u017eov\u00e1 dr\u00e1\u017eka PH: PH00 &#8211; PH0 &#8211; PH1 3 p\u0159esn\u00e9 bity, 4 mm (5\/32&#8243;) disk, slot SL: 2 &#8211; 3 &#8211; 4 mm 2 p\u0159esn\u00e9 bity, 4 mm (5\/32&#8243;) disk, T- [&hellip;]<\/p>\n","protected":false},"featured_media":71019,"comment_status":"open","ping_status":"open","template":"","meta":[],"product_brand":[],"product_cat":[85],"product_tag":[],"class_list":{"0":"post-70919","1":"product","2":"type-product","3":"status-publish","4":"has-post-thumbnail","6":"product_cat-rucn-237-n-225-rad-237-a-d-237-lna","8":"first","9":"instock","10":"sale","11":"shipping-taxable","12":"purchasable","13":"product-type-simple"},"yoast_head":"<!-- This site is optimized with the Yoast SEO plugin v26.8 - https:\/\/yoast.com\/product\/yoast-seo-wordpress\/ -->\n<title>Zna\u010dkov\u00fd BGS Sada n\u00e1str\u010dn\u00fdch hlavic na kl\u00ed\u010de a bity, s r\u00e1\u010dnovou oto\u010dnou rukojet\u00ed na bity, p\u0159ep\u00ednac\u00ed, -<\/title>\n<meta name=\"robots\" content=\"index, follow, max-snippet:-1, max-image-preview:large, max-video-preview:-1\" \/>\n<link rel=\"canonical\" href=\"https:\/\/www.koupeltech.com\/index.php\/produkt\/znackovy-bgs-sada-nastrcnych-hlavic-na-klice-a-bity-s-racnovou-otocnou-rukojeti-na-bity-prepinaci-70919\/\" \/>\n<meta property=\"og:locale\" content=\"cs_CZ\" \/>\n<meta property=\"og:type\" content=\"article\" \/>\n<meta property=\"og:title\" content=\"Zna\u010dkov\u00fd BGS Sada n\u00e1str\u010dn\u00fdch hlavic na kl\u00ed\u010de a bity, s r\u00e1\u010dnovou oto\u010dnou rukojet\u00ed na bity, p\u0159ep\u00ednac\u00ed, -\" \/>\n<meta property=\"og:description\" content=\"v plastov\u00e9m kuf\u0159\u00edku rozsah dod\u00e1vky: 1 magnetick\u00fd dr\u017e\u00e1k bit\u016f, 6,3 mm (1\/4&#8243;) mechanika, 4 mm (5\/32&#8243;) mechanika 3 p\u0159esn\u00e9 bity, 4 mm (5\/32&#8243;) mechanika, k\u0159\u00ed\u017eov\u00e1 dr\u00e1\u017eka PH: PH00 &#8211; PH0 &#8211; PH1 3 p\u0159esn\u00e9 bity, 4 mm (5\/32&#8243;) disk, slot SL: 2 &#8211; 3 &#8211; 4 mm 2 p\u0159esn\u00e9 bity, 4 mm (5\/32&#8243;) disk, T- [&hellip;]\" \/>\n<meta property=\"og:url\" content=\"https:\/\/www.koupeltech.com\/index.php\/produkt\/znackovy-bgs-sada-nastrcnych-hlavic-na-klice-a-bity-s-racnovou-otocnou-rukojeti-na-bity-prepinaci-70919\/\" \/>\n<meta property=\"og:image\" content=\"https:\/\/www.koupeltech.com\/wp-content\/uploads\/2026\/SK0022895-CZ20260425-093449-0-1777080896-bgs-sada-nastrcnych-hlavic-na-klice-a-bity-s-racnovou-otocn.webp\" \/>\n\t<meta property=\"og:image:width\" content=\"1000\" \/>\n\t<meta property=\"og:image:height\" content=\"525\" \/>\n\t<meta property=\"og:image:type\" content=\"image\/webp\" \/>\n<meta name=\"twitter:card\" content=\"summary_large_image\" \/>\n<meta name=\"twitter:label1\" content=\"Odhadovan\u00e1 doba \u010dten\u00ed\" \/>\n\t<meta name=\"twitter:data1\" content=\"1 minuta\" \/>\n<script type=\"application\/ld+json\" class=\"yoast-schema-graph\">{\"@context\":\"https:\/\/schema.org\",\"@graph\":[{\"@type\":\"WebPage\",\"@id\":\"https:\/\/www.koupeltech.com\/index.php\/produkt\/znackovy-bgs-sada-nastrcnych-hlavic-na-klice-a-bity-s-racnovou-otocnou-rukojeti-na-bity-prepinaci-70919\/\",\"url\":\"https:\/\/www.koupeltech.com\/index.php\/produkt\/znackovy-bgs-sada-nastrcnych-hlavic-na-klice-a-bity-s-racnovou-otocnou-rukojeti-na-bity-prepinaci-70919\/\",\"name\":\"Zna\u010dkov\u00fd BGS Sada n\u00e1str\u010dn\u00fdch hlavic na kl\u00ed\u010de a bity, s r\u00e1\u010dnovou oto\u010dnou rukojet\u00ed na bity, p\u0159ep\u00ednac\u00ed, -\",\"isPartOf\":{\"@id\":\"https:\/\/www.koupeltech.com\/#website\"},\"primaryImageOfPage\":{\"@id\":\"https:\/\/www.koupeltech.com\/index.php\/produkt\/znackovy-bgs-sada-nastrcnych-hlavic-na-klice-a-bity-s-racnovou-otocnou-rukojeti-na-bity-prepinaci-70919\/#primaryimage\"},\"image\":{\"@id\":\"https:\/\/www.koupeltech.com\/index.php\/produkt\/znackovy-bgs-sada-nastrcnych-hlavic-na-klice-a-bity-s-racnovou-otocnou-rukojeti-na-bity-prepinaci-70919\/#primaryimage\"},\"thumbnailUrl\":\"https:\/\/www.koupeltech.com\/wp-content\/uploads\/2026\/SK0022895-CZ20260425-093449-0-1777080896-bgs-sada-nastrcnych-hlavic-na-klice-a-bity-s-racnovou-otocn.webp\",\"datePublished\":\"2026-04-27T14:06:48+00:00\",\"breadcrumb\":{\"@id\":\"https:\/\/www.koupeltech.com\/index.php\/produkt\/znackovy-bgs-sada-nastrcnych-hlavic-na-klice-a-bity-s-racnovou-otocnou-rukojeti-na-bity-prepinaci-70919\/#breadcrumb\"},\"inLanguage\":\"cs\",\"potentialAction\":[{\"@type\":\"ReadAction\",\"target\":[\"https:\/\/www.koupeltech.com\/index.php\/produkt\/znackovy-bgs-sada-nastrcnych-hlavic-na-klice-a-bity-s-racnovou-otocnou-rukojeti-na-bity-prepinaci-70919\/\"]}]},{\"@type\":\"ImageObject\",\"inLanguage\":\"cs\",\"@id\":\"https:\/\/www.koupeltech.com\/index.php\/produkt\/znackovy-bgs-sada-nastrcnych-hlavic-na-klice-a-bity-s-racnovou-otocnou-rukojeti-na-bity-prepinaci-70919\/#primaryimage\",\"url\":\"https:\/\/www.koupeltech.com\/wp-content\/uploads\/2026\/SK0022895-CZ20260425-093449-0-1777080896-bgs-sada-nastrcnych-hlavic-na-klice-a-bity-s-racnovou-otocn.webp\",\"contentUrl\":\"https:\/\/www.koupeltech.com\/wp-content\/uploads\/2026\/SK0022895-CZ20260425-093449-0-1777080896-bgs-sada-nastrcnych-hlavic-na-klice-a-bity-s-racnovou-otocn.webp\",\"width\":1000,\"height\":525},{\"@type\":\"BreadcrumbList\",\"@id\":\"https:\/\/www.koupeltech.com\/index.php\/produkt\/znackovy-bgs-sada-nastrcnych-hlavic-na-klice-a-bity-s-racnovou-otocnou-rukojeti-na-bity-prepinaci-70919\/#breadcrumb\",\"itemListElement\":[{\"@type\":\"ListItem\",\"position\":1,\"name\":\"Home\",\"item\":\"https:\/\/www.koupeltech.com\/\"},{\"@type\":\"ListItem\",\"position\":2,\"name\":\"Products\",\"item\":\"https:\/\/www.koupeltech.com\/index.php\/products\/\"},{\"@type\":\"ListItem\",\"position\":3,\"name\":\"Zna\u010dkov\u00fd BGS Sada n\u00e1str\u010dn\u00fdch hlavic na kl\u00ed\u010de a bity, s r\u00e1\u010dnovou oto\u010dnou rukojet\u00ed na bity, p\u0159ep\u00ednac\u00ed,\"}]},{\"@type\":\"WebSite\",\"@id\":\"https:\/\/www.koupeltech.com\/#website\",\"url\":\"https:\/\/www.koupeltech.com\/\",\"name\":\"\",\"description\":\"\",\"potentialAction\":[{\"@type\":\"SearchAction\",\"target\":{\"@type\":\"EntryPoint\",\"urlTemplate\":\"https:\/\/www.koupeltech.com\/?s={search_term_string}\"},\"query-input\":{\"@type\":\"PropertyValueSpecification\",\"valueRequired\":true,\"valueName\":\"search_term_string\"}}],\"inLanguage\":\"cs\"}]}<\/script>\n<!-- \/ Yoast SEO plugin. -->","yoast_head_json":{"title":"Zna\u010dkov\u00fd BGS Sada n\u00e1str\u010dn\u00fdch hlavic na kl\u00ed\u010de a bity, s r\u00e1\u010dnovou oto\u010dnou rukojet\u00ed na bity, p\u0159ep\u00ednac\u00ed, -","robots":{"index":"index","follow":"follow","max-snippet":"max-snippet:-1","max-image-preview":"max-image-preview:large","max-video-preview":"max-video-preview:-1"},"canonical":"https:\/\/www.koupeltech.com\/index.php\/produkt\/znackovy-bgs-sada-nastrcnych-hlavic-na-klice-a-bity-s-racnovou-otocnou-rukojeti-na-bity-prepinaci-70919\/","og_locale":"cs_CZ","og_type":"article","og_title":"Zna\u010dkov\u00fd BGS Sada n\u00e1str\u010dn\u00fdch hlavic na kl\u00ed\u010de a bity, s r\u00e1\u010dnovou oto\u010dnou rukojet\u00ed na bity, p\u0159ep\u00ednac\u00ed, -","og_description":"v plastov\u00e9m kuf\u0159\u00edku rozsah dod\u00e1vky: 1 magnetick\u00fd dr\u017e\u00e1k bit\u016f, 6,3 mm (1\/4&#8243;) mechanika, 4 mm (5\/32&#8243;) mechanika 3 p\u0159esn\u00e9 bity, 4 mm (5\/32&#8243;) mechanika, k\u0159\u00ed\u017eov\u00e1 dr\u00e1\u017eka PH: PH00 &#8211; PH0 &#8211; PH1 3 p\u0159esn\u00e9 bity, 4 mm (5\/32&#8243;) disk, slot SL: 2 &#8211; 3 &#8211; 4 mm 2 p\u0159esn\u00e9 bity, 4 mm (5\/32&#8243;) disk, T- [&hellip;]","og_url":"https:\/\/www.koupeltech.com\/index.php\/produkt\/znackovy-bgs-sada-nastrcnych-hlavic-na-klice-a-bity-s-racnovou-otocnou-rukojeti-na-bity-prepinaci-70919\/","og_image":[{"width":1000,"height":525,"url":"https:\/\/www.koupeltech.com\/wp-content\/uploads\/2026\/SK0022895-CZ20260425-093449-0-1777080896-bgs-sada-nastrcnych-hlavic-na-klice-a-bity-s-racnovou-otocn.webp","type":"image\/webp"}],"twitter_card":"summary_large_image","twitter_misc":{"Odhadovan\u00e1 doba \u010dten\u00ed":"1 minuta"},"schema":{"@context":"https:\/\/schema.org","@graph":[{"@type":"WebPage","@id":"https:\/\/www.koupeltech.com\/index.php\/produkt\/znackovy-bgs-sada-nastrcnych-hlavic-na-klice-a-bity-s-racnovou-otocnou-rukojeti-na-bity-prepinaci-70919\/","url":"https:\/\/www.koupeltech.com\/index.php\/produkt\/znackovy-bgs-sada-nastrcnych-hlavic-na-klice-a-bity-s-racnovou-otocnou-rukojeti-na-bity-prepinaci-70919\/","name":"Zna\u010dkov\u00fd BGS Sada n\u00e1str\u010dn\u00fdch hlavic na kl\u00ed\u010de a bity, s r\u00e1\u010dnovou oto\u010dnou rukojet\u00ed na bity, p\u0159ep\u00ednac\u00ed, -","isPartOf":{"@id":"https:\/\/www.koupeltech.com\/#website"},"primaryImageOfPage":{"@id":"https:\/\/www.koupeltech.com\/index.php\/produkt\/znackovy-bgs-sada-nastrcnych-hlavic-na-klice-a-bity-s-racnovou-otocnou-rukojeti-na-bity-prepinaci-70919\/#primaryimage"},"image":{"@id":"https:\/\/www.koupeltech.com\/index.php\/produkt\/znackovy-bgs-sada-nastrcnych-hlavic-na-klice-a-bity-s-racnovou-otocnou-rukojeti-na-bity-prepinaci-70919\/#primaryimage"},"thumbnailUrl":"https:\/\/www.koupeltech.com\/wp-content\/uploads\/2026\/SK0022895-CZ20260425-093449-0-1777080896-bgs-sada-nastrcnych-hlavic-na-klice-a-bity-s-racnovou-otocn.webp","datePublished":"2026-04-27T14:06:48+00:00","breadcrumb":{"@id":"https:\/\/www.koupeltech.com\/index.php\/produkt\/znackovy-bgs-sada-nastrcnych-hlavic-na-klice-a-bity-s-racnovou-otocnou-rukojeti-na-bity-prepinaci-70919\/#breadcrumb"},"inLanguage":"cs","potentialAction":[{"@type":"ReadAction","target":["https:\/\/www.koupeltech.com\/index.php\/produkt\/znackovy-bgs-sada-nastrcnych-hlavic-na-klice-a-bity-s-racnovou-otocnou-rukojeti-na-bity-prepinaci-70919\/"]}]},{"@type":"ImageObject","inLanguage":"cs","@id":"https:\/\/www.koupeltech.com\/index.php\/produkt\/znackovy-bgs-sada-nastrcnych-hlavic-na-klice-a-bity-s-racnovou-otocnou-rukojeti-na-bity-prepinaci-70919\/#primaryimage","url":"https:\/\/www.koupeltech.com\/wp-content\/uploads\/2026\/SK0022895-CZ20260425-093449-0-1777080896-bgs-sada-nastrcnych-hlavic-na-klice-a-bity-s-racnovou-otocn.webp","contentUrl":"https:\/\/www.koupeltech.com\/wp-content\/uploads\/2026\/SK0022895-CZ20260425-093449-0-1777080896-bgs-sada-nastrcnych-hlavic-na-klice-a-bity-s-racnovou-otocn.webp","width":1000,"height":525},{"@type":"BreadcrumbList","@id":"https:\/\/www.koupeltech.com\/index.php\/produkt\/znackovy-bgs-sada-nastrcnych-hlavic-na-klice-a-bity-s-racnovou-otocnou-rukojeti-na-bity-prepinaci-70919\/#breadcrumb","itemListElement":[{"@type":"ListItem","position":1,"name":"Home","item":"https:\/\/www.koupeltech.com\/"},{"@type":"ListItem","position":2,"name":"Products","item":"https:\/\/www.koupeltech.com\/index.php\/products\/"},{"@type":"ListItem","position":3,"name":"Zna\u010dkov\u00fd BGS Sada n\u00e1str\u010dn\u00fdch hlavic na kl\u00ed\u010de a bity, s r\u00e1\u010dnovou oto\u010dnou rukojet\u00ed na bity, p\u0159ep\u00ednac\u00ed,"}]},{"@type":"WebSite","@id":"https:\/\/www.koupeltech.com\/#website","url":"https:\/\/www.koupeltech.com\/","name":"","description":"","potentialAction":[{"@type":"SearchAction","target":{"@type":"EntryPoint","urlTemplate":"https:\/\/www.koupeltech.com\/?s={search_term_string}"},"query-input":{"@type":"PropertyValueSpecification","valueRequired":true,"valueName":"search_term_string"}}],"inLanguage":"cs"}]}},"_links":{"self":[{"href":"https:\/\/www.koupeltech.com\/index.php\/wp-json\/wp\/v2\/product\/70919","targetHints":{"allow":["GET"]}}],"collection":[{"href":"https:\/\/www.koupeltech.com\/index.php\/wp-json\/wp\/v2\/product"}],"about":[{"href":"https:\/\/www.koupeltech.com\/index.php\/wp-json\/wp\/v2\/types\/product"}],"replies":[{"embeddable":true,"href":"https:\/\/www.koupeltech.com\/index.php\/wp-json\/wp\/v2\/comments?post=70919"}],"wp:featuredmedia":[{"embeddable":true,"href":"https:\/\/www.koupeltech.com\/index.php\/wp-json\/wp\/v2\/media\/71019"}],"wp:attachment":[{"href":"https:\/\/www.koupeltech.com\/index.php\/wp-json\/wp\/v2\/media?parent=70919"}],"wp:term":[{"taxonomy":"product_brand","embeddable":true,"href":"https:\/\/www.koupeltech.com\/index.php\/wp-json\/wp\/v2\/product_brand?post=70919"},{"taxonomy":"product_cat","embeddable":true,"href":"https:\/\/www.koupeltech.com\/index.php\/wp-json\/wp\/v2\/product_cat?post=70919"},{"taxonomy":"product_tag","embeddable":true,"href":"https:\/\/www.koupeltech.com\/index.php\/wp-json\/wp\/v2\/product_tag?post=70919"}],"curies":[{"name":"wp","href":"https:\/\/api.w.org\/{rel}","templated":true}]}}