{"id":7127,"date":"2026-04-27T13:56:54","date_gmt":"2026-04-27T13:56:54","guid":{"rendered":""},"modified":"2026-04-27T13:56:54","modified_gmt":"2026-04-27T13:56:54","slug":"akce-sikafloor-400n-elastic-r7032-c142-pl-6kg-7127","status":"publish","type":"product","link":"https:\/\/www.koupeltech.com\/index.php\/produkt\/akce-sikafloor-400n-elastic-r7032-c142-pl-6kg-7127\/","title":{"rendered":"Akce Sikafloor-400N Elastic R7032 C142 Pl 6KG"},"content":{"rendered":"<table>\n<div class=\"tab-pane active product-description\" id=\"popis\" role=\"tabpanel\">\n<div class=\"short-description\" itemprop=\"description\"><\/div>\n<div class=\"description\">\u25ba 1komponentn\u00ed polyuretanov\u00fd vysoce elastick\u00fd n\u00e1t\u011br<span class='bullet-line'>Sikafloor\u00ae-400 N Elastic je 1komponentn\u00ed, vysoce elastick\u00fd polyuretanov\u00fd n\u00e1t\u011br, s obsahem rozpou\u0161t\u011bdel, odoln\u00fd proti UV z\u00e1\u0159en\u00ed, vytvrzuje p\u016fsoben\u00edm vzdu\u0161n\u00e9 vlhkosti.<br \/><\/span><span class='bullet-line'>Vysoce elastick\u00fd<br \/><\/span><span class='bullet-line'>P\u0159eklenuje trhliny<br \/><\/span><span class='bullet-line'>Hydroizola\u010dn\u00ed<br \/><\/span><br \/>\u25ba Pou\u017eit\u00ed<span class='bullet-line'>Sikafloor\u00ae-400 N Elasticje vhodn\u00fd zvl\u00e1\u0161t\u011b pro:<br \/><\/span><span class='bullet-line'>Hladk\u00e9 nebo protiskluzn\u00e9, UV odoln\u00e9, vodot\u011bsn\u00e9, trhliny p\u0159emos\u0165uj\u00edc\u00ed n\u00e1t\u011bry na beton a na cementov\u00e9 st\u011brky<br \/><\/span><span class='bullet-line'>Lehk\u00e9 a\u017e st\u0159edn\u00ed mechanick\u00e9 zat\u00ed\u017een\u00ed Balkony, terasy, l\u00e1vky, schodi\u0161t\u011b apod.<br \/><\/span><span class='bullet-line'>Pe\u010det\u00edc\u00ed vrstva syst\u00e9mu ochrany spodn\u00edch vod &#8222;Sika Ground Water ProtectionSystem (I N)&#8220;<br \/><\/span> <br \/>\u25ba V\u00fdhody<span class='bullet-line'>Vysoce elastick\u00fd<br \/><\/span><span class='bullet-line'>P\u0159eklenuje trhliny<br \/><\/span><span class='bullet-line'>Hydroizola\u010dn\u00ed<br \/><\/span><span class='bullet-line'>Odoln\u00fd UV z\u00e1\u0159en\u00ed, ne\u017eloutne<br \/><\/span><span class='bullet-line'>Odoln\u00fd proti pov\u011btrnostn\u00edm vliv\u016fm<br \/><\/span><span class='bullet-line'>Odoln\u00fd abrazi (p\u0159i norm\u00e1ln\u00edm zat\u00ed\u017een\u00ed)<br \/><\/span><span class='bullet-line'>Pou\u017eiteln\u00fd pro protiskluzov\u00e9 povrchy<br \/><\/span><br \/>\u25ba Balen\u00ed 6 kg, 18 kg<\/p>\n<p>\u25ba Barva<span class='bullet-line'>Barevn\u00e1 kapalina. <br \/><\/span><span class='bullet-line'>Dostupn\u00fd v t\u00e9m\u011b\u0159 v\u0161ech odst\u00ednech.<br \/><\/span><br \/>\u25ba Chemick\u00e1 odolnost<span class='bullet-line'>Odoln\u00fd v\u016f\u010di mnoha chemik\u00e1li\u00edm. <br \/><\/span><span class='bullet-line'>Vy\u017e\u00e1dejte si pros\u00edm Tabulku odolnost\u00ed na technick\u00e9m odd\u011blen\u00ed firmy Sika. <br \/><\/span><span class='bullet-line'>Pozor: V\u00edno, k\u00e1va, \u010d\u00e1sti n\u011bkter\u00fdch rostlin (okv\u011btn\u00ed l\u00edstky, listy) mohou zp\u016fsobit zm\u011bnu barvy n\u00e1t\u011bru. to v\u0161ak nem\u00e1 \u017e\u00e1dn\u00fd vliv na jeho vlastnosti a \u017eivotnost. <br \/><\/span><span class='bullet-line'>Pro usnadn\u011bn\u00ed \u010di\u0161t\u011bn\u00ed a zv\u00fd\u0161en\u00ed odolnosti proti zne\u010di\u0161t\u011bn\u00ed aplikujte Sikafloor\u00ae-410.<br \/><\/span><br \/>\u25ba Teplotn\u00ed odolnost<br \/>Zat\u00ed\u017een\u00ed\tSuch\u00e9 teplo<br \/>Trval\u00e9\t+50 \u00b0C<br \/>Kr\u00e1tkodob\u00e9, max. 7dn\u00ed\t+80 \u00b0C<br \/>Kr\u00e1tkodob\u00e9, max. 8 hodin\t+100 \u00b0C<span class='bullet-line'>Bez sou\u010dasn\u00e9ho chemick\u00e9ho a mechanick\u00e9ho zat\u00ed\u017een\u00ed.<\/span><\/div>\n<div class=\"parameters\">\n<tr>\n<td>Chemick\u00e1 b\u00e1ze<\/td>\n<td>Polyuretan (PUR).<\/td>\n<\/tr>\n<tr>\n<td>Skladovatelnost<\/td>\n<td>6 m\u011bs\u00edc\u016f od data v\u00fdroby p\u0159i spln\u011bn\u00ed podm\u00ednek skladov\u00e1n\u00ed.<\/td>\n<\/tr>\n<tr>\n<td>Podm\u00ednky skladov\u00e1n\u00ed<\/td>\n<td>Skladujte pouze v origin\u00e1ln\u00edch, neotev\u0159en\u00fdch, nepo\u0161kozen\u00fdch obalech. Chra\u0148te p\u0159ed p\u0159\u00edm\u00fdm slune\u010dn\u00edm z\u00e1\u0159en\u00edm a mrazem. Skladujte v suchu a p\u0159i teplot\u00e1ch mezi +5 \u00b0C a +30 \u00b0C.<\/td>\n<\/tr>\n<tr>\n<td>Objemov\u00e1 hmotnost<\/td>\n<td>~ 1.6 kg\/l (DIN EN ISO 2811-1)<\/td>\n<\/tr>\n<tr>\n<td>Obsah su\u0161iny hmotnostn\u011b<\/td>\n<td>~ 88 %<\/td>\n<\/tr>\n<tr>\n<td>Obsah su\u0161iny objemov\u011b<\/td>\n<td>~ 77 %<\/td>\n<\/tr>\n<tr>\n<td>Teplota vzduchu v okol\u00ed<\/td>\n<td>+10 \u00b0C min. \/ +30 \u00b0C max.<\/td>\n<\/tr>\n<tr>\n<td>Relativn\u00ed vzdu\u0161n\u00e1 vlhkost<\/td>\n<td>80 % r.v. max. 35 % min. (pod +20 \u00b0C: 45 % min.)<\/td>\n<\/tr>\n<tr>\n<td>Rosn\u00fd bod<\/td>\n<td>Pozor na kondenzaci! Teplota podkladu a nevytvrzen\u00e9ho materi\u00e1lu mus\u00ed b\u00fdt minim\u00e1ln\u011b o 3 \u00b0C vy\u0161\u0161\u00ed ne\u017e je rosn\u00fd bod.<\/td>\n<\/tr>\n<tr>\n<td>Teplota podkladu<\/td>\n<td>+10 \u00b0C min. \/ +30 \u00b0C max.<\/td>\n<\/tr>\n<tr>\n<td>Obsah vlhkosti v podkladu<\/td>\n<td>4 % hmotnostn\u011b Testovac\u00ed metoda: Sika\u00ae-Tramex meter, CM &#8211; m\u011b\u0159en\u00ed nebo metoda Oven-dry. Nesm\u00ed doch\u00e1zet ke stoup\u00e1n\u00ed vlhkosti dle ASTM.<\/td>\n<\/tr>\n<tr>\n<td>Zpracovatelnost<\/td>\n<td>Materi\u00e1l v otev\u0159en\u00fdch obalech se mus\u00ed neprodlen\u011b spot\u0159ebovat. U otev\u0159en\u00fdch obal\u016f se na povrchu produktu vytvo\u0159\u00ed film v pr\u016fb\u011bhu 1-2 hodin. Materi\u00e1l proto p\u0159i vysok\u00fdch teplot\u00e1ch ve spojen\u00ed s vy\u0161\u0161\u00ed vlhkost\u00ed vzduchu velmi rychle schne.<\/td>\n<\/tr><\/div>\n<\/table>\n","protected":false},"excerpt":{"rendered":"<p>\u25ba 1komponentn\u00ed polyuretanov\u00fd vysoce elastick\u00fd n\u00e1t\u011brSikafloor\u00ae-400 N Elastic je 1komponentn\u00ed, vysoce elastick\u00fd polyuretanov\u00fd n\u00e1t\u011br, s obsahem rozpou\u0161t\u011bdel, odoln\u00fd proti UV z\u00e1\u0159en\u00ed, vytvrzuje p\u016fsoben\u00edm vzdu\u0161n\u00e9 vlhkosti.Vysoce elastick\u00fdP\u0159eklenuje trhlinyHydroizola\u010dn\u00ed\u25ba Pou\u017eit\u00edSikafloor\u00ae-400 N Elasticje vhodn\u00fd zvl\u00e1\u0161t\u011b pro:Hladk\u00e9 nebo protiskluzn\u00e9, UV odoln\u00e9, vodot\u011bsn\u00e9, trhliny p\u0159emos\u0165uj\u00edc\u00ed n\u00e1t\u011bry na beton a na cementov\u00e9 st\u011brkyLehk\u00e9 a\u017e st\u0159edn\u00ed mechanick\u00e9 zat\u00ed\u017een\u00ed Balkony, terasy, l\u00e1vky, schodi\u0161t\u011b [&hellip;]<\/p>\n","protected":false},"featured_media":7227,"comment_status":"open","ping_status":"open","template":"","meta":[],"product_brand":[],"product_cat":[40,42,41],"product_tag":[],"class_list":{"0":"post-7127","1":"product","2":"type-product","3":"status-publish","4":"has-post-thumbnail","6":"product_cat-barvy","7":"product_cat-chemie","8":"product_cat-laky","10":"first","11":"instock","12":"sale","13":"shipping-taxable","14":"purchasable","15":"product-type-simple"},"yoast_head":"<!-- This site is optimized with the Yoast SEO plugin v26.8 - https:\/\/yoast.com\/product\/yoast-seo-wordpress\/ -->\n<title>Akce Sikafloor-400N Elastic R7032 C142 Pl 6KG -<\/title>\n<meta name=\"robots\" content=\"index, follow, max-snippet:-1, max-image-preview:large, max-video-preview:-1\" \/>\n<link rel=\"canonical\" href=\"https:\/\/www.koupeltech.com\/index.php\/produkt\/akce-sikafloor-400n-elastic-r7032-c142-pl-6kg-7127\/\" \/>\n<meta property=\"og:locale\" content=\"cs_CZ\" \/>\n<meta property=\"og:type\" content=\"article\" \/>\n<meta property=\"og:title\" content=\"Akce Sikafloor-400N Elastic R7032 C142 Pl 6KG -\" \/>\n<meta property=\"og:description\" content=\"\u25ba 1komponentn\u00ed polyuretanov\u00fd vysoce elastick\u00fd n\u00e1t\u011brSikafloor\u00ae-400 N Elastic je 1komponentn\u00ed, vysoce elastick\u00fd polyuretanov\u00fd n\u00e1t\u011br, s obsahem rozpou\u0161t\u011bdel, odoln\u00fd proti UV z\u00e1\u0159en\u00ed, vytvrzuje p\u016fsoben\u00edm vzdu\u0161n\u00e9 vlhkosti.Vysoce elastick\u00fdP\u0159eklenuje trhlinyHydroizola\u010dn\u00ed\u25ba Pou\u017eit\u00edSikafloor\u00ae-400 N Elasticje vhodn\u00fd zvl\u00e1\u0161t\u011b pro:Hladk\u00e9 nebo protiskluzn\u00e9, UV odoln\u00e9, vodot\u011bsn\u00e9, trhliny p\u0159emos\u0165uj\u00edc\u00ed n\u00e1t\u011bry na beton a na cementov\u00e9 st\u011brkyLehk\u00e9 a\u017e st\u0159edn\u00ed mechanick\u00e9 zat\u00ed\u017een\u00ed Balkony, terasy, l\u00e1vky, schodi\u0161t\u011b [&hellip;]\" \/>\n<meta property=\"og:url\" content=\"https:\/\/www.koupeltech.com\/index.php\/produkt\/akce-sikafloor-400n-elastic-r7032-c142-pl-6kg-7127\/\" \/>\n<meta property=\"og:image\" content=\"https:\/\/www.koupeltech.com\/wp-content\/uploads\/2026\/SK0022689-CZ20260425-092328-0-1777080210-203_sikofloor-400-n-eleastic_4.webp\" \/>\n\t<meta property=\"og:image:width\" content=\"699\" \/>\n\t<meta property=\"og:image:height\" content=\"524\" \/>\n\t<meta property=\"og:image:type\" content=\"image\/webp\" \/>\n<meta name=\"twitter:card\" content=\"summary_large_image\" \/>\n<meta name=\"twitter:label1\" content=\"Odhadovan\u00e1 doba \u010dten\u00ed\" \/>\n\t<meta name=\"twitter:data1\" content=\"2 minuty\" \/>\n<script type=\"application\/ld+json\" class=\"yoast-schema-graph\">{\"@context\":\"https:\/\/schema.org\",\"@graph\":[{\"@type\":\"WebPage\",\"@id\":\"https:\/\/www.koupeltech.com\/index.php\/produkt\/akce-sikafloor-400n-elastic-r7032-c142-pl-6kg-7127\/\",\"url\":\"https:\/\/www.koupeltech.com\/index.php\/produkt\/akce-sikafloor-400n-elastic-r7032-c142-pl-6kg-7127\/\",\"name\":\"Akce Sikafloor-400N Elastic R7032 C142 Pl 6KG -\",\"isPartOf\":{\"@id\":\"https:\/\/www.koupeltech.com\/#website\"},\"primaryImageOfPage\":{\"@id\":\"https:\/\/www.koupeltech.com\/index.php\/produkt\/akce-sikafloor-400n-elastic-r7032-c142-pl-6kg-7127\/#primaryimage\"},\"image\":{\"@id\":\"https:\/\/www.koupeltech.com\/index.php\/produkt\/akce-sikafloor-400n-elastic-r7032-c142-pl-6kg-7127\/#primaryimage\"},\"thumbnailUrl\":\"https:\/\/www.koupeltech.com\/wp-content\/uploads\/2026\/SK0022689-CZ20260425-092328-0-1777080210-203_sikofloor-400-n-eleastic_4.webp\",\"datePublished\":\"2026-04-27T13:56:54+00:00\",\"breadcrumb\":{\"@id\":\"https:\/\/www.koupeltech.com\/index.php\/produkt\/akce-sikafloor-400n-elastic-r7032-c142-pl-6kg-7127\/#breadcrumb\"},\"inLanguage\":\"cs\",\"potentialAction\":[{\"@type\":\"ReadAction\",\"target\":[\"https:\/\/www.koupeltech.com\/index.php\/produkt\/akce-sikafloor-400n-elastic-r7032-c142-pl-6kg-7127\/\"]}]},{\"@type\":\"ImageObject\",\"inLanguage\":\"cs\",\"@id\":\"https:\/\/www.koupeltech.com\/index.php\/produkt\/akce-sikafloor-400n-elastic-r7032-c142-pl-6kg-7127\/#primaryimage\",\"url\":\"https:\/\/www.koupeltech.com\/wp-content\/uploads\/2026\/SK0022689-CZ20260425-092328-0-1777080210-203_sikofloor-400-n-eleastic_4.webp\",\"contentUrl\":\"https:\/\/www.koupeltech.com\/wp-content\/uploads\/2026\/SK0022689-CZ20260425-092328-0-1777080210-203_sikofloor-400-n-eleastic_4.webp\",\"width\":699,\"height\":524},{\"@type\":\"BreadcrumbList\",\"@id\":\"https:\/\/www.koupeltech.com\/index.php\/produkt\/akce-sikafloor-400n-elastic-r7032-c142-pl-6kg-7127\/#breadcrumb\",\"itemListElement\":[{\"@type\":\"ListItem\",\"position\":1,\"name\":\"Home\",\"item\":\"https:\/\/www.koupeltech.com\/\"},{\"@type\":\"ListItem\",\"position\":2,\"name\":\"Products\",\"item\":\"https:\/\/www.koupeltech.com\/index.php\/products\/\"},{\"@type\":\"ListItem\",\"position\":3,\"name\":\"Akce Sikafloor-400N Elastic R7032 C142 Pl 6KG\"}]},{\"@type\":\"WebSite\",\"@id\":\"https:\/\/www.koupeltech.com\/#website\",\"url\":\"https:\/\/www.koupeltech.com\/\",\"name\":\"\",\"description\":\"\",\"potentialAction\":[{\"@type\":\"SearchAction\",\"target\":{\"@type\":\"EntryPoint\",\"urlTemplate\":\"https:\/\/www.koupeltech.com\/?s={search_term_string}\"},\"query-input\":{\"@type\":\"PropertyValueSpecification\",\"valueRequired\":true,\"valueName\":\"search_term_string\"}}],\"inLanguage\":\"cs\"}]}<\/script>\n<!-- \/ Yoast SEO plugin. -->","yoast_head_json":{"title":"Akce Sikafloor-400N Elastic R7032 C142 Pl 6KG -","robots":{"index":"index","follow":"follow","max-snippet":"max-snippet:-1","max-image-preview":"max-image-preview:large","max-video-preview":"max-video-preview:-1"},"canonical":"https:\/\/www.koupeltech.com\/index.php\/produkt\/akce-sikafloor-400n-elastic-r7032-c142-pl-6kg-7127\/","og_locale":"cs_CZ","og_type":"article","og_title":"Akce Sikafloor-400N Elastic R7032 C142 Pl 6KG -","og_description":"\u25ba 1komponentn\u00ed polyuretanov\u00fd vysoce elastick\u00fd n\u00e1t\u011brSikafloor\u00ae-400 N Elastic je 1komponentn\u00ed, vysoce elastick\u00fd polyuretanov\u00fd n\u00e1t\u011br, s obsahem rozpou\u0161t\u011bdel, odoln\u00fd proti UV z\u00e1\u0159en\u00ed, vytvrzuje p\u016fsoben\u00edm vzdu\u0161n\u00e9 vlhkosti.Vysoce elastick\u00fdP\u0159eklenuje trhlinyHydroizola\u010dn\u00ed\u25ba Pou\u017eit\u00edSikafloor\u00ae-400 N Elasticje vhodn\u00fd zvl\u00e1\u0161t\u011b pro:Hladk\u00e9 nebo protiskluzn\u00e9, UV odoln\u00e9, vodot\u011bsn\u00e9, trhliny p\u0159emos\u0165uj\u00edc\u00ed n\u00e1t\u011bry na beton a na cementov\u00e9 st\u011brkyLehk\u00e9 a\u017e st\u0159edn\u00ed mechanick\u00e9 zat\u00ed\u017een\u00ed Balkony, terasy, l\u00e1vky, schodi\u0161t\u011b [&hellip;]","og_url":"https:\/\/www.koupeltech.com\/index.php\/produkt\/akce-sikafloor-400n-elastic-r7032-c142-pl-6kg-7127\/","og_image":[{"width":699,"height":524,"url":"https:\/\/www.koupeltech.com\/wp-content\/uploads\/2026\/SK0022689-CZ20260425-092328-0-1777080210-203_sikofloor-400-n-eleastic_4.webp","type":"image\/webp"}],"twitter_card":"summary_large_image","twitter_misc":{"Odhadovan\u00e1 doba \u010dten\u00ed":"2 minuty"},"schema":{"@context":"https:\/\/schema.org","@graph":[{"@type":"WebPage","@id":"https:\/\/www.koupeltech.com\/index.php\/produkt\/akce-sikafloor-400n-elastic-r7032-c142-pl-6kg-7127\/","url":"https:\/\/www.koupeltech.com\/index.php\/produkt\/akce-sikafloor-400n-elastic-r7032-c142-pl-6kg-7127\/","name":"Akce Sikafloor-400N Elastic R7032 C142 Pl 6KG -","isPartOf":{"@id":"https:\/\/www.koupeltech.com\/#website"},"primaryImageOfPage":{"@id":"https:\/\/www.koupeltech.com\/index.php\/produkt\/akce-sikafloor-400n-elastic-r7032-c142-pl-6kg-7127\/#primaryimage"},"image":{"@id":"https:\/\/www.koupeltech.com\/index.php\/produkt\/akce-sikafloor-400n-elastic-r7032-c142-pl-6kg-7127\/#primaryimage"},"thumbnailUrl":"https:\/\/www.koupeltech.com\/wp-content\/uploads\/2026\/SK0022689-CZ20260425-092328-0-1777080210-203_sikofloor-400-n-eleastic_4.webp","datePublished":"2026-04-27T13:56:54+00:00","breadcrumb":{"@id":"https:\/\/www.koupeltech.com\/index.php\/produkt\/akce-sikafloor-400n-elastic-r7032-c142-pl-6kg-7127\/#breadcrumb"},"inLanguage":"cs","potentialAction":[{"@type":"ReadAction","target":["https:\/\/www.koupeltech.com\/index.php\/produkt\/akce-sikafloor-400n-elastic-r7032-c142-pl-6kg-7127\/"]}]},{"@type":"ImageObject","inLanguage":"cs","@id":"https:\/\/www.koupeltech.com\/index.php\/produkt\/akce-sikafloor-400n-elastic-r7032-c142-pl-6kg-7127\/#primaryimage","url":"https:\/\/www.koupeltech.com\/wp-content\/uploads\/2026\/SK0022689-CZ20260425-092328-0-1777080210-203_sikofloor-400-n-eleastic_4.webp","contentUrl":"https:\/\/www.koupeltech.com\/wp-content\/uploads\/2026\/SK0022689-CZ20260425-092328-0-1777080210-203_sikofloor-400-n-eleastic_4.webp","width":699,"height":524},{"@type":"BreadcrumbList","@id":"https:\/\/www.koupeltech.com\/index.php\/produkt\/akce-sikafloor-400n-elastic-r7032-c142-pl-6kg-7127\/#breadcrumb","itemListElement":[{"@type":"ListItem","position":1,"name":"Home","item":"https:\/\/www.koupeltech.com\/"},{"@type":"ListItem","position":2,"name":"Products","item":"https:\/\/www.koupeltech.com\/index.php\/products\/"},{"@type":"ListItem","position":3,"name":"Akce Sikafloor-400N Elastic R7032 C142 Pl 6KG"}]},{"@type":"WebSite","@id":"https:\/\/www.koupeltech.com\/#website","url":"https:\/\/www.koupeltech.com\/","name":"","description":"","potentialAction":[{"@type":"SearchAction","target":{"@type":"EntryPoint","urlTemplate":"https:\/\/www.koupeltech.com\/?s={search_term_string}"},"query-input":{"@type":"PropertyValueSpecification","valueRequired":true,"valueName":"search_term_string"}}],"inLanguage":"cs"}]}},"_links":{"self":[{"href":"https:\/\/www.koupeltech.com\/index.php\/wp-json\/wp\/v2\/product\/7127","targetHints":{"allow":["GET"]}}],"collection":[{"href":"https:\/\/www.koupeltech.com\/index.php\/wp-json\/wp\/v2\/product"}],"about":[{"href":"https:\/\/www.koupeltech.com\/index.php\/wp-json\/wp\/v2\/types\/product"}],"replies":[{"embeddable":true,"href":"https:\/\/www.koupeltech.com\/index.php\/wp-json\/wp\/v2\/comments?post=7127"}],"wp:featuredmedia":[{"embeddable":true,"href":"https:\/\/www.koupeltech.com\/index.php\/wp-json\/wp\/v2\/media\/7227"}],"wp:attachment":[{"href":"https:\/\/www.koupeltech.com\/index.php\/wp-json\/wp\/v2\/media?parent=7127"}],"wp:term":[{"taxonomy":"product_brand","embeddable":true,"href":"https:\/\/www.koupeltech.com\/index.php\/wp-json\/wp\/v2\/product_brand?post=7127"},{"taxonomy":"product_cat","embeddable":true,"href":"https:\/\/www.koupeltech.com\/index.php\/wp-json\/wp\/v2\/product_cat?post=7127"},{"taxonomy":"product_tag","embeddable":true,"href":"https:\/\/www.koupeltech.com\/index.php\/wp-json\/wp\/v2\/product_tag?post=7127"}],"curies":[{"name":"wp","href":"https:\/\/api.w.org\/{rel}","templated":true}]}}