{"id":71546,"date":"2026-04-27T14:06:54","date_gmt":"2026-04-27T14:06:54","guid":{"rendered":""},"modified":"2026-04-27T14:06:54","modified_gmt":"2026-04-27T14:06:54","slug":"akce-jet-dryer-button-bily-71546","status":"publish","type":"product","link":"https:\/\/www.koupeltech.com\/index.php\/produkt\/akce-jet-dryer-button-bily-71546\/","title":{"rendered":"Akce Jet Dryer BUTTON B\u00edl\u00fd"},"content":{"rendered":"<div id=\"e5835372\" class=\"pages\">\n<div>\n<div id=\"PDDescription\" class=\"UserContentView userContent v1a v1 bs-view dcon dc164 PDDescription\" ><dc-con><dc-con><bs-empty><\/bs-empty><\/dc-con><dc-con>        <\/p>\n<div class=\"customDescription\">                    <\/div>\n<p><\/dc-con><dc-con><\/p>\n<div class=\"rowNewText\">\n<p>V\u00fdkonn\u00fd osou\u0161e\u010d rukou v&nbsp;antivandal proveden\u00ed Jet Dryer BUTTON v\u00e1s p\u0159ekvap\u00ed rychl\u00fdm vysou\u0161en\u00edm a oto\u010dnou tryskou. M\u016f\u017eete jej tak pou\u017e\u00edvat i k&nbsp;usu\u0161en\u00ed obli\u010deje nebo jako f\u00e9n na vlasy.<\/p>\n<\/div>\n<div class=\"rowNewText\">\n<h3>Maxim\u00e1ln\u011b odoln\u00fd v\u016f\u010di vandalismu<\/h3>\n<\/div>\n<div class=\"rowNewText\">\n<p>T\u011blo osou\u0161e\u010de Jet Dryer BUTTON je vyrobeno ze siln\u00e9ho a velmi hou\u017eevnat\u00e9ho kovu. M\u016f\u017eete si vybrat mezi proveden\u00edm z&nbsp;lakovan\u00e9ho kovu nebo nerezov\u00e9 oceli. Kryt je fixov\u00e1n pomoc\u00ed bezpe\u010dnostn\u00edch \u0161roub\u016f. Pod osou\u0161e\u010d nen\u00ed mo\u017en\u00e9 nic zasunout a strhnout jej ze zdi.<\/p>\n<\/div>\n<div class=\"rowNewText\">\n<p>Do chodu se osou\u0161e\u010d BUTTON uv\u00e1d\u00ed pomoc\u00ed masivn\u00edho kovov\u00e9ho tla\u010d\u00edtka odol\u00e1vaj\u00edc\u00edho vandalismu.<\/p>\n<\/div>\n<div class=\"rowNewText\">\n<h3>\u0160irok\u00e1 oto\u010dn\u00e1 tryska<\/h3>\n<\/div>\n<div class=\"rowNewText\">\n<p>BUTTON je vybaven tryskou s&nbsp;mo\u017enost\u00ed oto\u010den\u00ed o 360 stup\u0148\u016f. Slou\u017e\u00ed tak nejen k&nbsp;vysou\u0161en\u00ed vlas\u016f, ale i obli\u010deje, plnohodnotn\u011b tak nahrazuje drah\u00e9 a neekologick\u00e9 ubrousky. Pokud namontujete vysou\u0161e\u010d v\u00fd\u0161e, je mo\u017en\u00e9 jej pou\u017e\u00edvat jako f\u00e9n k&nbsp;vysou\u0161en\u00ed vlas\u016f. Tryska je vyrobena z&nbsp;pochromovan\u00e9 zinkov\u00e9 slitiny.<\/p>\n<\/div>\n<div class=\"rowNewText\">\n<h3>Nastaviteln\u00fd \u010das fouk\u00e1n\u00ed<\/h3>\n<\/div>\n<div class=\"rowNewText\">\n<p>Po stisknut\u00ed tla\u010d\u00edtka se osou\u0161e\u010d uvede do chodu po provozovatelem ur\u010denou dobu v&nbsp;rozp\u011bt\u00ed 12\u201395 sekund. Nastaven\u00ed \u010dasu vysou\u0161en\u00ed je plynul\u00e9 a dostupn\u00e9 po sund\u00e1n\u00ed krytu.<\/p>\n<\/div>\n<div class=\"rowNewText\">\n<h3>Snadn\u00e1 \u00fadr\u017eba<\/h3>\n<\/div>\n<div class=\"rowNewText\">\n<p>D\u00edky zakulacen\u00fdm tvar\u016fm osou\u0161e\u010de je pravideln\u00e1 \u00fadr\u017eba snadn\u00e1 a jednoduch\u00e1. P\u0159\u00edstroj sta\u010d\u00ed pouze ut\u0159\u00edt vlhk\u00fdm had\u0159\u00edkem s&nbsp;neutr\u00e1ln\u00edm sapon\u00e1tem a n\u00e1sledn\u011b vysu\u0161it m\u011bkkou ut\u011brkou.<\/p>\n<\/div>\n<p><\/dc-con><\/dc-con><\/div>\n<div id=\"PDDescription2\" class=\"UserContentView userContent v1a v1 bs-view dcon dc165 PDDescription2\" >\n<table class='techparam_table'>\n<tr>\n<td>Model<\/td>\n<td>Jet Dryer BUTTON<\/td>\n<\/tr>\n<tr>\n<td>Pou\u017eit\u00ed<\/td>\n<td>Vhodn\u00fd do vysoce frekventovan\u00fdch provoz\u016f, odoln\u00fd proti vandal\u016fm<\/td>\n<\/tr>\n<tr>\n<td>Z\u00e1ruka<\/td>\n<td>2 roky<\/td>\n<\/tr>\n<tr>\n<td>Zp\u016fsob upevn\u011bn\u00ed &#8211; instalace<\/td>\n<td>N\u00e1st\u011bnn\u00e1<\/td>\n<\/tr>\n<tr>\n<td>Hlu\u010dnost &#8211; hladina zvuku<\/td>\n<td>78 dB<\/td>\n<\/tr>\n<tr>\n<td>Povrchov\u00e1 \u00faprava- barevn\u00e9 proveden\u00ed<\/td>\n<td>B\u00edl\u00fd lak \/ Kart\u00e1\u010dovan\u00fd nerez \/ \u010cern\u00fd lak matn\u00fd<\/td>\n<\/tr>\n<tr>\n<td>Ovl\u00e1dac\u00ed prvky<\/td>\n<td>Nastaven\u00ed \u010dasu vysou\u0161en\u00ed<\/td>\n<\/tr>\n<tr>\n<td>Indikace stavu<\/td>\n<td>Ne<\/td>\n<\/tr>\n<tr>\n<td>Spou\u0161t\u011bc\u00ed syst\u00e9m<\/td>\n<td>Zapnut\u00ed tla\u010d\u00edtkem, vypnut\u00ed automaticky<\/td>\n<\/tr>\n<tr>\n<td>Spou\u0161t\u011bc\u00ed vzd\u00e1lenost<\/td>\n<td>15-20 cm<\/td>\n<\/tr>\n<tr>\n<td>Oh\u0159ev vzduchu<\/td>\n<td>Ano<\/td>\n<\/tr>\n<tr>\n<td>Pr\u016ftok vzduchu<\/td>\n<td>59 l\/s<\/td>\n<\/tr>\n<tr>\n<td>Proud vzduchu<\/td>\n<td>23 m\/s<\/td>\n<\/tr>\n<tr>\n<td>UV sterilizace<\/td>\n<td>Ne<\/td>\n<\/tr>\n<tr>\n<td>Standardn\u00ed filtr vzduchu<\/td>\n<td>Ne<\/td>\n<\/tr>\n<tr>\n<td>Vstupn\u00ed nap\u011bt\u00ed <\/td>\n<td>AC 220-240 V<\/td>\n<\/tr>\n<tr>\n<td>Frekvence<\/td>\n<td>50\/60 Hz<\/td>\n<\/tr>\n<tr>\n<td>P\u0159\u00edkon<\/td>\n<td>2300 W<\/td>\n<\/tr>\n<tr>\n<td>V\u00fdkon topn\u00e9ho t\u011blesa<\/td>\n<td>1250 W<\/td>\n<\/tr>\n<tr>\n<td>V\u00fdkon Motoru<\/td>\n<td>250 W<\/td>\n<\/tr>\n<tr>\n<td>Typ motoru<\/td>\n<td>S\u00e9riov\u00fd komut\u00e1torov\u00fd AC<\/td>\n<\/tr>\n<tr>\n<td>Proudov\u00fd odb\u011br<\/td>\n<td>10 A<\/td>\n<\/tr>\n<tr>\n<td>Pohotovostn\u00ed re\u017eim &#8211; standby<\/td>\n<td>< 2 W<\/td>\n<\/tr>\n<tr>\n<td>Nap\u00e1jec\u00ed kabel<\/td>\n<td>Z\u00e1str\u010dka CEE 7\/7<\/td>\n<\/tr>\n<tr>\n<td>D\u00e9lka nap\u00e1jec\u00edho kabelu<\/td>\n<td>80 cm<\/td>\n<\/tr>\n<tr>\n<td>Ochrana p\u0159ed p\u0159\u00edli\u0161 dlouh\u00fdm pou\u017eit\u00edm<\/td>\n<td>Ano<\/td>\n<\/tr>\n<tr>\n<td>Nadproudov\u00e1 ochrana, proti p\u0159eh\u0159\u00e1t\u00ed a zkratu<\/td>\n<td>Ano<\/td>\n<\/tr>\n<tr>\n<td>T\u0159\u00edda el. ochrany<\/td>\n<td>I. (ochrann\u00fd vodi\u010d)<\/td>\n<\/tr>\n<tr>\n<td>Stupe\u0148 kryt\u00ed<\/td>\n<td>IP23<\/td>\n<\/tr>\n<tr>\n<td>Rozm\u011bry p\u0159\u00edstroje <\/td>\n<td>245x280x215 mm (v\/\u0161\/h)<\/td>\n<\/tr>\n<tr>\n<td>Hmotnost p\u0159\u00edstroje<\/td>\n<td>Kov 5,3 kg\/ Nerez 5 kg<\/td>\n<\/tr>\n<tr>\n<td>Zp\u016fsob balen\u00ed<\/td>\n<td>Ochrann\u00e1 f\u00f3lie, polystyr\u00e9nov\u00fd obal, kartonov\u00fd box<\/td>\n<\/tr>\n<tr>\n<td>\u0160\u00ed\u0159ka obalu (cm)<\/td>\n<td>25<\/td>\n<\/tr>\n<tr>\n<td>V\u00fd\u0161ka obalu (cm)<\/td>\n<td>31<\/td>\n<\/tr>\n<tr>\n<td>Hloubka obalu (cm)<\/td>\n<td>24<\/td>\n<\/tr>\n<tr>\n<td>Rozm\u011bry balen\u00ed <\/td>\n<td>310x250x240 mm<\/td>\n<\/tr>\n<tr>\n<td>K\u00f3d zbo\u017e\u00ed TARIC<\/td>\n<td>85163300<\/td>\n<\/tr>\n<tr>\n<td>Typ<\/td>\n<td>Horkovzdu\u0161n\u00fd<\/td>\n<\/tr>\n<tr>\n<td>Materi\u00e1l krytu<\/td>\n<td>Kov<\/td>\n<\/tr>\n<tr>\n<td>Materi\u00e1l krytu<\/td>\n<td>Kov<\/td>\n<\/tr>\n<tr>\n<td>Materi\u00e1l krytu<\/td>\n<td>Kov<\/td>\n<\/tr>\n<tr>\n<td>V\u00e1ha v\u010d. obalu (kg)<\/td>\n<td>5,65<\/td>\n<\/tr>\n<tr>\n<td>V\u00e1ha v\u010d. obalu (kg)<\/td>\n<td>5,65<\/td>\n<\/tr>\n<tr>\n<td>V\u00e1ha v\u010d. obalu (kg)<\/td>\n<td>5,65<\/td>\n<\/tr>\n<tr>\n<td>V\u00e1ha v\u010d. obalu (kg)<\/td>\n<td>5,65<\/td>\n<\/tr>\n<tr>\n<td>Materi\u00e1l krytu<\/td>\n<td>Kov<\/td>\n<\/tr>\n<\/table>\n<\/div><\/div>\n<div id=\"PDTable3\" class=\"ProductDetailTableView v3a v3 bs-view dcon dc185 PDTable3\" >\n<table>\n<thead><\/thead>\n<tbody>\n<tr class=\"attribute attr_Pouziti\">\n<td class=\"caption\">Pou\u017eit\u00ed<\/td>\n<td class=\"value\">Vhodn\u00fd do vysoce frekventovan\u00fdch provoz\u016f, odoln\u00fd proti vandal\u016fm<\/td>\n<\/tr>\n<tr class=\"attribute attr_bsshop_maker\">\n<td class=\"caption\">V\u00fdrobce<\/td>\n<td class=\"value\">Jet Dryer<\/td>\n<\/tr>\n<tr class=\"attribute attr_prikon\">\n<td class=\"caption\">P\u0159\u00edkon &#8211; kW<\/td>\n<td class=\"value\">2300<\/td>\n<\/tr>\n<tr class=\"attribute attr_Instalace\">\n<td class=\"caption\">Instalace<\/td>\n<td class=\"value\">N\u00e1st\u011bnn\u00e1<\/td>\n<\/tr>\n<\/tbody>\n<\/table>\n<\/div>\n<div id=\"ProductMedia\" class=\"ProductMediaView MediaViewBase v1a v1 bs-view dcon dc409 ProductMedia\" ><bs-empty><\/bs-empty><\/p>\n<div class=\"files\">\n<div class=\"title sub\">Soubory<\/div>\n<p><a href=\"\/media\/1568\/tabulka-porovnani-horkovzdusnych-vysousecu-jet-dryer-4.pdf?&amp;key=ZGpmIyQwNUZfMTU2OA==\" class=\"pdf\">Tabulka porovnani horkovzdusnych vysousecu Jet Dryer (4)<\/a><a href=\"\/media\/1590\/fotky-jet-dryer-button-360.zip?&amp;key=ZGpmIyQwNUZfMTU5MA==\" class=\"zip\">Fotky-Jet-Dryer-BUTTON-360.zip<\/a><a href=\"\/media\/1604\/letak-vysousece-jet-dryer.pdf?&amp;key=ZGpmIyQwNUZfMTYwNA==\" class=\"pdf\">Letak vysousece Jet Dryer<\/a><a href=\"\/media\/1607\/navod-jet-dryer-button-sk.pdf?&amp;key=ZGpmIyQwNUZfMTYwNw==\" class=\"pdf\">Navod Jet Dryer BUTTON SK<\/a><a href=\"\/media\/1717\/3d-model-jet-dryer-button.zip?&amp;key=ZGpmIyQwNUZfMTcxNw==\" class=\"zip\">3D-model-Jet-Dryer-BUTTON.zip<\/a><a href=\"\/media\/1737\/navod-jet-dryer-button-cz.pdf?&amp;key=ZGpmIyQwNUZfMTczNw==\" class=\"pdf\">Navod Jet Dryer BUTTON CZ<\/a><\/div>\n<p><bs-empty><\/bs-empty><\/div>\n<\/div>\n<div id=\"e5835373\" class=\"tabs\">\n","protected":false},"excerpt":{"rendered":"<p>V\u00fdkonn\u00fd osou\u0161e\u010d rukou v&nbsp;antivandal proveden\u00ed Jet Dryer BUTTON v\u00e1s p\u0159ekvap\u00ed rychl\u00fdm vysou\u0161en\u00edm a oto\u010dnou tryskou. M\u016f\u017eete jej tak pou\u017e\u00edvat i k&nbsp;usu\u0161en\u00ed obli\u010deje nebo jako f\u00e9n na vlasy. Maxim\u00e1ln\u011b odoln\u00fd v\u016f\u010di vandalismu T\u011blo osou\u0161e\u010de Jet Dryer BUTTON je vyrobeno ze siln\u00e9ho a velmi hou\u017eevnat\u00e9ho kovu. M\u016f\u017eete si vybrat mezi proveden\u00edm z&nbsp;lakovan\u00e9ho kovu nebo nerezov\u00e9 oceli. Kryt [&hellip;]<\/p>\n","protected":false},"featured_media":71646,"comment_status":"open","ping_status":"open","template":"","meta":[],"product_brand":[],"product_cat":[94],"product_tag":[],"class_list":{"0":"post-71546","1":"product","2":"type-product","3":"status-publish","4":"has-post-thumbnail","6":"product_cat-vybaven-237-koupelny","8":"first","9":"instock","10":"sale","11":"shipping-taxable","12":"purchasable","13":"product-type-simple"},"yoast_head":"<!-- This site is optimized with the Yoast SEO plugin v26.8 - https:\/\/yoast.com\/product\/yoast-seo-wordpress\/ -->\n<title>Akce Jet Dryer BUTTON B\u00edl\u00fd -<\/title>\n<meta name=\"robots\" content=\"index, follow, max-snippet:-1, max-image-preview:large, max-video-preview:-1\" \/>\n<link rel=\"canonical\" href=\"https:\/\/www.koupeltech.com\/index.php\/produkt\/akce-jet-dryer-button-bily-71546\/\" \/>\n<meta property=\"og:locale\" content=\"cs_CZ\" \/>\n<meta property=\"og:type\" content=\"article\" \/>\n<meta property=\"og:title\" content=\"Akce Jet Dryer BUTTON B\u00edl\u00fd -\" \/>\n<meta property=\"og:description\" content=\"V\u00fdkonn\u00fd osou\u0161e\u010d rukou v&nbsp;antivandal proveden\u00ed Jet Dryer BUTTON v\u00e1s p\u0159ekvap\u00ed rychl\u00fdm vysou\u0161en\u00edm a oto\u010dnou tryskou. M\u016f\u017eete jej tak pou\u017e\u00edvat i k&nbsp;usu\u0161en\u00ed obli\u010deje nebo jako f\u00e9n na vlasy. Maxim\u00e1ln\u011b odoln\u00fd v\u016f\u010di vandalismu T\u011blo osou\u0161e\u010de Jet Dryer BUTTON je vyrobeno ze siln\u00e9ho a velmi hou\u017eevnat\u00e9ho kovu. M\u016f\u017eete si vybrat mezi proveden\u00edm z&nbsp;lakovan\u00e9ho kovu nebo nerezov\u00e9 oceli. Kryt [&hellip;]\" \/>\n<meta property=\"og:url\" content=\"https:\/\/www.koupeltech.com\/index.php\/produkt\/akce-jet-dryer-button-bily-71546\/\" \/>\n<meta property=\"og:image\" content=\"https:\/\/www.koupeltech.com\/wp-content\/uploads\/2026\/SK0023232-CZ20260425-093449-0-1777080896-jet-dryer-button-bily.webp\" \/>\n\t<meta property=\"og:image:width\" content=\"1000\" \/>\n\t<meta property=\"og:image:height\" content=\"525\" \/>\n\t<meta property=\"og:image:type\" content=\"image\/webp\" \/>\n<meta name=\"twitter:card\" content=\"summary_large_image\" \/>\n<meta name=\"twitter:label1\" content=\"Odhadovan\u00e1 doba \u010dten\u00ed\" \/>\n\t<meta name=\"twitter:data1\" content=\"3 minuty\" \/>\n<script type=\"application\/ld+json\" class=\"yoast-schema-graph\">{\"@context\":\"https:\/\/schema.org\",\"@graph\":[{\"@type\":\"WebPage\",\"@id\":\"https:\/\/www.koupeltech.com\/index.php\/produkt\/akce-jet-dryer-button-bily-71546\/\",\"url\":\"https:\/\/www.koupeltech.com\/index.php\/produkt\/akce-jet-dryer-button-bily-71546\/\",\"name\":\"Akce Jet Dryer BUTTON B\u00edl\u00fd -\",\"isPartOf\":{\"@id\":\"https:\/\/www.koupeltech.com\/#website\"},\"primaryImageOfPage\":{\"@id\":\"https:\/\/www.koupeltech.com\/index.php\/produkt\/akce-jet-dryer-button-bily-71546\/#primaryimage\"},\"image\":{\"@id\":\"https:\/\/www.koupeltech.com\/index.php\/produkt\/akce-jet-dryer-button-bily-71546\/#primaryimage\"},\"thumbnailUrl\":\"https:\/\/www.koupeltech.com\/wp-content\/uploads\/2026\/SK0023232-CZ20260425-093449-0-1777080896-jet-dryer-button-bily.webp\",\"datePublished\":\"2026-04-27T14:06:54+00:00\",\"breadcrumb\":{\"@id\":\"https:\/\/www.koupeltech.com\/index.php\/produkt\/akce-jet-dryer-button-bily-71546\/#breadcrumb\"},\"inLanguage\":\"cs\",\"potentialAction\":[{\"@type\":\"ReadAction\",\"target\":[\"https:\/\/www.koupeltech.com\/index.php\/produkt\/akce-jet-dryer-button-bily-71546\/\"]}]},{\"@type\":\"ImageObject\",\"inLanguage\":\"cs\",\"@id\":\"https:\/\/www.koupeltech.com\/index.php\/produkt\/akce-jet-dryer-button-bily-71546\/#primaryimage\",\"url\":\"https:\/\/www.koupeltech.com\/wp-content\/uploads\/2026\/SK0023232-CZ20260425-093449-0-1777080896-jet-dryer-button-bily.webp\",\"contentUrl\":\"https:\/\/www.koupeltech.com\/wp-content\/uploads\/2026\/SK0023232-CZ20260425-093449-0-1777080896-jet-dryer-button-bily.webp\",\"width\":1000,\"height\":525},{\"@type\":\"BreadcrumbList\",\"@id\":\"https:\/\/www.koupeltech.com\/index.php\/produkt\/akce-jet-dryer-button-bily-71546\/#breadcrumb\",\"itemListElement\":[{\"@type\":\"ListItem\",\"position\":1,\"name\":\"Home\",\"item\":\"https:\/\/www.koupeltech.com\/\"},{\"@type\":\"ListItem\",\"position\":2,\"name\":\"Products\",\"item\":\"https:\/\/www.koupeltech.com\/index.php\/products\/\"},{\"@type\":\"ListItem\",\"position\":3,\"name\":\"Akce Jet Dryer BUTTON B\u00edl\u00fd\"}]},{\"@type\":\"WebSite\",\"@id\":\"https:\/\/www.koupeltech.com\/#website\",\"url\":\"https:\/\/www.koupeltech.com\/\",\"name\":\"\",\"description\":\"\",\"potentialAction\":[{\"@type\":\"SearchAction\",\"target\":{\"@type\":\"EntryPoint\",\"urlTemplate\":\"https:\/\/www.koupeltech.com\/?s={search_term_string}\"},\"query-input\":{\"@type\":\"PropertyValueSpecification\",\"valueRequired\":true,\"valueName\":\"search_term_string\"}}],\"inLanguage\":\"cs\"}]}<\/script>\n<!-- \/ Yoast SEO plugin. -->","yoast_head_json":{"title":"Akce Jet Dryer BUTTON B\u00edl\u00fd -","robots":{"index":"index","follow":"follow","max-snippet":"max-snippet:-1","max-image-preview":"max-image-preview:large","max-video-preview":"max-video-preview:-1"},"canonical":"https:\/\/www.koupeltech.com\/index.php\/produkt\/akce-jet-dryer-button-bily-71546\/","og_locale":"cs_CZ","og_type":"article","og_title":"Akce Jet Dryer BUTTON B\u00edl\u00fd -","og_description":"V\u00fdkonn\u00fd osou\u0161e\u010d rukou v&nbsp;antivandal proveden\u00ed Jet Dryer BUTTON v\u00e1s p\u0159ekvap\u00ed rychl\u00fdm vysou\u0161en\u00edm a oto\u010dnou tryskou. M\u016f\u017eete jej tak pou\u017e\u00edvat i k&nbsp;usu\u0161en\u00ed obli\u010deje nebo jako f\u00e9n na vlasy. Maxim\u00e1ln\u011b odoln\u00fd v\u016f\u010di vandalismu T\u011blo osou\u0161e\u010de Jet Dryer BUTTON je vyrobeno ze siln\u00e9ho a velmi hou\u017eevnat\u00e9ho kovu. M\u016f\u017eete si vybrat mezi proveden\u00edm z&nbsp;lakovan\u00e9ho kovu nebo nerezov\u00e9 oceli. Kryt [&hellip;]","og_url":"https:\/\/www.koupeltech.com\/index.php\/produkt\/akce-jet-dryer-button-bily-71546\/","og_image":[{"width":1000,"height":525,"url":"https:\/\/www.koupeltech.com\/wp-content\/uploads\/2026\/SK0023232-CZ20260425-093449-0-1777080896-jet-dryer-button-bily.webp","type":"image\/webp"}],"twitter_card":"summary_large_image","twitter_misc":{"Odhadovan\u00e1 doba \u010dten\u00ed":"3 minuty"},"schema":{"@context":"https:\/\/schema.org","@graph":[{"@type":"WebPage","@id":"https:\/\/www.koupeltech.com\/index.php\/produkt\/akce-jet-dryer-button-bily-71546\/","url":"https:\/\/www.koupeltech.com\/index.php\/produkt\/akce-jet-dryer-button-bily-71546\/","name":"Akce Jet Dryer BUTTON B\u00edl\u00fd -","isPartOf":{"@id":"https:\/\/www.koupeltech.com\/#website"},"primaryImageOfPage":{"@id":"https:\/\/www.koupeltech.com\/index.php\/produkt\/akce-jet-dryer-button-bily-71546\/#primaryimage"},"image":{"@id":"https:\/\/www.koupeltech.com\/index.php\/produkt\/akce-jet-dryer-button-bily-71546\/#primaryimage"},"thumbnailUrl":"https:\/\/www.koupeltech.com\/wp-content\/uploads\/2026\/SK0023232-CZ20260425-093449-0-1777080896-jet-dryer-button-bily.webp","datePublished":"2026-04-27T14:06:54+00:00","breadcrumb":{"@id":"https:\/\/www.koupeltech.com\/index.php\/produkt\/akce-jet-dryer-button-bily-71546\/#breadcrumb"},"inLanguage":"cs","potentialAction":[{"@type":"ReadAction","target":["https:\/\/www.koupeltech.com\/index.php\/produkt\/akce-jet-dryer-button-bily-71546\/"]}]},{"@type":"ImageObject","inLanguage":"cs","@id":"https:\/\/www.koupeltech.com\/index.php\/produkt\/akce-jet-dryer-button-bily-71546\/#primaryimage","url":"https:\/\/www.koupeltech.com\/wp-content\/uploads\/2026\/SK0023232-CZ20260425-093449-0-1777080896-jet-dryer-button-bily.webp","contentUrl":"https:\/\/www.koupeltech.com\/wp-content\/uploads\/2026\/SK0023232-CZ20260425-093449-0-1777080896-jet-dryer-button-bily.webp","width":1000,"height":525},{"@type":"BreadcrumbList","@id":"https:\/\/www.koupeltech.com\/index.php\/produkt\/akce-jet-dryer-button-bily-71546\/#breadcrumb","itemListElement":[{"@type":"ListItem","position":1,"name":"Home","item":"https:\/\/www.koupeltech.com\/"},{"@type":"ListItem","position":2,"name":"Products","item":"https:\/\/www.koupeltech.com\/index.php\/products\/"},{"@type":"ListItem","position":3,"name":"Akce Jet Dryer BUTTON B\u00edl\u00fd"}]},{"@type":"WebSite","@id":"https:\/\/www.koupeltech.com\/#website","url":"https:\/\/www.koupeltech.com\/","name":"","description":"","potentialAction":[{"@type":"SearchAction","target":{"@type":"EntryPoint","urlTemplate":"https:\/\/www.koupeltech.com\/?s={search_term_string}"},"query-input":{"@type":"PropertyValueSpecification","valueRequired":true,"valueName":"search_term_string"}}],"inLanguage":"cs"}]}},"_links":{"self":[{"href":"https:\/\/www.koupeltech.com\/index.php\/wp-json\/wp\/v2\/product\/71546","targetHints":{"allow":["GET"]}}],"collection":[{"href":"https:\/\/www.koupeltech.com\/index.php\/wp-json\/wp\/v2\/product"}],"about":[{"href":"https:\/\/www.koupeltech.com\/index.php\/wp-json\/wp\/v2\/types\/product"}],"replies":[{"embeddable":true,"href":"https:\/\/www.koupeltech.com\/index.php\/wp-json\/wp\/v2\/comments?post=71546"}],"wp:featuredmedia":[{"embeddable":true,"href":"https:\/\/www.koupeltech.com\/index.php\/wp-json\/wp\/v2\/media\/71646"}],"wp:attachment":[{"href":"https:\/\/www.koupeltech.com\/index.php\/wp-json\/wp\/v2\/media?parent=71546"}],"wp:term":[{"taxonomy":"product_brand","embeddable":true,"href":"https:\/\/www.koupeltech.com\/index.php\/wp-json\/wp\/v2\/product_brand?post=71546"},{"taxonomy":"product_cat","embeddable":true,"href":"https:\/\/www.koupeltech.com\/index.php\/wp-json\/wp\/v2\/product_cat?post=71546"},{"taxonomy":"product_tag","embeddable":true,"href":"https:\/\/www.koupeltech.com\/index.php\/wp-json\/wp\/v2\/product_tag?post=71546"}],"curies":[{"name":"wp","href":"https:\/\/api.w.org\/{rel}","templated":true}]}}