{"id":71551,"date":"2026-04-27T14:06:54","date_gmt":"2026-04-27T14:06:54","guid":{"rendered":""},"modified":"2026-04-27T14:06:54","modified_gmt":"2026-04-27T14:06:54","slug":"akce-jet-dryer-dynamic-bily-kov-71551","status":"publish","type":"product","link":"https:\/\/www.koupeltech.com\/index.php\/produkt\/akce-jet-dryer-dynamic-bily-kov-71551\/","title":{"rendered":"Akce Jet Dryer DYNAMIC B\u00edl\u00fd kov"},"content":{"rendered":"<div id=\"e5837560\" class=\"pages\">\n<div>\n<div id=\"PDDescription\" class=\"UserContentView userContent v1a v1 bs-view dcon dc164 PDDescription\" ><dc-con><dc-con><bs-empty><\/bs-empty><\/dc-con><dc-con>        <\/p>\n<div class=\"customDescription\">                    <\/div>\n<p><\/dc-con><dc-con><\/p>\n<div class=\"rowNewText\">\n<p>DYNAMIC je jedin\u00fd osou\u0161e\u010d rukou z&nbsp;\u0159ady Jet Dryer vybaven\u00fd HEPA filtrem. Siln\u011b dimenzovan\u00fd motor v&nbsp;prostorn\u00e9m kovov\u00e9m krytu p\u0159edur\u010duje tento osou\u0161e\u010d do provoz\u016f s&nbsp;velmi frekventovan\u00fdm provozem. Oh\u0159ev vzduchu se sp\u00edn\u00e1 automaticky dle okoln\u00ed teploty.<\/p>\n<\/div>\n<div class=\"rowNewText\">\n<h3>Maxim\u00e1ln\u011b hygienick\u00fd provoz d\u00edky HEPA filtru<\/h3>\n<\/div>\n<div class=\"rowNewText\">\n<p>Jet Dryer DYNAMIC je jedin\u00fd horkovzdu\u0161n\u00fd vysou\u0161e\u010d na trhu vybaven\u00fd HEPA filtrem. D\u00edky tomu je vzduch vyfukovan\u00fd na ruce v\u017edy maxim\u00e1ln\u011b hygienick\u00fd a nez\u00e1vadn\u00fd. HEPA filtr zachyt\u00ed a\u017e 99,97% bakterii vir\u016f a dal\u0161\u00edch drobn\u00fdch \u010d\u00e1stic. Osou\u0161e\u010d je naprosto bezkontaktn\u00ed, aktivuje se automaticky po vlo\u017een\u00ed rukou pod p\u0159\u00edstroj. Zaoblen\u00fd design krytu umo\u017e\u0148uje snadn\u00e9 \u010di\u0161t\u011bn\u00ed.<\/p>\n<\/div>\n<div class=\"rowNewText\">\n<h3>Antivandal proveden\u00ed \u2013 nerez nebo b\u00edl\u00fd lak<\/h3>\n<\/div>\n<div class=\"rowNewText\">\n<p>M\u016f\u017eete si vybrat rovnou ze dvou povrchov\u00fdch \u00faprav, le\u0161t\u011bn\u00e9 nerezov\u00e9 oceli 304 nebo b\u00edl\u00e9ho laku. V&nbsp;obou p\u0159\u00edpadech je kryt osou\u0161e\u010de velmi odoln\u00fd. Tento osou\u0161e\u010d m\u016f\u017eete bez obav pou\u017e\u00edt i na toalet\u00e1ch, kde by bylo pou\u017eit\u00ed &nbsp;p\u0159\u00edstroje v&nbsp;m\u00e9n\u011b odoln\u00e9m proveden\u00ed probl\u00e9mov\u00e9.<\/p>\n<\/div>\n<div class=\"rowNewText\">\n<h3>DYNAMIC je rychl\u00fd<\/h3>\n<\/div>\n<div class=\"rowNewText\">\n<p>Vzduch vych\u00e1z\u00ed z&nbsp;Jet Dryer DYNAMIC rychlost\u00ed 70 m\/s. Ruce jsou tak vysu\u0161eny za m\u00e9n\u011b ne\u017e 15 vte\u0159in. I p\u0159es velkou rychlost vzduchu je d\u00edky pou\u017eit\u00e9 vnit\u0159n\u00ed konstrukci osou\u0161e\u010d velmi tich\u00fd.<\/p>\n<\/div>\n<div class=\"rowNewText\">\n<h3>Inteligentn\u00ed oh\u0159ev vzduchu<\/h3>\n<\/div>\n<div class=\"rowNewText\">\n<p>Jet Dryer Dynamic je vybaven automatick\u00fdm oh\u0159evem vzduchu. V&nbsp;p\u0159\u00edpad\u011b, \u017ee je teplota v&nbsp;m\u00edstnosti ni\u017e\u0161\u00ed, ne\u017e 25&nbsp;\u00b0C, dojde k&nbsp;zapnut\u00ed topn\u00e9 spir\u00e1ly. V&nbsp;p\u0159\u00edpad\u011b, \u017ee je teplota v&nbsp;m\u00edstnosti vy\u0161\u0161\u00ed, topn\u00e1 spir\u00e1la je vypnut\u00e1 a osou\u0161e\u010d tak \u0161et\u0159\u00ed energii. Osou\u0161e\u010d rukou Dynamic je mo\u017en\u00e9 p\u0159enastavit do re\u017eimu trval\u00e9ho oh\u0159evu.<\/p>\n<\/div>\n<p><\/dc-con><\/dc-con><\/div>\n<div id=\"PDDescription2\" class=\"UserContentView userContent v1a v1 bs-view dcon dc165 PDDescription2\" >\n<table class='techparam_table'>\n<tr>\n<td>Model<\/td>\n<td>Jet Dryer DYNAMIC<\/td>\n<\/tr>\n<tr>\n<td>Pou\u017eit\u00ed<\/td>\n<td>Vhodn\u00fd do v\u0161ech typ\u016f provoz\u016f<\/td>\n<\/tr>\n<tr>\n<td>Z\u00e1ruka<\/td>\n<td>3 roky<\/td>\n<\/tr>\n<tr>\n<td>Zp\u016fsob upevn\u011bn\u00ed &#8211; instalace<\/td>\n<td>N\u00e1st\u011bnn\u00e1<\/td>\n<\/tr>\n<tr>\n<td>Hlu\u010dnost &#8211; hladina zvuku<\/td>\n<td>70 dB<\/td>\n<\/tr>\n<tr>\n<td>Povrchov\u00e1 \u00faprava- barevn\u00e9 proveden\u00ed<\/td>\n<td>B\u00edl\u00fd lak \/ Kart\u00e1\u010dovan\u00fd nerez<\/td>\n<\/tr>\n<tr>\n<td>Ovl\u00e1dac\u00ed prvky<\/td>\n<td>Ne<\/td>\n<\/tr>\n<tr>\n<td>Indikace stavu<\/td>\n<td>Ne<\/td>\n<\/tr>\n<tr>\n<td>Spou\u0161t\u011bc\u00ed syst\u00e9m<\/td>\n<td>Automatick\u00fd- infra\u010derven\u00fd<\/td>\n<\/tr>\n<tr>\n<td>Spou\u0161t\u011bc\u00ed vzd\u00e1lenost<\/td>\n<td>15-20 cm<\/td>\n<\/tr>\n<tr>\n<td>Oh\u0159ev vzduchu<\/td>\n<td>Automaticky dle okoln\u00ed teploty\/ trvale zapnuto<\/td>\n<\/tr>\n<tr>\n<td>Pr\u016ftok vzduchu<\/td>\n<td>34.3 l\/s<\/td>\n<\/tr>\n<tr>\n<td>Proud vzduchu<\/td>\n<td>70 m\/s<\/td>\n<\/tr>\n<tr>\n<td>UV sterilizace<\/td>\n<td>Ne<\/td>\n<\/tr>\n<tr>\n<td>Standardn\u00ed filtr vzduchu<\/td>\n<td>HEPA filtr<\/td>\n<\/tr>\n<tr>\n<td>Vstupn\u00ed nap\u011bt\u00ed <\/td>\n<td>AC 220-240 V<\/td>\n<\/tr>\n<tr>\n<td>Frekvence<\/td>\n<td>50\/60 Hz<\/td>\n<\/tr>\n<tr>\n<td>P\u0159\u00edkon<\/td>\n<td>1200-1450 W<\/td>\n<\/tr>\n<tr>\n<td>V\u00fdkon topn\u00e9ho t\u011blesa<\/td>\n<td>650-750 W<\/td>\n<\/tr>\n<tr>\n<td>V\u00fdkon Motoru<\/td>\n<td>550 W<\/td>\n<\/tr>\n<tr>\n<td>Typ motoru<\/td>\n<td>S\u00e9riov\u00fd komut\u00e1torov\u00fd AC<\/td>\n<\/tr>\n<tr>\n<td>Proudov\u00fd odb\u011br<\/td>\n<td>6,9 A<\/td>\n<\/tr>\n<tr>\n<td>Pohotovostn\u00ed re\u017eim &#8211; standby<\/td>\n<td>< 2 W<\/td>\n<\/tr>\n<tr>\n<td>Nap\u00e1jec\u00ed kabel<\/td>\n<td>Z\u00e1str\u010dka CEE 7\/7<\/td>\n<\/tr>\n<tr>\n<td>D\u00e9lka nap\u00e1jec\u00edho kabelu<\/td>\n<td>140 cm<\/td>\n<\/tr>\n<tr>\n<td>Ochrana p\u0159ed p\u0159\u00edli\u0161 dlouh\u00fdm pou\u017eit\u00edm<\/td>\n<td>Ano<\/td>\n<\/tr>\n<tr>\n<td>Nadproudov\u00e1 ochrana, proti p\u0159eh\u0159\u00e1t\u00ed a zkratu<\/td>\n<td>Ano<\/td>\n<\/tr>\n<tr>\n<td>T\u0159\u00edda el. ochrany<\/td>\n<td>I. (ochrann\u00fd vodi\u010d)<\/td>\n<\/tr>\n<tr>\n<td>Stupe\u0148 kryt\u00ed<\/td>\n<td>IPX1<\/td>\n<\/tr>\n<tr>\n<td>Rozm\u011bry p\u0159\u00edstroje <\/td>\n<td>312x302x172 mm<\/td>\n<\/tr>\n<tr>\n<td>Hmotnost p\u0159\u00edstroje<\/td>\n<td>4,1 kg<\/td>\n<\/tr>\n<tr>\n<td>V\u00e1ha v\u010d. obalu (kg)<\/td>\n<td>4,8<\/td>\n<\/tr>\n<tr>\n<td>Zp\u016fsob balen\u00ed<\/td>\n<td>Ochrann\u00e1 f\u00f3lie, polystyr\u00e9nov\u00fd obal, kartonov\u00fd box<\/td>\n<\/tr>\n<tr>\n<td>\u0160\u00ed\u0159ka obalu (cm)<\/td>\n<td>20,5<\/td>\n<\/tr>\n<tr>\n<td>V\u00fd\u0161ka obalu (cm)<\/td>\n<td>34<\/td>\n<\/tr>\n<tr>\n<td>Hloubka obalu (cm)<\/td>\n<td>35,5<\/td>\n<\/tr>\n<tr>\n<td>Rozm\u011bry balen\u00ed <\/td>\n<td>340x205x355 mm<\/td>\n<\/tr>\n<tr>\n<td>K\u00f3d zbo\u017e\u00ed TARIC<\/td>\n<td>85163300<\/td>\n<\/tr>\n<tr>\n<td>Typ<\/td>\n<td>Horkovzdu\u0161n\u00fd<\/td>\n<\/tr>\n<tr>\n<td>Materi\u00e1l krytu<\/td>\n<td>Kov<\/td>\n<\/tr>\n<tr>\n<td>Materi\u00e1l krytu<\/td>\n<td>Kov<\/td>\n<\/tr>\n<tr>\n<td>Materi\u00e1l krytu<\/td>\n<td>Kov<\/td>\n<\/tr>\n<\/table>\n<\/div><\/div>\n<div id=\"PDTable3\" class=\"ProductDetailTableView v3a v3 bs-view dcon dc185 PDTable3\" >\n<table>\n<thead><\/thead>\n<tbody>\n<tr class=\"attribute attr_Pouziti\">\n<td class=\"caption\">Pou\u017eit\u00ed<\/td>\n<td class=\"value\">Vhodn\u00fd do v\u0161ech typ\u016f provoz\u016f<\/td>\n<\/tr>\n<tr class=\"attribute attr_bsshop_maker\">\n<td class=\"caption\">V\u00fdrobce<\/td>\n<td class=\"value\">Jet Dryer<\/td>\n<\/tr>\n<tr class=\"attribute attr_prikon\">\n<td class=\"caption\">P\u0159\u00edkon &#8211; kW<\/td>\n<td class=\"value\">12001450<\/td>\n<\/tr>\n<tr class=\"attribute attr_Instalace\">\n<td class=\"caption\">Instalace<\/td>\n<td class=\"value\">N\u00e1st\u011bnn\u00e1<\/td>\n<\/tr>\n<\/tbody>\n<\/table>\n<\/div>\n<div id=\"ProductMedia\" class=\"ProductMediaView MediaViewBase v1a v1 bs-view dcon dc409 ProductMedia\" ><bs-empty><\/bs-empty><\/p>\n<div class=\"files\">\n<div class=\"title sub\">Soubory<\/div>\n<p><a href=\"\/media\/1571\/fotky-jet-dryer-dynamic-360.zip?&amp;key=ZGpmIyQwNUZfMTU3MQ==\" class=\"zip\">Fotky Jet Dryer DYNAMIC 360<\/a><a href=\"\/media\/1624\/letak-vysousece-jet-dryer-4.pdf?&amp;key=ZGpmIyQwNUZfMTYyNA==\" class=\"pdf\">Letak vysousece Jet Dryer(4)<\/a><a href=\"\/media\/1632\/tabulka-porovnani-horkovzdusnych-vysousecu-jet-dryer-5.pdf?&amp;key=ZGpmIyQwNUZfMTYzMg==\" class=\"pdf\">Tabulka porovnani horkovzdusnych vysousecu Jet Dryer (5)<\/a><a href=\"\/media\/1633\/navod-jet-dryer-dynamic-cz.pdf?&amp;key=ZGpmIyQwNUZfMTYzMw==\" class=\"pdf\">Navod Jet Dryer DYNAMIC CZ<\/a><a href=\"\/media\/1706\/navod-jet-dryer-dynamic-sk.pdf?&amp;key=ZGpmIyQwNUZfMTcwNg==\" class=\"pdf\">Navod Jet Dryer DYNAMIC SK<\/a><a href=\"\/media\/1729\/3d-model-jet-dryer-dynamic.zip?&amp;key=ZGpmIyQwNUZfMTcyOQ==\" class=\"zip\">3D-model-Jet-Dryer-DYNAMIC.zip<\/a><\/div>\n<p><bs-empty><\/bs-empty><\/div>\n<\/div>\n<div id=\"e5837561\" class=\"tabs\">\n","protected":false},"excerpt":{"rendered":"<p>DYNAMIC je jedin\u00fd osou\u0161e\u010d rukou z&nbsp;\u0159ady Jet Dryer vybaven\u00fd HEPA filtrem. Siln\u011b dimenzovan\u00fd motor v&nbsp;prostorn\u00e9m kovov\u00e9m krytu p\u0159edur\u010duje tento osou\u0161e\u010d do provoz\u016f s&nbsp;velmi frekventovan\u00fdm provozem. Oh\u0159ev vzduchu se sp\u00edn\u00e1 automaticky dle okoln\u00ed teploty. Maxim\u00e1ln\u011b hygienick\u00fd provoz d\u00edky HEPA filtru Jet Dryer DYNAMIC je jedin\u00fd horkovzdu\u0161n\u00fd vysou\u0161e\u010d na trhu vybaven\u00fd HEPA filtrem. D\u00edky tomu je vzduch [&hellip;]<\/p>\n","protected":false},"featured_media":71651,"comment_status":"open","ping_status":"open","template":"","meta":[],"product_brand":[],"product_cat":[94],"product_tag":[],"class_list":{"0":"post-71551","1":"product","2":"type-product","3":"status-publish","4":"has-post-thumbnail","6":"product_cat-vybaven-237-koupelny","8":"first","9":"instock","10":"sale","11":"shipping-taxable","12":"purchasable","13":"product-type-simple"},"yoast_head":"<!-- This site is optimized with the Yoast SEO plugin v26.8 - https:\/\/yoast.com\/product\/yoast-seo-wordpress\/ -->\n<title>Akce Jet Dryer DYNAMIC B\u00edl\u00fd kov -<\/title>\n<meta name=\"robots\" content=\"index, follow, max-snippet:-1, max-image-preview:large, max-video-preview:-1\" \/>\n<link rel=\"canonical\" href=\"https:\/\/www.koupeltech.com\/index.php\/produkt\/akce-jet-dryer-dynamic-bily-kov-71551\/\" \/>\n<meta property=\"og:locale\" content=\"cs_CZ\" \/>\n<meta property=\"og:type\" content=\"article\" \/>\n<meta property=\"og:title\" content=\"Akce Jet Dryer DYNAMIC B\u00edl\u00fd kov -\" \/>\n<meta property=\"og:description\" content=\"DYNAMIC je jedin\u00fd osou\u0161e\u010d rukou z&nbsp;\u0159ady Jet Dryer vybaven\u00fd HEPA filtrem. Siln\u011b dimenzovan\u00fd motor v&nbsp;prostorn\u00e9m kovov\u00e9m krytu p\u0159edur\u010duje tento osou\u0161e\u010d do provoz\u016f s&nbsp;velmi frekventovan\u00fdm provozem. Oh\u0159ev vzduchu se sp\u00edn\u00e1 automaticky dle okoln\u00ed teploty. Maxim\u00e1ln\u011b hygienick\u00fd provoz d\u00edky HEPA filtru Jet Dryer DYNAMIC je jedin\u00fd horkovzdu\u0161n\u00fd vysou\u0161e\u010d na trhu vybaven\u00fd HEPA filtrem. D\u00edky tomu je vzduch [&hellip;]\" \/>\n<meta property=\"og:url\" content=\"https:\/\/www.koupeltech.com\/index.php\/produkt\/akce-jet-dryer-dynamic-bily-kov-71551\/\" \/>\n<meta property=\"og:image\" content=\"https:\/\/www.koupeltech.com\/wp-content\/uploads\/2026\/SK0023237-CZ20260425-093449-0-1777080896-jet-dryer-dynamic-bily-kov.webp\" \/>\n\t<meta property=\"og:image:width\" content=\"1000\" \/>\n\t<meta property=\"og:image:height\" content=\"525\" \/>\n\t<meta property=\"og:image:type\" content=\"image\/webp\" \/>\n<meta name=\"twitter:card\" content=\"summary_large_image\" \/>\n<meta name=\"twitter:label1\" content=\"Odhadovan\u00e1 doba \u010dten\u00ed\" \/>\n\t<meta name=\"twitter:data1\" content=\"3 minuty\" \/>\n<script type=\"application\/ld+json\" class=\"yoast-schema-graph\">{\"@context\":\"https:\/\/schema.org\",\"@graph\":[{\"@type\":\"WebPage\",\"@id\":\"https:\/\/www.koupeltech.com\/index.php\/produkt\/akce-jet-dryer-dynamic-bily-kov-71551\/\",\"url\":\"https:\/\/www.koupeltech.com\/index.php\/produkt\/akce-jet-dryer-dynamic-bily-kov-71551\/\",\"name\":\"Akce Jet Dryer DYNAMIC B\u00edl\u00fd kov -\",\"isPartOf\":{\"@id\":\"https:\/\/www.koupeltech.com\/#website\"},\"primaryImageOfPage\":{\"@id\":\"https:\/\/www.koupeltech.com\/index.php\/produkt\/akce-jet-dryer-dynamic-bily-kov-71551\/#primaryimage\"},\"image\":{\"@id\":\"https:\/\/www.koupeltech.com\/index.php\/produkt\/akce-jet-dryer-dynamic-bily-kov-71551\/#primaryimage\"},\"thumbnailUrl\":\"https:\/\/www.koupeltech.com\/wp-content\/uploads\/2026\/SK0023237-CZ20260425-093449-0-1777080896-jet-dryer-dynamic-bily-kov.webp\",\"datePublished\":\"2026-04-27T14:06:54+00:00\",\"breadcrumb\":{\"@id\":\"https:\/\/www.koupeltech.com\/index.php\/produkt\/akce-jet-dryer-dynamic-bily-kov-71551\/#breadcrumb\"},\"inLanguage\":\"cs\",\"potentialAction\":[{\"@type\":\"ReadAction\",\"target\":[\"https:\/\/www.koupeltech.com\/index.php\/produkt\/akce-jet-dryer-dynamic-bily-kov-71551\/\"]}]},{\"@type\":\"ImageObject\",\"inLanguage\":\"cs\",\"@id\":\"https:\/\/www.koupeltech.com\/index.php\/produkt\/akce-jet-dryer-dynamic-bily-kov-71551\/#primaryimage\",\"url\":\"https:\/\/www.koupeltech.com\/wp-content\/uploads\/2026\/SK0023237-CZ20260425-093449-0-1777080896-jet-dryer-dynamic-bily-kov.webp\",\"contentUrl\":\"https:\/\/www.koupeltech.com\/wp-content\/uploads\/2026\/SK0023237-CZ20260425-093449-0-1777080896-jet-dryer-dynamic-bily-kov.webp\",\"width\":1000,\"height\":525},{\"@type\":\"BreadcrumbList\",\"@id\":\"https:\/\/www.koupeltech.com\/index.php\/produkt\/akce-jet-dryer-dynamic-bily-kov-71551\/#breadcrumb\",\"itemListElement\":[{\"@type\":\"ListItem\",\"position\":1,\"name\":\"Home\",\"item\":\"https:\/\/www.koupeltech.com\/\"},{\"@type\":\"ListItem\",\"position\":2,\"name\":\"Products\",\"item\":\"https:\/\/www.koupeltech.com\/index.php\/products\/\"},{\"@type\":\"ListItem\",\"position\":3,\"name\":\"Akce Jet Dryer DYNAMIC B\u00edl\u00fd kov\"}]},{\"@type\":\"WebSite\",\"@id\":\"https:\/\/www.koupeltech.com\/#website\",\"url\":\"https:\/\/www.koupeltech.com\/\",\"name\":\"\",\"description\":\"\",\"potentialAction\":[{\"@type\":\"SearchAction\",\"target\":{\"@type\":\"EntryPoint\",\"urlTemplate\":\"https:\/\/www.koupeltech.com\/?s={search_term_string}\"},\"query-input\":{\"@type\":\"PropertyValueSpecification\",\"valueRequired\":true,\"valueName\":\"search_term_string\"}}],\"inLanguage\":\"cs\"}]}<\/script>\n<!-- \/ Yoast SEO plugin. -->","yoast_head_json":{"title":"Akce Jet Dryer DYNAMIC B\u00edl\u00fd kov -","robots":{"index":"index","follow":"follow","max-snippet":"max-snippet:-1","max-image-preview":"max-image-preview:large","max-video-preview":"max-video-preview:-1"},"canonical":"https:\/\/www.koupeltech.com\/index.php\/produkt\/akce-jet-dryer-dynamic-bily-kov-71551\/","og_locale":"cs_CZ","og_type":"article","og_title":"Akce Jet Dryer DYNAMIC B\u00edl\u00fd kov -","og_description":"DYNAMIC je jedin\u00fd osou\u0161e\u010d rukou z&nbsp;\u0159ady Jet Dryer vybaven\u00fd HEPA filtrem. Siln\u011b dimenzovan\u00fd motor v&nbsp;prostorn\u00e9m kovov\u00e9m krytu p\u0159edur\u010duje tento osou\u0161e\u010d do provoz\u016f s&nbsp;velmi frekventovan\u00fdm provozem. Oh\u0159ev vzduchu se sp\u00edn\u00e1 automaticky dle okoln\u00ed teploty. Maxim\u00e1ln\u011b hygienick\u00fd provoz d\u00edky HEPA filtru Jet Dryer DYNAMIC je jedin\u00fd horkovzdu\u0161n\u00fd vysou\u0161e\u010d na trhu vybaven\u00fd HEPA filtrem. D\u00edky tomu je vzduch [&hellip;]","og_url":"https:\/\/www.koupeltech.com\/index.php\/produkt\/akce-jet-dryer-dynamic-bily-kov-71551\/","og_image":[{"width":1000,"height":525,"url":"https:\/\/www.koupeltech.com\/wp-content\/uploads\/2026\/SK0023237-CZ20260425-093449-0-1777080896-jet-dryer-dynamic-bily-kov.webp","type":"image\/webp"}],"twitter_card":"summary_large_image","twitter_misc":{"Odhadovan\u00e1 doba \u010dten\u00ed":"3 minuty"},"schema":{"@context":"https:\/\/schema.org","@graph":[{"@type":"WebPage","@id":"https:\/\/www.koupeltech.com\/index.php\/produkt\/akce-jet-dryer-dynamic-bily-kov-71551\/","url":"https:\/\/www.koupeltech.com\/index.php\/produkt\/akce-jet-dryer-dynamic-bily-kov-71551\/","name":"Akce Jet Dryer DYNAMIC B\u00edl\u00fd kov -","isPartOf":{"@id":"https:\/\/www.koupeltech.com\/#website"},"primaryImageOfPage":{"@id":"https:\/\/www.koupeltech.com\/index.php\/produkt\/akce-jet-dryer-dynamic-bily-kov-71551\/#primaryimage"},"image":{"@id":"https:\/\/www.koupeltech.com\/index.php\/produkt\/akce-jet-dryer-dynamic-bily-kov-71551\/#primaryimage"},"thumbnailUrl":"https:\/\/www.koupeltech.com\/wp-content\/uploads\/2026\/SK0023237-CZ20260425-093449-0-1777080896-jet-dryer-dynamic-bily-kov.webp","datePublished":"2026-04-27T14:06:54+00:00","breadcrumb":{"@id":"https:\/\/www.koupeltech.com\/index.php\/produkt\/akce-jet-dryer-dynamic-bily-kov-71551\/#breadcrumb"},"inLanguage":"cs","potentialAction":[{"@type":"ReadAction","target":["https:\/\/www.koupeltech.com\/index.php\/produkt\/akce-jet-dryer-dynamic-bily-kov-71551\/"]}]},{"@type":"ImageObject","inLanguage":"cs","@id":"https:\/\/www.koupeltech.com\/index.php\/produkt\/akce-jet-dryer-dynamic-bily-kov-71551\/#primaryimage","url":"https:\/\/www.koupeltech.com\/wp-content\/uploads\/2026\/SK0023237-CZ20260425-093449-0-1777080896-jet-dryer-dynamic-bily-kov.webp","contentUrl":"https:\/\/www.koupeltech.com\/wp-content\/uploads\/2026\/SK0023237-CZ20260425-093449-0-1777080896-jet-dryer-dynamic-bily-kov.webp","width":1000,"height":525},{"@type":"BreadcrumbList","@id":"https:\/\/www.koupeltech.com\/index.php\/produkt\/akce-jet-dryer-dynamic-bily-kov-71551\/#breadcrumb","itemListElement":[{"@type":"ListItem","position":1,"name":"Home","item":"https:\/\/www.koupeltech.com\/"},{"@type":"ListItem","position":2,"name":"Products","item":"https:\/\/www.koupeltech.com\/index.php\/products\/"},{"@type":"ListItem","position":3,"name":"Akce Jet Dryer DYNAMIC B\u00edl\u00fd kov"}]},{"@type":"WebSite","@id":"https:\/\/www.koupeltech.com\/#website","url":"https:\/\/www.koupeltech.com\/","name":"","description":"","potentialAction":[{"@type":"SearchAction","target":{"@type":"EntryPoint","urlTemplate":"https:\/\/www.koupeltech.com\/?s={search_term_string}"},"query-input":{"@type":"PropertyValueSpecification","valueRequired":true,"valueName":"search_term_string"}}],"inLanguage":"cs"}]}},"_links":{"self":[{"href":"https:\/\/www.koupeltech.com\/index.php\/wp-json\/wp\/v2\/product\/71551","targetHints":{"allow":["GET"]}}],"collection":[{"href":"https:\/\/www.koupeltech.com\/index.php\/wp-json\/wp\/v2\/product"}],"about":[{"href":"https:\/\/www.koupeltech.com\/index.php\/wp-json\/wp\/v2\/types\/product"}],"replies":[{"embeddable":true,"href":"https:\/\/www.koupeltech.com\/index.php\/wp-json\/wp\/v2\/comments?post=71551"}],"wp:featuredmedia":[{"embeddable":true,"href":"https:\/\/www.koupeltech.com\/index.php\/wp-json\/wp\/v2\/media\/71651"}],"wp:attachment":[{"href":"https:\/\/www.koupeltech.com\/index.php\/wp-json\/wp\/v2\/media?parent=71551"}],"wp:term":[{"taxonomy":"product_brand","embeddable":true,"href":"https:\/\/www.koupeltech.com\/index.php\/wp-json\/wp\/v2\/product_brand?post=71551"},{"taxonomy":"product_cat","embeddable":true,"href":"https:\/\/www.koupeltech.com\/index.php\/wp-json\/wp\/v2\/product_cat?post=71551"},{"taxonomy":"product_tag","embeddable":true,"href":"https:\/\/www.koupeltech.com\/index.php\/wp-json\/wp\/v2\/product_tag?post=71551"}],"curies":[{"name":"wp","href":"https:\/\/api.w.org\/{rel}","templated":true}]}}