{"id":7166,"date":"2026-04-27T13:56:54","date_gmt":"2026-04-27T13:56:54","guid":{"rendered":""},"modified":"2026-04-27T13:56:54","modified_gmt":"2026-04-27T13:56:54","slug":"znackovy-schneider-semiprofi-350-10-200-w-mobilni-pistovy-kompresor-7166","status":"publish","type":"product","link":"https:\/\/www.koupeltech.com\/index.php\/produkt\/znackovy-schneider-semiprofi-350-10-200-w-mobilni-pistovy-kompresor-7166\/","title":{"rendered":"Zna\u010dkov\u00fd Schneider SemiProfi 350-10-200 W Mobiln\u00ed p\u00edstov\u00fd kompresor"},"content":{"rendered":"<table>\n<div class=\"tab-pane active product-description\" id=\"popis\" role=\"tabpanel\">\n<div class=\"short-description\" itemprop=\"description\"><\/div>\n<div class=\"description\"><span class='bullet-line'>Kl\u00ednov\u00fdm \u0159emenem poh\u00e1n\u011bn\u00fd p\u00edstov\u00fd kompresor se 2 v\u00e1lci a dvoustup\u0148ovou kompres\u00ed na tlak 10 zvy\u0161uje v\u00fdkon a zaji\u0161\u0165uje vysok\u00fd stupe\u0148 \u00fa\u010dinnosti.<br \/><\/span><span class='bullet-line'>Mezichladi\u010d a dochlazova\u010d zaji\u0161\u0165uj\u00ed rychl\u00e9 ochlazen\u00ed vyroben\u00e9ho stl. vzduchu<br \/><\/span><span class='bullet-line'>Dob\u0159e p\u0159\u00edstupn\u00e9 vypou\u0161t\u011bn\u00ed kondenz\u00e1tu pod vzdu\u0161n\u00edkem.<br \/><\/span><span class='bullet-line'>Kvalita je ve spojen\u00ed se zna\u010dkou Schneider Airsystems samoz\u0159ejm\u00e1.<br \/><\/span><span class='bullet-line'>Plat\u00ed to i pro \u0159adu SEMI PROFI.<br \/><\/span><span class='bullet-line'>Ta je vyv\u00edjena i montov\u00e1na ve stejn\u00e9m provozu, jako v\u0161echny p\u00edstov\u00e9 kompresory \u0159ady UnimMaster.<br \/><\/span><span class='bullet-line'>Rozd\u00edly v kvalit\u011b nehledejte.<br \/><\/span><span class='bullet-line'>D\u00edky koncepci, kterou jsme zvolili, jsme dos\u00e1hli extr\u00e9mn\u011b jednoduch\u00e9 obsluhy v\u0161ech kompresor\u016f SEMI PROFI.<br \/><\/span><span class='bullet-line'>P\u0159ipraven k okam\u017eit\u00e9mu zapojen\u00ed.<br \/><\/span><span class='bullet-line'>Nastaven\u00ed tlaku intiuitivn\u00ed.<br \/><\/span><span class='bullet-line'>V\u00fdm\u011bna oleje a filtr\u016f je proces na 10 minut.<\/span><\/div>\n<div class=\"parameters\">\n<tr>\n<td>\u010c\u00edslo pol. 1121481009<\/td>\n<td><\/td>\n<\/tr>\n<tr>\n<td>Maxim\u00e1ln\u00ed v\u00fdstupn\u00ed tlak 10 bar<\/td>\n<td><\/td>\n<\/tr>\n<tr>\n<td>Nas\u00e1van\u00e9 mno\u017estv\u00ed 350 l\/min<\/td>\n<td><\/td>\n<\/tr>\n<tr>\n<td>Dod\u00e1van\u00e9 mno\u017estv\u00ed 225 l\/min<\/td>\n<td><\/td>\n<\/tr>\n<tr>\n<td>Po\u010det ot\u00e1\u010dek kompresoru 1500 min-1<\/td>\n<td><\/td>\n<\/tr>\n<tr>\n<td>Jmenovit\u00fd v\u00fdkon hnac\u00edho motoru (V\/Hz) 2,2 kW (230 V\/50 Hz)<\/td>\n<td><\/td>\n<\/tr>\n<tr>\n<td>Okoln\u00ed teplota min. \/ max. +2 \u00b0C \/ +40 \u00b0C<\/td>\n<td><\/td>\n<\/tr>\n<tr>\n<td>Hlu\u010dnost (LPA1 \u2013 DIN 45635 T13) 96 dB(A)<\/td>\n<td><\/td>\n<\/tr>\n<tr>\n<td>Objem n\u00e1dr\u017ee 200 l<\/td>\n<td><\/td>\n<\/tr>\n<tr>\n<td>Rozm\u011bry (\u0160 x H x V) 1460 x 640 x 1140<\/td>\n<td><\/td>\n<\/tr>\n<tr>\n<td>Hmotnost 105 kg<\/td>\n<td><\/td>\n<\/tr><\/div>\n<\/table>\n","protected":false},"excerpt":{"rendered":"<p>Kl\u00ednov\u00fdm \u0159emenem poh\u00e1n\u011bn\u00fd p\u00edstov\u00fd kompresor se 2 v\u00e1lci a dvoustup\u0148ovou kompres\u00ed na tlak 10 zvy\u0161uje v\u00fdkon a zaji\u0161\u0165uje vysok\u00fd stupe\u0148 \u00fa\u010dinnosti.Mezichladi\u010d a dochlazova\u010d zaji\u0161\u0165uj\u00ed rychl\u00e9 ochlazen\u00ed vyroben\u00e9ho stl. vzduchuDob\u0159e p\u0159\u00edstupn\u00e9 vypou\u0161t\u011bn\u00ed kondenz\u00e1tu pod vzdu\u0161n\u00edkem.Kvalita je ve spojen\u00ed se zna\u010dkou Schneider Airsystems samoz\u0159ejm\u00e1.Plat\u00ed to i pro \u0159adu SEMI PROFI.Ta je vyv\u00edjena i montov\u00e1na ve stejn\u00e9m provozu, [&hellip;]<\/p>\n","protected":false},"featured_media":7266,"comment_status":"open","ping_status":"open","template":"","meta":[],"product_brand":[],"product_cat":[43],"product_tag":[],"class_list":{"0":"post-7166","1":"product","2":"type-product","3":"status-publish","4":"has-post-thumbnail","6":"product_cat-naradi","8":"first","9":"instock","10":"sale","11":"shipping-taxable","12":"purchasable","13":"product-type-simple"},"yoast_head":"<!-- This site is optimized with the Yoast SEO plugin v26.8 - https:\/\/yoast.com\/product\/yoast-seo-wordpress\/ -->\n<title>Zna\u010dkov\u00fd Schneider SemiProfi 350-10-200 W Mobiln\u00ed p\u00edstov\u00fd kompresor -<\/title>\n<meta name=\"robots\" content=\"index, follow, max-snippet:-1, max-image-preview:large, max-video-preview:-1\" \/>\n<link rel=\"canonical\" href=\"https:\/\/www.koupeltech.com\/index.php\/produkt\/znackovy-schneider-semiprofi-350-10-200-w-mobilni-pistovy-kompresor-7166\/\" \/>\n<meta property=\"og:locale\" content=\"cs_CZ\" \/>\n<meta property=\"og:type\" content=\"article\" \/>\n<meta property=\"og:title\" content=\"Zna\u010dkov\u00fd Schneider SemiProfi 350-10-200 W Mobiln\u00ed p\u00edstov\u00fd kompresor -\" \/>\n<meta property=\"og:description\" content=\"Kl\u00ednov\u00fdm \u0159emenem poh\u00e1n\u011bn\u00fd p\u00edstov\u00fd kompresor se 2 v\u00e1lci a dvoustup\u0148ovou kompres\u00ed na tlak 10 zvy\u0161uje v\u00fdkon a zaji\u0161\u0165uje vysok\u00fd stupe\u0148 \u00fa\u010dinnosti.Mezichladi\u010d a dochlazova\u010d zaji\u0161\u0165uj\u00ed rychl\u00e9 ochlazen\u00ed vyroben\u00e9ho stl. vzduchuDob\u0159e p\u0159\u00edstupn\u00e9 vypou\u0161t\u011bn\u00ed kondenz\u00e1tu pod vzdu\u0161n\u00edkem.Kvalita je ve spojen\u00ed se zna\u010dkou Schneider Airsystems samoz\u0159ejm\u00e1.Plat\u00ed to i pro \u0159adu SEMI PROFI.Ta je vyv\u00edjena i montov\u00e1na ve stejn\u00e9m provozu, [&hellip;]\" \/>\n<meta property=\"og:url\" content=\"https:\/\/www.koupeltech.com\/index.php\/produkt\/znackovy-schneider-semiprofi-350-10-200-w-mobilni-pistovy-kompresor-7166\/\" \/>\n<meta property=\"og:image\" content=\"https:\/\/www.koupeltech.com\/wp-content\/uploads\/2026\/SK0022728-CZ20260425-092328-0-1777080210-b44e7236f826b66694885098970b5fcf-mmf1000x1000.webp\" \/>\n\t<meta property=\"og:image:width\" content=\"700\" \/>\n\t<meta property=\"og:image:height\" content=\"700\" \/>\n\t<meta property=\"og:image:type\" content=\"image\/webp\" \/>\n<meta name=\"twitter:card\" content=\"summary_large_image\" \/>\n<meta name=\"twitter:label1\" content=\"Odhadovan\u00e1 doba \u010dten\u00ed\" \/>\n\t<meta name=\"twitter:data1\" content=\"1 minuta\" \/>\n<script type=\"application\/ld+json\" class=\"yoast-schema-graph\">{\"@context\":\"https:\/\/schema.org\",\"@graph\":[{\"@type\":\"WebPage\",\"@id\":\"https:\/\/www.koupeltech.com\/index.php\/produkt\/znackovy-schneider-semiprofi-350-10-200-w-mobilni-pistovy-kompresor-7166\/\",\"url\":\"https:\/\/www.koupeltech.com\/index.php\/produkt\/znackovy-schneider-semiprofi-350-10-200-w-mobilni-pistovy-kompresor-7166\/\",\"name\":\"Zna\u010dkov\u00fd Schneider SemiProfi 350-10-200 W Mobiln\u00ed p\u00edstov\u00fd kompresor -\",\"isPartOf\":{\"@id\":\"https:\/\/www.koupeltech.com\/#website\"},\"primaryImageOfPage\":{\"@id\":\"https:\/\/www.koupeltech.com\/index.php\/produkt\/znackovy-schneider-semiprofi-350-10-200-w-mobilni-pistovy-kompresor-7166\/#primaryimage\"},\"image\":{\"@id\":\"https:\/\/www.koupeltech.com\/index.php\/produkt\/znackovy-schneider-semiprofi-350-10-200-w-mobilni-pistovy-kompresor-7166\/#primaryimage\"},\"thumbnailUrl\":\"https:\/\/www.koupeltech.com\/wp-content\/uploads\/2026\/SK0022728-CZ20260425-092328-0-1777080210-b44e7236f826b66694885098970b5fcf-mmf1000x1000.webp\",\"datePublished\":\"2026-04-27T13:56:54+00:00\",\"breadcrumb\":{\"@id\":\"https:\/\/www.koupeltech.com\/index.php\/produkt\/znackovy-schneider-semiprofi-350-10-200-w-mobilni-pistovy-kompresor-7166\/#breadcrumb\"},\"inLanguage\":\"cs\",\"potentialAction\":[{\"@type\":\"ReadAction\",\"target\":[\"https:\/\/www.koupeltech.com\/index.php\/produkt\/znackovy-schneider-semiprofi-350-10-200-w-mobilni-pistovy-kompresor-7166\/\"]}]},{\"@type\":\"ImageObject\",\"inLanguage\":\"cs\",\"@id\":\"https:\/\/www.koupeltech.com\/index.php\/produkt\/znackovy-schneider-semiprofi-350-10-200-w-mobilni-pistovy-kompresor-7166\/#primaryimage\",\"url\":\"https:\/\/www.koupeltech.com\/wp-content\/uploads\/2026\/SK0022728-CZ20260425-092328-0-1777080210-b44e7236f826b66694885098970b5fcf-mmf1000x1000.webp\",\"contentUrl\":\"https:\/\/www.koupeltech.com\/wp-content\/uploads\/2026\/SK0022728-CZ20260425-092328-0-1777080210-b44e7236f826b66694885098970b5fcf-mmf1000x1000.webp\",\"width\":700,\"height\":700},{\"@type\":\"BreadcrumbList\",\"@id\":\"https:\/\/www.koupeltech.com\/index.php\/produkt\/znackovy-schneider-semiprofi-350-10-200-w-mobilni-pistovy-kompresor-7166\/#breadcrumb\",\"itemListElement\":[{\"@type\":\"ListItem\",\"position\":1,\"name\":\"Home\",\"item\":\"https:\/\/www.koupeltech.com\/\"},{\"@type\":\"ListItem\",\"position\":2,\"name\":\"Products\",\"item\":\"https:\/\/www.koupeltech.com\/index.php\/products\/\"},{\"@type\":\"ListItem\",\"position\":3,\"name\":\"Zna\u010dkov\u00fd Schneider SemiProfi 350-10-200 W Mobiln\u00ed p\u00edstov\u00fd kompresor\"}]},{\"@type\":\"WebSite\",\"@id\":\"https:\/\/www.koupeltech.com\/#website\",\"url\":\"https:\/\/www.koupeltech.com\/\",\"name\":\"\",\"description\":\"\",\"potentialAction\":[{\"@type\":\"SearchAction\",\"target\":{\"@type\":\"EntryPoint\",\"urlTemplate\":\"https:\/\/www.koupeltech.com\/?s={search_term_string}\"},\"query-input\":{\"@type\":\"PropertyValueSpecification\",\"valueRequired\":true,\"valueName\":\"search_term_string\"}}],\"inLanguage\":\"cs\"}]}<\/script>\n<!-- \/ Yoast SEO plugin. -->","yoast_head_json":{"title":"Zna\u010dkov\u00fd Schneider SemiProfi 350-10-200 W Mobiln\u00ed p\u00edstov\u00fd kompresor -","robots":{"index":"index","follow":"follow","max-snippet":"max-snippet:-1","max-image-preview":"max-image-preview:large","max-video-preview":"max-video-preview:-1"},"canonical":"https:\/\/www.koupeltech.com\/index.php\/produkt\/znackovy-schneider-semiprofi-350-10-200-w-mobilni-pistovy-kompresor-7166\/","og_locale":"cs_CZ","og_type":"article","og_title":"Zna\u010dkov\u00fd Schneider SemiProfi 350-10-200 W Mobiln\u00ed p\u00edstov\u00fd kompresor -","og_description":"Kl\u00ednov\u00fdm \u0159emenem poh\u00e1n\u011bn\u00fd p\u00edstov\u00fd kompresor se 2 v\u00e1lci a dvoustup\u0148ovou kompres\u00ed na tlak 10 zvy\u0161uje v\u00fdkon a zaji\u0161\u0165uje vysok\u00fd stupe\u0148 \u00fa\u010dinnosti.Mezichladi\u010d a dochlazova\u010d zaji\u0161\u0165uj\u00ed rychl\u00e9 ochlazen\u00ed vyroben\u00e9ho stl. vzduchuDob\u0159e p\u0159\u00edstupn\u00e9 vypou\u0161t\u011bn\u00ed kondenz\u00e1tu pod vzdu\u0161n\u00edkem.Kvalita je ve spojen\u00ed se zna\u010dkou Schneider Airsystems samoz\u0159ejm\u00e1.Plat\u00ed to i pro \u0159adu SEMI PROFI.Ta je vyv\u00edjena i montov\u00e1na ve stejn\u00e9m provozu, [&hellip;]","og_url":"https:\/\/www.koupeltech.com\/index.php\/produkt\/znackovy-schneider-semiprofi-350-10-200-w-mobilni-pistovy-kompresor-7166\/","og_image":[{"width":700,"height":700,"url":"https:\/\/www.koupeltech.com\/wp-content\/uploads\/2026\/SK0022728-CZ20260425-092328-0-1777080210-b44e7236f826b66694885098970b5fcf-mmf1000x1000.webp","type":"image\/webp"}],"twitter_card":"summary_large_image","twitter_misc":{"Odhadovan\u00e1 doba \u010dten\u00ed":"1 minuta"},"schema":{"@context":"https:\/\/schema.org","@graph":[{"@type":"WebPage","@id":"https:\/\/www.koupeltech.com\/index.php\/produkt\/znackovy-schneider-semiprofi-350-10-200-w-mobilni-pistovy-kompresor-7166\/","url":"https:\/\/www.koupeltech.com\/index.php\/produkt\/znackovy-schneider-semiprofi-350-10-200-w-mobilni-pistovy-kompresor-7166\/","name":"Zna\u010dkov\u00fd Schneider SemiProfi 350-10-200 W Mobiln\u00ed p\u00edstov\u00fd kompresor -","isPartOf":{"@id":"https:\/\/www.koupeltech.com\/#website"},"primaryImageOfPage":{"@id":"https:\/\/www.koupeltech.com\/index.php\/produkt\/znackovy-schneider-semiprofi-350-10-200-w-mobilni-pistovy-kompresor-7166\/#primaryimage"},"image":{"@id":"https:\/\/www.koupeltech.com\/index.php\/produkt\/znackovy-schneider-semiprofi-350-10-200-w-mobilni-pistovy-kompresor-7166\/#primaryimage"},"thumbnailUrl":"https:\/\/www.koupeltech.com\/wp-content\/uploads\/2026\/SK0022728-CZ20260425-092328-0-1777080210-b44e7236f826b66694885098970b5fcf-mmf1000x1000.webp","datePublished":"2026-04-27T13:56:54+00:00","breadcrumb":{"@id":"https:\/\/www.koupeltech.com\/index.php\/produkt\/znackovy-schneider-semiprofi-350-10-200-w-mobilni-pistovy-kompresor-7166\/#breadcrumb"},"inLanguage":"cs","potentialAction":[{"@type":"ReadAction","target":["https:\/\/www.koupeltech.com\/index.php\/produkt\/znackovy-schneider-semiprofi-350-10-200-w-mobilni-pistovy-kompresor-7166\/"]}]},{"@type":"ImageObject","inLanguage":"cs","@id":"https:\/\/www.koupeltech.com\/index.php\/produkt\/znackovy-schneider-semiprofi-350-10-200-w-mobilni-pistovy-kompresor-7166\/#primaryimage","url":"https:\/\/www.koupeltech.com\/wp-content\/uploads\/2026\/SK0022728-CZ20260425-092328-0-1777080210-b44e7236f826b66694885098970b5fcf-mmf1000x1000.webp","contentUrl":"https:\/\/www.koupeltech.com\/wp-content\/uploads\/2026\/SK0022728-CZ20260425-092328-0-1777080210-b44e7236f826b66694885098970b5fcf-mmf1000x1000.webp","width":700,"height":700},{"@type":"BreadcrumbList","@id":"https:\/\/www.koupeltech.com\/index.php\/produkt\/znackovy-schneider-semiprofi-350-10-200-w-mobilni-pistovy-kompresor-7166\/#breadcrumb","itemListElement":[{"@type":"ListItem","position":1,"name":"Home","item":"https:\/\/www.koupeltech.com\/"},{"@type":"ListItem","position":2,"name":"Products","item":"https:\/\/www.koupeltech.com\/index.php\/products\/"},{"@type":"ListItem","position":3,"name":"Zna\u010dkov\u00fd Schneider SemiProfi 350-10-200 W Mobiln\u00ed p\u00edstov\u00fd kompresor"}]},{"@type":"WebSite","@id":"https:\/\/www.koupeltech.com\/#website","url":"https:\/\/www.koupeltech.com\/","name":"","description":"","potentialAction":[{"@type":"SearchAction","target":{"@type":"EntryPoint","urlTemplate":"https:\/\/www.koupeltech.com\/?s={search_term_string}"},"query-input":{"@type":"PropertyValueSpecification","valueRequired":true,"valueName":"search_term_string"}}],"inLanguage":"cs"}]}},"_links":{"self":[{"href":"https:\/\/www.koupeltech.com\/index.php\/wp-json\/wp\/v2\/product\/7166","targetHints":{"allow":["GET"]}}],"collection":[{"href":"https:\/\/www.koupeltech.com\/index.php\/wp-json\/wp\/v2\/product"}],"about":[{"href":"https:\/\/www.koupeltech.com\/index.php\/wp-json\/wp\/v2\/types\/product"}],"replies":[{"embeddable":true,"href":"https:\/\/www.koupeltech.com\/index.php\/wp-json\/wp\/v2\/comments?post=7166"}],"wp:featuredmedia":[{"embeddable":true,"href":"https:\/\/www.koupeltech.com\/index.php\/wp-json\/wp\/v2\/media\/7266"}],"wp:attachment":[{"href":"https:\/\/www.koupeltech.com\/index.php\/wp-json\/wp\/v2\/media?parent=7166"}],"wp:term":[{"taxonomy":"product_brand","embeddable":true,"href":"https:\/\/www.koupeltech.com\/index.php\/wp-json\/wp\/v2\/product_brand?post=7166"},{"taxonomy":"product_cat","embeddable":true,"href":"https:\/\/www.koupeltech.com\/index.php\/wp-json\/wp\/v2\/product_cat?post=7166"},{"taxonomy":"product_tag","embeddable":true,"href":"https:\/\/www.koupeltech.com\/index.php\/wp-json\/wp\/v2\/product_tag?post=7166"}],"curies":[{"name":"wp","href":"https:\/\/api.w.org\/{rel}","templated":true}]}}