{"id":72092,"date":"2026-04-27T14:06:59","date_gmt":"2026-04-27T14:06:59","guid":{"rendered":""},"modified":"2026-04-27T14:06:59","modified_gmt":"2026-04-27T14:06:59","slug":"zlevneny-santech-akrylatova-vana-sofa-182-x-85-cm-prava-72092","status":"publish","type":"product","link":"https:\/\/www.koupeltech.com\/index.php\/produkt\/zlevneny-santech-akrylatova-vana-sofa-182-x-85-cm-prava-72092\/","title":{"rendered":"Zlevn\u011bn\u00fd SANTECH Akryl\u00e1tov\u00e1 vana SOFA 182 x 85 cm prav\u00e1"},"content":{"rendered":"<div id=\"e5479011\" class=\"pages\">\n<div>\n<div id=\"PDDescription\" class=\"UserContentView userContent v1a v1 bs-view dcon dc164 PDDescription\" ><dc-con><dc-con><bs-empty><\/bs-empty><\/dc-con><dc-con>        <\/p>\n<div class=\"customDescription\">                    <\/div>\n<p><\/dc-con><dc-con>Design\u00e9\u0159i dostali za \u00fakol navrhnout nejpohodln\u011bj\u0161\u00ed vanu a v\u00fdsledkem je akryl\u00e1tov\u00e1 vana Sofa. Jej\u00ed obl\u00e9 tvary a netradi\u010dn\u00ed hloubka 50 cm umoc\u0148uj\u00ed pohodl\u00ed p\u0159i relaxaci a i vy\u0161\u0161\u00ed postavy si mohou vychutnat luxusn\u00ed koupel doslova a\u017e &#8222;po u\u0161i&#8220;.<\/dc-con><\/dc-con><\/div>\n<\/p><\/div>\n<div id=\"PDTable3\" class=\"ProductDetailTableView v3a v3 bs-view dcon dc185 PDTable3\" >\n<table>\n<thead><\/thead>\n<tbody>\n<tr class=\"attribute attr_typ\">\n<td class=\"caption\">Typ<\/td>\n<td class=\"value\">Obd\u00e9ln\u00edkov\u00e9 vany<\/td>\n<\/tr>\n<tr class=\"attribute attr_delka\">\n<td class=\"caption\">D\u00e9lka v mm<\/td>\n<td class=\"value\">1820 mm<\/td>\n<\/tr>\n<tr class=\"attribute attr_pouziti\">\n<td class=\"caption\">Pou\u017eit\u00ed<\/td>\n<td class=\"value\">Prav\u00e1<\/td>\n<\/tr>\n<tr class=\"attribute attr_bsshop_maker\">\n<td class=\"caption\">V\u00fdrobce<\/td>\n<td class=\"value\">Santech<\/td>\n<\/tr>\n<\/tbody>\n<\/table>\n<\/div>\n<\/div>\n<div id=\"e5479012\" class=\"tabs\">\n","protected":false},"excerpt":{"rendered":"<p>Design\u00e9\u0159i dostali za \u00fakol navrhnout nejpohodln\u011bj\u0161\u00ed vanu a v\u00fdsledkem je akryl\u00e1tov\u00e1 vana Sofa. Jej\u00ed obl\u00e9 tvary a netradi\u010dn\u00ed hloubka 50 cm umoc\u0148uj\u00ed pohodl\u00ed p\u0159i relaxaci a i vy\u0161\u0161\u00ed postavy si mohou vychutnat luxusn\u00ed koupel doslova a\u017e &#8222;po u\u0161i&#8220;. Typ Obd\u00e9ln\u00edkov\u00e9 vany D\u00e9lka v mm 1820 mm Pou\u017eit\u00ed Prav\u00e1 V\u00fdrobce Santech<\/p>\n","protected":false},"featured_media":72192,"comment_status":"open","ping_status":"open","template":"","meta":[],"product_brand":[],"product_cat":[94],"product_tag":[],"class_list":{"0":"post-72092","1":"product","2":"type-product","3":"status-publish","4":"has-post-thumbnail","6":"product_cat-vybaven-237-koupelny","8":"first","9":"instock","10":"sale","11":"shipping-taxable","12":"purchasable","13":"product-type-simple"},"yoast_head":"<!-- This site is optimized with the Yoast SEO plugin v26.8 - https:\/\/yoast.com\/product\/yoast-seo-wordpress\/ -->\n<title>Zlevn\u011bn\u00fd SANTECH Akryl\u00e1tov\u00e1 vana SOFA 182 x 85 cm prav\u00e1 -<\/title>\n<meta name=\"robots\" content=\"index, follow, max-snippet:-1, max-image-preview:large, max-video-preview:-1\" \/>\n<link rel=\"canonical\" href=\"https:\/\/www.koupeltech.com\/index.php\/produkt\/zlevneny-santech-akrylatova-vana-sofa-182-x-85-cm-prava-72092\/\" \/>\n<meta property=\"og:locale\" content=\"cs_CZ\" \/>\n<meta property=\"og:type\" content=\"article\" \/>\n<meta property=\"og:title\" content=\"Zlevn\u011bn\u00fd SANTECH Akryl\u00e1tov\u00e1 vana SOFA 182 x 85 cm prav\u00e1 -\" \/>\n<meta property=\"og:description\" content=\"Design\u00e9\u0159i dostali za \u00fakol navrhnout nejpohodln\u011bj\u0161\u00ed vanu a v\u00fdsledkem je akryl\u00e1tov\u00e1 vana Sofa. Jej\u00ed obl\u00e9 tvary a netradi\u010dn\u00ed hloubka 50 cm umoc\u0148uj\u00ed pohodl\u00ed p\u0159i relaxaci a i vy\u0161\u0161\u00ed postavy si mohou vychutnat luxusn\u00ed koupel doslova a\u017e &#8222;po u\u0161i&#8220;. Typ Obd\u00e9ln\u00edkov\u00e9 vany D\u00e9lka v mm 1820 mm Pou\u017eit\u00ed Prav\u00e1 V\u00fdrobce Santech\" \/>\n<meta property=\"og:url\" content=\"https:\/\/www.koupeltech.com\/index.php\/produkt\/zlevneny-santech-akrylatova-vana-sofa-182-x-85-cm-prava-72092\/\" \/>\n<meta property=\"og:image\" content=\"https:\/\/www.koupeltech.com\/wp-content\/uploads\/2026\/SK0023488-CZ20260425-093449-0-1777080896-santech-akrylatova-vana-sofa-182-x-85-cm-prava.webp\" \/>\n\t<meta property=\"og:image:width\" content=\"1000\" \/>\n\t<meta property=\"og:image:height\" content=\"525\" \/>\n\t<meta property=\"og:image:type\" content=\"image\/webp\" \/>\n<meta name=\"twitter:card\" content=\"summary_large_image\" \/>\n<script type=\"application\/ld+json\" class=\"yoast-schema-graph\">{\"@context\":\"https:\/\/schema.org\",\"@graph\":[{\"@type\":\"WebPage\",\"@id\":\"https:\/\/www.koupeltech.com\/index.php\/produkt\/zlevneny-santech-akrylatova-vana-sofa-182-x-85-cm-prava-72092\/\",\"url\":\"https:\/\/www.koupeltech.com\/index.php\/produkt\/zlevneny-santech-akrylatova-vana-sofa-182-x-85-cm-prava-72092\/\",\"name\":\"Zlevn\u011bn\u00fd SANTECH Akryl\u00e1tov\u00e1 vana SOFA 182 x 85 cm prav\u00e1 -\",\"isPartOf\":{\"@id\":\"https:\/\/www.koupeltech.com\/#website\"},\"primaryImageOfPage\":{\"@id\":\"https:\/\/www.koupeltech.com\/index.php\/produkt\/zlevneny-santech-akrylatova-vana-sofa-182-x-85-cm-prava-72092\/#primaryimage\"},\"image\":{\"@id\":\"https:\/\/www.koupeltech.com\/index.php\/produkt\/zlevneny-santech-akrylatova-vana-sofa-182-x-85-cm-prava-72092\/#primaryimage\"},\"thumbnailUrl\":\"https:\/\/www.koupeltech.com\/wp-content\/uploads\/2026\/SK0023488-CZ20260425-093449-0-1777080896-santech-akrylatova-vana-sofa-182-x-85-cm-prava.webp\",\"datePublished\":\"2026-04-27T14:06:59+00:00\",\"breadcrumb\":{\"@id\":\"https:\/\/www.koupeltech.com\/index.php\/produkt\/zlevneny-santech-akrylatova-vana-sofa-182-x-85-cm-prava-72092\/#breadcrumb\"},\"inLanguage\":\"cs\",\"potentialAction\":[{\"@type\":\"ReadAction\",\"target\":[\"https:\/\/www.koupeltech.com\/index.php\/produkt\/zlevneny-santech-akrylatova-vana-sofa-182-x-85-cm-prava-72092\/\"]}]},{\"@type\":\"ImageObject\",\"inLanguage\":\"cs\",\"@id\":\"https:\/\/www.koupeltech.com\/index.php\/produkt\/zlevneny-santech-akrylatova-vana-sofa-182-x-85-cm-prava-72092\/#primaryimage\",\"url\":\"https:\/\/www.koupeltech.com\/wp-content\/uploads\/2026\/SK0023488-CZ20260425-093449-0-1777080896-santech-akrylatova-vana-sofa-182-x-85-cm-prava.webp\",\"contentUrl\":\"https:\/\/www.koupeltech.com\/wp-content\/uploads\/2026\/SK0023488-CZ20260425-093449-0-1777080896-santech-akrylatova-vana-sofa-182-x-85-cm-prava.webp\",\"width\":1000,\"height\":525},{\"@type\":\"BreadcrumbList\",\"@id\":\"https:\/\/www.koupeltech.com\/index.php\/produkt\/zlevneny-santech-akrylatova-vana-sofa-182-x-85-cm-prava-72092\/#breadcrumb\",\"itemListElement\":[{\"@type\":\"ListItem\",\"position\":1,\"name\":\"Home\",\"item\":\"https:\/\/www.koupeltech.com\/\"},{\"@type\":\"ListItem\",\"position\":2,\"name\":\"Products\",\"item\":\"https:\/\/www.koupeltech.com\/index.php\/products\/\"},{\"@type\":\"ListItem\",\"position\":3,\"name\":\"Zlevn\u011bn\u00fd SANTECH Akryl\u00e1tov\u00e1 vana SOFA 182 x 85 cm prav\u00e1\"}]},{\"@type\":\"WebSite\",\"@id\":\"https:\/\/www.koupeltech.com\/#website\",\"url\":\"https:\/\/www.koupeltech.com\/\",\"name\":\"\",\"description\":\"\",\"potentialAction\":[{\"@type\":\"SearchAction\",\"target\":{\"@type\":\"EntryPoint\",\"urlTemplate\":\"https:\/\/www.koupeltech.com\/?s={search_term_string}\"},\"query-input\":{\"@type\":\"PropertyValueSpecification\",\"valueRequired\":true,\"valueName\":\"search_term_string\"}}],\"inLanguage\":\"cs\"}]}<\/script>\n<!-- \/ Yoast SEO plugin. -->","yoast_head_json":{"title":"Zlevn\u011bn\u00fd SANTECH Akryl\u00e1tov\u00e1 vana SOFA 182 x 85 cm prav\u00e1 -","robots":{"index":"index","follow":"follow","max-snippet":"max-snippet:-1","max-image-preview":"max-image-preview:large","max-video-preview":"max-video-preview:-1"},"canonical":"https:\/\/www.koupeltech.com\/index.php\/produkt\/zlevneny-santech-akrylatova-vana-sofa-182-x-85-cm-prava-72092\/","og_locale":"cs_CZ","og_type":"article","og_title":"Zlevn\u011bn\u00fd SANTECH Akryl\u00e1tov\u00e1 vana SOFA 182 x 85 cm prav\u00e1 -","og_description":"Design\u00e9\u0159i dostali za \u00fakol navrhnout nejpohodln\u011bj\u0161\u00ed vanu a v\u00fdsledkem je akryl\u00e1tov\u00e1 vana Sofa. Jej\u00ed obl\u00e9 tvary a netradi\u010dn\u00ed hloubka 50 cm umoc\u0148uj\u00ed pohodl\u00ed p\u0159i relaxaci a i vy\u0161\u0161\u00ed postavy si mohou vychutnat luxusn\u00ed koupel doslova a\u017e &#8222;po u\u0161i&#8220;. Typ Obd\u00e9ln\u00edkov\u00e9 vany D\u00e9lka v mm 1820 mm Pou\u017eit\u00ed Prav\u00e1 V\u00fdrobce Santech","og_url":"https:\/\/www.koupeltech.com\/index.php\/produkt\/zlevneny-santech-akrylatova-vana-sofa-182-x-85-cm-prava-72092\/","og_image":[{"width":1000,"height":525,"url":"https:\/\/www.koupeltech.com\/wp-content\/uploads\/2026\/SK0023488-CZ20260425-093449-0-1777080896-santech-akrylatova-vana-sofa-182-x-85-cm-prava.webp","type":"image\/webp"}],"twitter_card":"summary_large_image","schema":{"@context":"https:\/\/schema.org","@graph":[{"@type":"WebPage","@id":"https:\/\/www.koupeltech.com\/index.php\/produkt\/zlevneny-santech-akrylatova-vana-sofa-182-x-85-cm-prava-72092\/","url":"https:\/\/www.koupeltech.com\/index.php\/produkt\/zlevneny-santech-akrylatova-vana-sofa-182-x-85-cm-prava-72092\/","name":"Zlevn\u011bn\u00fd SANTECH Akryl\u00e1tov\u00e1 vana SOFA 182 x 85 cm prav\u00e1 -","isPartOf":{"@id":"https:\/\/www.koupeltech.com\/#website"},"primaryImageOfPage":{"@id":"https:\/\/www.koupeltech.com\/index.php\/produkt\/zlevneny-santech-akrylatova-vana-sofa-182-x-85-cm-prava-72092\/#primaryimage"},"image":{"@id":"https:\/\/www.koupeltech.com\/index.php\/produkt\/zlevneny-santech-akrylatova-vana-sofa-182-x-85-cm-prava-72092\/#primaryimage"},"thumbnailUrl":"https:\/\/www.koupeltech.com\/wp-content\/uploads\/2026\/SK0023488-CZ20260425-093449-0-1777080896-santech-akrylatova-vana-sofa-182-x-85-cm-prava.webp","datePublished":"2026-04-27T14:06:59+00:00","breadcrumb":{"@id":"https:\/\/www.koupeltech.com\/index.php\/produkt\/zlevneny-santech-akrylatova-vana-sofa-182-x-85-cm-prava-72092\/#breadcrumb"},"inLanguage":"cs","potentialAction":[{"@type":"ReadAction","target":["https:\/\/www.koupeltech.com\/index.php\/produkt\/zlevneny-santech-akrylatova-vana-sofa-182-x-85-cm-prava-72092\/"]}]},{"@type":"ImageObject","inLanguage":"cs","@id":"https:\/\/www.koupeltech.com\/index.php\/produkt\/zlevneny-santech-akrylatova-vana-sofa-182-x-85-cm-prava-72092\/#primaryimage","url":"https:\/\/www.koupeltech.com\/wp-content\/uploads\/2026\/SK0023488-CZ20260425-093449-0-1777080896-santech-akrylatova-vana-sofa-182-x-85-cm-prava.webp","contentUrl":"https:\/\/www.koupeltech.com\/wp-content\/uploads\/2026\/SK0023488-CZ20260425-093449-0-1777080896-santech-akrylatova-vana-sofa-182-x-85-cm-prava.webp","width":1000,"height":525},{"@type":"BreadcrumbList","@id":"https:\/\/www.koupeltech.com\/index.php\/produkt\/zlevneny-santech-akrylatova-vana-sofa-182-x-85-cm-prava-72092\/#breadcrumb","itemListElement":[{"@type":"ListItem","position":1,"name":"Home","item":"https:\/\/www.koupeltech.com\/"},{"@type":"ListItem","position":2,"name":"Products","item":"https:\/\/www.koupeltech.com\/index.php\/products\/"},{"@type":"ListItem","position":3,"name":"Zlevn\u011bn\u00fd SANTECH Akryl\u00e1tov\u00e1 vana SOFA 182 x 85 cm prav\u00e1"}]},{"@type":"WebSite","@id":"https:\/\/www.koupeltech.com\/#website","url":"https:\/\/www.koupeltech.com\/","name":"","description":"","potentialAction":[{"@type":"SearchAction","target":{"@type":"EntryPoint","urlTemplate":"https:\/\/www.koupeltech.com\/?s={search_term_string}"},"query-input":{"@type":"PropertyValueSpecification","valueRequired":true,"valueName":"search_term_string"}}],"inLanguage":"cs"}]}},"_links":{"self":[{"href":"https:\/\/www.koupeltech.com\/index.php\/wp-json\/wp\/v2\/product\/72092","targetHints":{"allow":["GET"]}}],"collection":[{"href":"https:\/\/www.koupeltech.com\/index.php\/wp-json\/wp\/v2\/product"}],"about":[{"href":"https:\/\/www.koupeltech.com\/index.php\/wp-json\/wp\/v2\/types\/product"}],"replies":[{"embeddable":true,"href":"https:\/\/www.koupeltech.com\/index.php\/wp-json\/wp\/v2\/comments?post=72092"}],"wp:featuredmedia":[{"embeddable":true,"href":"https:\/\/www.koupeltech.com\/index.php\/wp-json\/wp\/v2\/media\/72192"}],"wp:attachment":[{"href":"https:\/\/www.koupeltech.com\/index.php\/wp-json\/wp\/v2\/media?parent=72092"}],"wp:term":[{"taxonomy":"product_brand","embeddable":true,"href":"https:\/\/www.koupeltech.com\/index.php\/wp-json\/wp\/v2\/product_brand?post=72092"},{"taxonomy":"product_cat","embeddable":true,"href":"https:\/\/www.koupeltech.com\/index.php\/wp-json\/wp\/v2\/product_cat?post=72092"},{"taxonomy":"product_tag","embeddable":true,"href":"https:\/\/www.koupeltech.com\/index.php\/wp-json\/wp\/v2\/product_tag?post=72092"}],"curies":[{"name":"wp","href":"https:\/\/api.w.org\/{rel}","templated":true}]}}