{"id":72179,"date":"2026-04-27T14:06:59","date_gmt":"2026-04-27T14:06:59","guid":{"rendered":""},"modified":"2026-04-27T14:06:59","modified_gmt":"2026-04-27T14:06:59","slug":"akcni-cena-aquasanita-tesa-780-0e-alumetallic-72179","status":"publish","type":"product","link":"https:\/\/www.koupeltech.com\/index.php\/produkt\/akcni-cena-aquasanita-tesa-780-0e-alumetallic-72179\/","title":{"rendered":"Ak\u010dn\u00ed Cena Aquasanita Tesa 780.0E Alumetallic"},"content":{"rendered":"<div id=\"e6014207\" class=\"pages\">\n<div>\n<div id=\"PDDescription\" class=\"UserContentView userContent v1a v1 bs-view dcon dc164 PDDescription\" ><dc-con><dc-con><bs-empty><\/bs-empty><\/dc-con><dc-con>        <\/p>\n<div class=\"customDescription\">                    <\/div>\n<p><\/dc-con><dc-con><\/p>\n<div class=\"rowNewText\">\n<p>Spole\u010dnost&nbsp;<b>Aquasanita<\/b>&nbsp;je jednou z nejzn\u00e1m\u011bj\u0161\u00edch v\u00fdrobc\u016f granitov\u00fdch d\u0159ez\u016f na trhu. V\u00edce ne\u017e 80% sv\u00fdch produkt\u016f vyv\u00e1\u017e\u00ed do v\u00edce ne\u017e 30 zem\u00ed sv\u011bta. D\u0159ezy Aquasanita spl\u0148uj\u00ed nejn\u00e1ro\u010dn\u011bj\u0161\u00ed po\u017eadavky na zpracov\u00e1n\u00ed a kvalitu proveden\u00ed.&nbsp;V sou\u010dasn\u00e9 dob\u011b d\u00e1v\u00e1 Aquasanita sv\u00fdm d\u0159ez\u016fm nov\u00fd n\u00e1zev&nbsp;<b>HELIKA<\/b>. S my\u0161lenkou&nbsp;<b>\u017e\u00edt \u017eivot v pomalej\u0161\u00edm tempu<\/b>&nbsp;v souladu s p\u0159\u00edrodou. Proto Helika, v p\u0159ekladu hlem\u00fd\u017e\u010f.&nbsp;Produkty spole\u010dnosti Helika jsou navr\u017eeny tak, aby podporovaly zpomalen\u00fd \u017eivotn\u00ed styl a vytvo\u0159ily v\u0159elou, pe\u010duj\u00edc\u00ed atmosf\u00e9ru v kuchyn\u00edch.&nbsp; &nbsp; &nbsp;&nbsp; &nbsp;<\/p>\n<\/div>\n<div class=\"rowNewText\">\n<p>Granitov\u00fd d\u0159ez&nbsp;<b>Aquasanita Helika Tesa 780.0E<\/b>&nbsp;v&nbsp;elegantn\u00edm modern\u00edm vzhledu. Velmi obl\u00edben\u00fd d\u0159ez, kter\u00fd skv\u011ble zapadne do kuchyn\u011b v&nbsp;jak\u00e9mkoli stylu. Ke d\u0159ezu snadno vyberete chromovou nebo granitovou baterii.<\/p>\n<\/div>\n<div class=\"rowNewText\">\n<p>Tesa 780.0E dod\u00e1van\u00fd spole\u010dnost\u00ed Aquasanita v ide\u00e1ln\u00edm rozm\u011bru 50 x 78 cm a hloubkou vani\u010dky 20 cm. <b>Hloubka vani\u010dky<\/b> je dostate\u010dn\u00e1 na b\u011b\u017en\u00e9 um\u00fdv\u00e1n\u00ed velk\u00fdch plech\u016f na pe\u010den\u00ed nebo objemn\u00fdch hrnc\u016f. Rovn\u011b\u017e praktick\u00e1 je i odkapov\u00e1 \u010d\u00e1st d\u0159ezu. Do d\u0159ezu je mo\u017eno vyvrtat otvory na baterii, excentrick\u00e9 ovl\u00e1d\u00e1n\u00ed nebo na d\u00e1vkova\u010d sapon\u00e1tu.<\/p>\n<\/div>\n<div class=\"rowNewText\">\n<p>Sou\u010d\u00e1sti vybaven\u00ed d\u0159ezu Tesa 780.0E je i <b>excentrick\u00e9 ovl\u00e1d\u00e1n<\/b>\u00ed. Automatick\u00e9 uzav\u0159en\u00ed odtoku je syst\u00e9m, kter\u00fd umo\u017e\u0148uje zav\u0159\u00edt a otev\u0159\u00edt odtok vody pomoc\u00ed knofl\u00edku. D\u016fle\u017eitou v\u00fdhodou tohoto \u0159e\u0161en\u00ed je skute\u010dnost, \u017ee jeden pohyb sta\u010d\u00ed k okam\u017eit\u00e9mu odemknut\u00ed vody, ani\u017e byste museli pono\u0159it ruce.<\/p>\n<\/div>\n<div class=\"rowNewText\">\n<p>V\u00fdhodou granitov\u00e9ho d\u0159ezu je jeho&nbsp;<b>barevn\u00e1 variabilita<\/b>&nbsp;a mo\u017enost slad\u011bn\u00ed se zbytkem kuchyn\u011b, jednoduch\u00e1 \u00fadr\u017eba a atraktivn\u00ed design.&nbsp;Mezi hlavn\u00ed p\u0159ednosti pat\u0159\u00ed vynikaj\u00edc\u00ed odolnost proti n\u00e1razu, po\u0161kr\u00e1ban\u00ed a vysok\u00fdm teplot\u00e1m.&nbsp; <\/p>\n<\/div>\n<div class=\"rowNewText\">\n<p>D\u0159ezy&nbsp;Aquasanita&nbsp;jsou vyrobeny z velmi kvalitn\u00edho \u017eulov\u00e9ho materi\u00e1lu&nbsp;<b>SILISCANA<\/b>, jedn\u00e1 se o \u017eulu t\u0159et\u00ed generace, kter\u00e1 se vyzna\u010duje pevnost\u00ed a trvanlivost\u00ed.&nbsp;&nbsp;&nbsp;<\/p>\n<\/div>\n<div class=\"rowNewText\">\n<p><b>Kl\u00ed\u010dov\u00e9 vlastnosti kuchy\u0148sk\u00e9ho d\u0159ezu AQUASANITA HELIKA TESA 780.0E<\/b><\/p>\n<\/div>\n<div class=\"rowNewText\">\n<ul>\n<li>granitov\u00fd d\u0159ez s odkapem i excentrick\u00fdm ovl\u00e1d\u00e1n\u00edm<\/li>\n<li>Tesa 780.0E m\u00e1 prodlou\u017eenou z\u00e1ruku 5 let<\/li>\n<li>v\u00fdhodou je barevn\u00e1 variabilita a mo\u017enost slad\u011bn\u00ed se zbytkem kuchyn\u011b<\/li>\n<li>pat\u0159\u00ed mezi obl\u00edbenou volbu z\u00e1kazn\u00edk\u016f<\/li>\n<li>dostate\u010dn\u011b hlubok\u00e1 20 cm vani\u010dka d\u0159ezu<\/li>\n<li>d\u0159ez je ur\u010den pro horn\u00ed mont\u00e1\u017e<\/li>\n<li>vhodn\u00fd do sk\u0159\u00ed\u0148ky od 45 cm<\/li>\n<li>vyroben z kvalitn\u00edch materi\u00e1l\u016f<\/li>\n<\/ul>\n<\/div>\n<div class=\"rowNewText\">\n<p><i><b>Pozn\u00e1mka:<\/b>&nbsp;barvy se v re\u00e1lu mohou m\u00edrn\u011b li\u0161it oproti fotografi\u00edm, proto\u017ee \u017eula obsahuje p\u0159\u00edrodn\u00ed plniva a pigmenty.&nbsp;<\/i><\/p>\n<\/div>\n<div class=\"rowNewText\">\n<p><i><\/i><i><\/i><i><br \/><\/i><i><b>Rada na z\u00e1v\u011br:<\/b> odstran\u011bn\u00ed vodn\u00edho kamene pomoc\u00ed roztoku z octu v pom\u011bru jedna ku t\u0159em. Roztok naneste na povrch d\u0159ezu, nechte p\u016fsobit n\u011bkolik minut a odstra\u0148te houbi\u010dkou. Vo\u0148av\u011bj\u0161\u00ed zp\u016fsob je pot\u0159\u00edt&nbsp;vodn\u00ed k\u00e1men rozkrojen\u00fdm citronem.&nbsp;<\/i><\/p>\n<\/div>\n<p><\/dc-con><\/dc-con><\/div>\n<div id=\"PDDescription2\" class=\"UserContentView userContent v1a v1 bs-view dcon dc165 PDDescription2\" >\n<table class='techparam_table'>\n<tr>\n<td>Mo\u017enost odvrtat dal\u0161\u00ed otvor<\/td>\n<td>Ne<\/td>\n<\/tr>\n<tr>\n<td>Materi\u00e1l d\u0159ezu<\/td>\n<td>Granit<\/td>\n<\/tr>\n<tr>\n<td>Typ d\u0159ezu<\/td>\n<td>D\u0159ez s odkapem<\/td>\n<\/tr>\n<tr>\n<td>\u0160\u00ed\u0159ka obalu<\/td>\n<td>51,5<\/td>\n<\/tr>\n<tr>\n<td>V\u00fd\u0161ka obalu<\/td>\n<td>31,4<\/td>\n<\/tr>\n<tr>\n<td>Hloubka obalu<\/td>\n<td>79,5<\/td>\n<\/tr>\n<tr>\n<td>V\u00e1ha v\u010d. obalu (kg)<\/td>\n<td>11<\/td>\n<\/tr>\n<tr>\n<td>\u0160\u00ed\u0159ka d\u0159ezu<\/td>\n<td>50<\/td>\n<\/tr>\n<tr>\n<td>D\u00e9lka d\u0159ezu<\/td>\n<td>78<\/td>\n<\/tr>\n<tr>\n<td>Hloubka d\u0159ezu<\/td>\n<td>30,6<\/td>\n<\/tr>\n<tr>\n<td>Hmotnost d\u0159ezu (kg)<\/td>\n<td>10<\/td>\n<\/tr>\n<tr>\n<td>D\u00e9lka vani\u010dky<\/td>\n<td>34,5<\/td>\n<\/tr>\n<tr>\n<td>\u0160\u00ed\u0159ka vani\u010dky<\/td>\n<td>43,6<\/td>\n<\/tr>\n<tr>\n<td>Hloubka vani\u010dky<\/td>\n<td>20<\/td>\n<\/tr>\n<tr>\n<td>Minim\u00e1ln\u00ed \u0161\u00ed\u0159ka sk\u0159\u00ednky<\/td>\n<td>45<\/td>\n<\/tr>\n<tr>\n<td>Barva<\/td>\n<td>Alumetallic<\/td>\n<\/tr>\n<tr>\n<td>Barva<\/td>\n<td>Alumetallic<\/td>\n<\/tr>\n<tr>\n<td>Barva<\/td>\n<td>Alumetallic<\/td>\n<\/tr>\n<tr>\n<td>Barva<\/td>\n<td>Alumetallic<\/td>\n<\/tr>\n<tr>\n<td>Barva<\/td>\n<td>Alumetallic<\/td>\n<\/tr>\n<tr>\n<td>\u0160\u00ed\u0159ka kuchy\u0148sk\u00e9 sk\u0159\u00ed\u0148ky<\/td>\n<td>45 cm<\/td>\n<\/tr>\n<tr>\n<td>Typ mont\u00e1\u017ee d\u0159ezu<\/td>\n<td>Horn\u00ed<\/td>\n<\/tr>\n<tr>\n<td>Orientace<\/td>\n<td>Oboustrann\u00e1 orientace<\/td>\n<\/tr>\n<tr>\n<td>Styl d\u0159ezu<\/td>\n<td>Klasick\u00e9 d\u0159ezy<\/td>\n<\/tr>\n<tr>\n<td>V\u00fdpus\u0165 d\u0159ezu<\/td>\n<td>9 cm<\/td>\n<\/tr>\n<tr>\n<td>Excentrick\u00e9 ovl\u00e1d\u00e1n\u00ed v\u00fdpust\u011b<\/td>\n<td>Ano<\/td>\n<\/tr>\n<tr>\n<td>P\u0159edvrtan\u00fd otvor <\/td>\n<td>Baterie + dal\u0161\u00ed otvor<\/td>\n<\/tr>\n<tr>\n<td>Z\u00e1ruka<\/td>\n<td>5 let<\/td>\n<\/tr>\n<tr>\n<td>Pr\u016fm\u011br vani\u010dky<\/td>\n<td>ne<\/td>\n<\/tr>\n<tr>\n<td>K\u00f3d zbo\u017e\u00ed TARIC<\/td>\n<td>68029390<\/td>\n<\/tr>\n<tr>\n<td>Tvar d\u0159ezu<\/td>\n<td>Obd\u00e9ln\u00edkov\u00fd <\/td>\n<\/tr>\n<\/table>\n<\/div><\/div>\n<div id=\"PDTable3\" class=\"ProductDetailTableView v3a v3 bs-view dcon dc185 PDTable3\" >\n<table>\n<thead><\/thead>\n<tbody>\n<tr class=\"attribute attr_material\">\n<td class=\"caption\">Materi\u00e1l<\/td>\n<td class=\"value\">Granit<\/td>\n<\/tr>\n<tr class=\"attribute attr_typ\">\n<td class=\"caption\">Typ<\/td>\n<td class=\"value\">S odkap\u00e1vac\u00ed plochou<\/td>\n<\/tr>\n<tr class=\"attribute attr_bsshop_maker\">\n<td class=\"caption\">V\u00fdrobce<\/td>\n<td class=\"value\">Aquasanita &#8211; Helika<\/td>\n<\/tr>\n<\/tbody>\n<\/table>\n<\/div>\n<div id=\"ProductMedia\" class=\"ProductMediaView MediaViewBase v1a v1 bs-view dcon dc409 ProductMedia\" ><bs-empty><\/bs-empty><\/p>\n<div class=\"files\">\n<div class=\"title sub\">Soubory<\/div>\n<p><a href=\"\/media\/2027\/navod-k-instalaci-a-udrzbe-kuchynskeho-drezu.pdf?&amp;key=ZGpmIyQwNUZfMjAyNw==\" class=\"pdf\">Navod-k-instalaci-a-udrzbe-kuchynskeho-drezu<\/a><a href=\"\/media\/8877\/navod-instalaci-drezu-aquasanita-12.pdf?&amp;key=ZGpmIyQwNUZfODg3Nw==\" class=\"pdf\">Navod-instalaci-drezu-Aquasanita(12).pdf<\/a><\/div>\n<p><bs-empty><\/bs-empty><\/div>\n<div id=\"PdProductGpsr\" class=\"ProductGpsrView v1a v1 bs-view dcon dc217 PdProductGpsr\" >\n<div class=\"subject\"><dc-root class=\"dcon dc219\"><span class=\"title\">Zodpov\u011bdn&#253; subjekt:<\/span><dc-con><dc-con><span class=\"company\">UBC s.r.o.<\/span><span class=\"name\">Aqualine &#8211; Helika<\/span><\/dc-con><dc-con><span class=\"street\">M\u011blnick&#225; 87<\/span><span class=\"city\">L&#237;beznice<\/span><span class=\"zip\">250 65<\/span><span class=\"country\">\u010cesko<\/span><\/dc-con><span class=\"email\">info@ubc-group.cz<\/span><span class=\"phone\">283 090 704<\/span><bs-empty><\/bs-empty><a href=\"https:\/\/www.ubc-group.cz\/#kontakt\" class=\"link\" target=\"_blank\">https:\/\/www.ubc-group.cz\/#kontakt<\/a><\/dc-con><bs-empty><\/bs-empty><\/dc-root><\/div>\n<p><bs-empty><\/bs-empty><\/div>\n<\/div>\n<div id=\"e6014208\" class=\"tabs\">\n","protected":false},"excerpt":{"rendered":"<p>Spole\u010dnost&nbsp;Aquasanita&nbsp;je jednou z nejzn\u00e1m\u011bj\u0161\u00edch v\u00fdrobc\u016f granitov\u00fdch d\u0159ez\u016f na trhu. V\u00edce ne\u017e 80% sv\u00fdch produkt\u016f vyv\u00e1\u017e\u00ed do v\u00edce ne\u017e 30 zem\u00ed sv\u011bta. D\u0159ezy Aquasanita spl\u0148uj\u00ed nejn\u00e1ro\u010dn\u011bj\u0161\u00ed po\u017eadavky na zpracov\u00e1n\u00ed a kvalitu proveden\u00ed.&nbsp;V sou\u010dasn\u00e9 dob\u011b d\u00e1v\u00e1 Aquasanita sv\u00fdm d\u0159ez\u016fm nov\u00fd n\u00e1zev&nbsp;HELIKA. S my\u0161lenkou&nbsp;\u017e\u00edt \u017eivot v pomalej\u0161\u00edm tempu&nbsp;v souladu s p\u0159\u00edrodou. Proto Helika, v p\u0159ekladu hlem\u00fd\u017e\u010f.&nbsp;Produkty spole\u010dnosti Helika [&hellip;]<\/p>\n","protected":false},"featured_media":72279,"comment_status":"open","ping_status":"open","template":"","meta":[],"product_brand":[],"product_cat":[95],"product_tag":[],"class_list":{"0":"post-72179","1":"product","2":"type-product","3":"status-publish","4":"has-post-thumbnail","6":"product_cat-pochutiny-dum-a-zahrada","8":"first","9":"instock","10":"sale","11":"shipping-taxable","12":"purchasable","13":"product-type-simple"},"yoast_head":"<!-- This site is optimized with the Yoast SEO plugin v26.8 - https:\/\/yoast.com\/product\/yoast-seo-wordpress\/ -->\n<title>Ak\u010dn\u00ed Cena Aquasanita Tesa 780.0E Alumetallic -<\/title>\n<meta name=\"robots\" content=\"index, follow, max-snippet:-1, max-image-preview:large, max-video-preview:-1\" \/>\n<link rel=\"canonical\" href=\"https:\/\/www.koupeltech.com\/index.php\/produkt\/akcni-cena-aquasanita-tesa-780-0e-alumetallic-72179\/\" \/>\n<meta property=\"og:locale\" content=\"cs_CZ\" \/>\n<meta property=\"og:type\" content=\"article\" \/>\n<meta property=\"og:title\" content=\"Ak\u010dn\u00ed Cena Aquasanita Tesa 780.0E Alumetallic -\" \/>\n<meta property=\"og:description\" content=\"Spole\u010dnost&nbsp;Aquasanita&nbsp;je jednou z nejzn\u00e1m\u011bj\u0161\u00edch v\u00fdrobc\u016f granitov\u00fdch d\u0159ez\u016f na trhu. V\u00edce ne\u017e 80% sv\u00fdch produkt\u016f vyv\u00e1\u017e\u00ed do v\u00edce ne\u017e 30 zem\u00ed sv\u011bta. D\u0159ezy Aquasanita spl\u0148uj\u00ed nejn\u00e1ro\u010dn\u011bj\u0161\u00ed po\u017eadavky na zpracov\u00e1n\u00ed a kvalitu proveden\u00ed.&nbsp;V sou\u010dasn\u00e9 dob\u011b d\u00e1v\u00e1 Aquasanita sv\u00fdm d\u0159ez\u016fm nov\u00fd n\u00e1zev&nbsp;HELIKA. S my\u0161lenkou&nbsp;\u017e\u00edt \u017eivot v pomalej\u0161\u00edm tempu&nbsp;v souladu s p\u0159\u00edrodou. Proto Helika, v p\u0159ekladu hlem\u00fd\u017e\u010f.&nbsp;Produkty spole\u010dnosti Helika [&hellip;]\" \/>\n<meta property=\"og:url\" content=\"https:\/\/www.koupeltech.com\/index.php\/produkt\/akcni-cena-aquasanita-tesa-780-0e-alumetallic-72179\/\" \/>\n<meta property=\"og:image\" content=\"https:\/\/www.koupeltech.com\/wp-content\/uploads\/2026\/SK0023576-CZ20260425-093449-0-1777080896-aquasanita-tesa-780-0e-alumetallic.webp\" \/>\n\t<meta property=\"og:image:width\" content=\"1000\" \/>\n\t<meta property=\"og:image:height\" content=\"525\" \/>\n\t<meta property=\"og:image:type\" content=\"image\/webp\" \/>\n<meta name=\"twitter:card\" content=\"summary_large_image\" \/>\n<meta name=\"twitter:label1\" content=\"Odhadovan\u00e1 doba \u010dten\u00ed\" \/>\n\t<meta name=\"twitter:data1\" content=\"3 minuty\" \/>\n<script type=\"application\/ld+json\" class=\"yoast-schema-graph\">{\"@context\":\"https:\/\/schema.org\",\"@graph\":[{\"@type\":\"WebPage\",\"@id\":\"https:\/\/www.koupeltech.com\/index.php\/produkt\/akcni-cena-aquasanita-tesa-780-0e-alumetallic-72179\/\",\"url\":\"https:\/\/www.koupeltech.com\/index.php\/produkt\/akcni-cena-aquasanita-tesa-780-0e-alumetallic-72179\/\",\"name\":\"Ak\u010dn\u00ed Cena Aquasanita Tesa 780.0E Alumetallic -\",\"isPartOf\":{\"@id\":\"https:\/\/www.koupeltech.com\/#website\"},\"primaryImageOfPage\":{\"@id\":\"https:\/\/www.koupeltech.com\/index.php\/produkt\/akcni-cena-aquasanita-tesa-780-0e-alumetallic-72179\/#primaryimage\"},\"image\":{\"@id\":\"https:\/\/www.koupeltech.com\/index.php\/produkt\/akcni-cena-aquasanita-tesa-780-0e-alumetallic-72179\/#primaryimage\"},\"thumbnailUrl\":\"https:\/\/www.koupeltech.com\/wp-content\/uploads\/2026\/SK0023576-CZ20260425-093449-0-1777080896-aquasanita-tesa-780-0e-alumetallic.webp\",\"datePublished\":\"2026-04-27T14:06:59+00:00\",\"breadcrumb\":{\"@id\":\"https:\/\/www.koupeltech.com\/index.php\/produkt\/akcni-cena-aquasanita-tesa-780-0e-alumetallic-72179\/#breadcrumb\"},\"inLanguage\":\"cs\",\"potentialAction\":[{\"@type\":\"ReadAction\",\"target\":[\"https:\/\/www.koupeltech.com\/index.php\/produkt\/akcni-cena-aquasanita-tesa-780-0e-alumetallic-72179\/\"]}]},{\"@type\":\"ImageObject\",\"inLanguage\":\"cs\",\"@id\":\"https:\/\/www.koupeltech.com\/index.php\/produkt\/akcni-cena-aquasanita-tesa-780-0e-alumetallic-72179\/#primaryimage\",\"url\":\"https:\/\/www.koupeltech.com\/wp-content\/uploads\/2026\/SK0023576-CZ20260425-093449-0-1777080896-aquasanita-tesa-780-0e-alumetallic.webp\",\"contentUrl\":\"https:\/\/www.koupeltech.com\/wp-content\/uploads\/2026\/SK0023576-CZ20260425-093449-0-1777080896-aquasanita-tesa-780-0e-alumetallic.webp\",\"width\":1000,\"height\":525},{\"@type\":\"BreadcrumbList\",\"@id\":\"https:\/\/www.koupeltech.com\/index.php\/produkt\/akcni-cena-aquasanita-tesa-780-0e-alumetallic-72179\/#breadcrumb\",\"itemListElement\":[{\"@type\":\"ListItem\",\"position\":1,\"name\":\"Home\",\"item\":\"https:\/\/www.koupeltech.com\/\"},{\"@type\":\"ListItem\",\"position\":2,\"name\":\"Products\",\"item\":\"https:\/\/www.koupeltech.com\/index.php\/products\/\"},{\"@type\":\"ListItem\",\"position\":3,\"name\":\"Ak\u010dn\u00ed Cena Aquasanita Tesa 780.0E Alumetallic\"}]},{\"@type\":\"WebSite\",\"@id\":\"https:\/\/www.koupeltech.com\/#website\",\"url\":\"https:\/\/www.koupeltech.com\/\",\"name\":\"\",\"description\":\"\",\"potentialAction\":[{\"@type\":\"SearchAction\",\"target\":{\"@type\":\"EntryPoint\",\"urlTemplate\":\"https:\/\/www.koupeltech.com\/?s={search_term_string}\"},\"query-input\":{\"@type\":\"PropertyValueSpecification\",\"valueRequired\":true,\"valueName\":\"search_term_string\"}}],\"inLanguage\":\"cs\"}]}<\/script>\n<!-- \/ Yoast SEO plugin. -->","yoast_head_json":{"title":"Ak\u010dn\u00ed Cena Aquasanita Tesa 780.0E Alumetallic -","robots":{"index":"index","follow":"follow","max-snippet":"max-snippet:-1","max-image-preview":"max-image-preview:large","max-video-preview":"max-video-preview:-1"},"canonical":"https:\/\/www.koupeltech.com\/index.php\/produkt\/akcni-cena-aquasanita-tesa-780-0e-alumetallic-72179\/","og_locale":"cs_CZ","og_type":"article","og_title":"Ak\u010dn\u00ed Cena Aquasanita Tesa 780.0E Alumetallic -","og_description":"Spole\u010dnost&nbsp;Aquasanita&nbsp;je jednou z nejzn\u00e1m\u011bj\u0161\u00edch v\u00fdrobc\u016f granitov\u00fdch d\u0159ez\u016f na trhu. V\u00edce ne\u017e 80% sv\u00fdch produkt\u016f vyv\u00e1\u017e\u00ed do v\u00edce ne\u017e 30 zem\u00ed sv\u011bta. D\u0159ezy Aquasanita spl\u0148uj\u00ed nejn\u00e1ro\u010dn\u011bj\u0161\u00ed po\u017eadavky na zpracov\u00e1n\u00ed a kvalitu proveden\u00ed.&nbsp;V sou\u010dasn\u00e9 dob\u011b d\u00e1v\u00e1 Aquasanita sv\u00fdm d\u0159ez\u016fm nov\u00fd n\u00e1zev&nbsp;HELIKA. S my\u0161lenkou&nbsp;\u017e\u00edt \u017eivot v pomalej\u0161\u00edm tempu&nbsp;v souladu s p\u0159\u00edrodou. Proto Helika, v p\u0159ekladu hlem\u00fd\u017e\u010f.&nbsp;Produkty spole\u010dnosti Helika [&hellip;]","og_url":"https:\/\/www.koupeltech.com\/index.php\/produkt\/akcni-cena-aquasanita-tesa-780-0e-alumetallic-72179\/","og_image":[{"width":1000,"height":525,"url":"https:\/\/www.koupeltech.com\/wp-content\/uploads\/2026\/SK0023576-CZ20260425-093449-0-1777080896-aquasanita-tesa-780-0e-alumetallic.webp","type":"image\/webp"}],"twitter_card":"summary_large_image","twitter_misc":{"Odhadovan\u00e1 doba \u010dten\u00ed":"3 minuty"},"schema":{"@context":"https:\/\/schema.org","@graph":[{"@type":"WebPage","@id":"https:\/\/www.koupeltech.com\/index.php\/produkt\/akcni-cena-aquasanita-tesa-780-0e-alumetallic-72179\/","url":"https:\/\/www.koupeltech.com\/index.php\/produkt\/akcni-cena-aquasanita-tesa-780-0e-alumetallic-72179\/","name":"Ak\u010dn\u00ed Cena Aquasanita Tesa 780.0E Alumetallic -","isPartOf":{"@id":"https:\/\/www.koupeltech.com\/#website"},"primaryImageOfPage":{"@id":"https:\/\/www.koupeltech.com\/index.php\/produkt\/akcni-cena-aquasanita-tesa-780-0e-alumetallic-72179\/#primaryimage"},"image":{"@id":"https:\/\/www.koupeltech.com\/index.php\/produkt\/akcni-cena-aquasanita-tesa-780-0e-alumetallic-72179\/#primaryimage"},"thumbnailUrl":"https:\/\/www.koupeltech.com\/wp-content\/uploads\/2026\/SK0023576-CZ20260425-093449-0-1777080896-aquasanita-tesa-780-0e-alumetallic.webp","datePublished":"2026-04-27T14:06:59+00:00","breadcrumb":{"@id":"https:\/\/www.koupeltech.com\/index.php\/produkt\/akcni-cena-aquasanita-tesa-780-0e-alumetallic-72179\/#breadcrumb"},"inLanguage":"cs","potentialAction":[{"@type":"ReadAction","target":["https:\/\/www.koupeltech.com\/index.php\/produkt\/akcni-cena-aquasanita-tesa-780-0e-alumetallic-72179\/"]}]},{"@type":"ImageObject","inLanguage":"cs","@id":"https:\/\/www.koupeltech.com\/index.php\/produkt\/akcni-cena-aquasanita-tesa-780-0e-alumetallic-72179\/#primaryimage","url":"https:\/\/www.koupeltech.com\/wp-content\/uploads\/2026\/SK0023576-CZ20260425-093449-0-1777080896-aquasanita-tesa-780-0e-alumetallic.webp","contentUrl":"https:\/\/www.koupeltech.com\/wp-content\/uploads\/2026\/SK0023576-CZ20260425-093449-0-1777080896-aquasanita-tesa-780-0e-alumetallic.webp","width":1000,"height":525},{"@type":"BreadcrumbList","@id":"https:\/\/www.koupeltech.com\/index.php\/produkt\/akcni-cena-aquasanita-tesa-780-0e-alumetallic-72179\/#breadcrumb","itemListElement":[{"@type":"ListItem","position":1,"name":"Home","item":"https:\/\/www.koupeltech.com\/"},{"@type":"ListItem","position":2,"name":"Products","item":"https:\/\/www.koupeltech.com\/index.php\/products\/"},{"@type":"ListItem","position":3,"name":"Ak\u010dn\u00ed Cena Aquasanita Tesa 780.0E Alumetallic"}]},{"@type":"WebSite","@id":"https:\/\/www.koupeltech.com\/#website","url":"https:\/\/www.koupeltech.com\/","name":"","description":"","potentialAction":[{"@type":"SearchAction","target":{"@type":"EntryPoint","urlTemplate":"https:\/\/www.koupeltech.com\/?s={search_term_string}"},"query-input":{"@type":"PropertyValueSpecification","valueRequired":true,"valueName":"search_term_string"}}],"inLanguage":"cs"}]}},"_links":{"self":[{"href":"https:\/\/www.koupeltech.com\/index.php\/wp-json\/wp\/v2\/product\/72179","targetHints":{"allow":["GET"]}}],"collection":[{"href":"https:\/\/www.koupeltech.com\/index.php\/wp-json\/wp\/v2\/product"}],"about":[{"href":"https:\/\/www.koupeltech.com\/index.php\/wp-json\/wp\/v2\/types\/product"}],"replies":[{"embeddable":true,"href":"https:\/\/www.koupeltech.com\/index.php\/wp-json\/wp\/v2\/comments?post=72179"}],"wp:featuredmedia":[{"embeddable":true,"href":"https:\/\/www.koupeltech.com\/index.php\/wp-json\/wp\/v2\/media\/72279"}],"wp:attachment":[{"href":"https:\/\/www.koupeltech.com\/index.php\/wp-json\/wp\/v2\/media?parent=72179"}],"wp:term":[{"taxonomy":"product_brand","embeddable":true,"href":"https:\/\/www.koupeltech.com\/index.php\/wp-json\/wp\/v2\/product_brand?post=72179"},{"taxonomy":"product_cat","embeddable":true,"href":"https:\/\/www.koupeltech.com\/index.php\/wp-json\/wp\/v2\/product_cat?post=72179"},{"taxonomy":"product_tag","embeddable":true,"href":"https:\/\/www.koupeltech.com\/index.php\/wp-json\/wp\/v2\/product_tag?post=72179"}],"curies":[{"name":"wp","href":"https:\/\/api.w.org\/{rel}","templated":true}]}}