{"id":76150,"date":"2026-04-27T14:07:39","date_gmt":"2026-04-27T14:07:39","guid":{"rendered":""},"modified":"2026-04-27T14:07:39","modified_gmt":"2026-04-27T14:07:39","slug":"akce-makita-d-73019-pilovy-kotouc-na-hlinik-305x30x80t-tct-76150","status":"publish","type":"product","link":"https:\/\/www.koupeltech.com\/index.php\/produkt\/akce-makita-d-73019-pilovy-kotouc-na-hlinik-305x30x80t-tct-76150\/","title":{"rendered":"Akce Makita D-73019 pilov\u00fd kotou\u010d na hlin\u00edk 305x30x80T TCT"},"content":{"rendered":"<table>\n<div class=\"tab-pane active product-description\" id=\"popis\" role=\"tabpanel\">\n<div class=\"short-description\" itemprop=\"description\"><\/div>\n<div class=\"description\"><span class='bullet-line'>80zub\u00fd o\u0159ez\u00e1vac\u00ed pilov\u00fd kotou\u010d 305x30x2,8mm se zuby TCG na hlin\u00edk. <br \/><\/span><span class='bullet-line'>Kombinace ploch\u00fdch a lichob\u011b\u017en\u00edkov\u00fdch zub\u016f zabra\u0148uje p\u0159\u00edli\u0161n\u00e9mu zah\u0159\u00edv\u00e1n\u00ed pilov\u00fdch zub\u016f a deformaci materi\u00e1lu. <br \/><\/span><span class='bullet-line'>V\u00fdsledkem je p\u011bkn\u00fd, \u010dist\u00fd \u0159ez.<\/span><\/div>\n<div class=\"parameters\">\n<tr>\n<td>Typ pilov\u00e9ho kotou\u010de<\/td>\n<td>Kotou\u010d pokosov\u00e9 pily<\/td>\n<\/tr>\n<tr>\n<td>Produktov\u00e1 \u0159ada\u00a0\u00a0<\/td>\n<td>Standard<\/td>\n<\/tr>\n<tr>\n<td>Pr\u016fm\u011br pilov\u00e9ho kotou\u010de<\/td>\n<td>305 mm<\/td>\n<\/tr>\n<tr>\n<td>Pilov\u00fd kotou\u010d na otvory pro n\u00e1pravu<\/td>\n<td>30 mm<\/td>\n<\/tr>\n<tr>\n<td>Po\u010det zub\u016f<\/td>\n<td>80<\/td>\n<\/tr><\/div>\n<\/table>\n","protected":false},"excerpt":{"rendered":"<p>80zub\u00fd o\u0159ez\u00e1vac\u00ed pilov\u00fd kotou\u010d 305x30x2,8mm se zuby TCG na hlin\u00edk. Kombinace ploch\u00fdch a lichob\u011b\u017en\u00edkov\u00fdch zub\u016f zabra\u0148uje p\u0159\u00edli\u0161n\u00e9mu zah\u0159\u00edv\u00e1n\u00ed pilov\u00fdch zub\u016f a deformaci materi\u00e1lu. V\u00fdsledkem je p\u011bkn\u00fd, \u010dist\u00fd \u0159ez. Typ pilov\u00e9ho kotou\u010de Kotou\u010d pokosov\u00e9 pily Produktov\u00e1 \u0159ada\u00a0\u00a0 Standard Pr\u016fm\u011br pilov\u00e9ho kotou\u010de 305 mm Pilov\u00fd kotou\u010d na otvory pro n\u00e1pravu 30 mm Po\u010det zub\u016f 80<\/p>\n","protected":false},"featured_media":76250,"comment_status":"open","ping_status":"open","template":"","meta":[],"product_brand":[],"product_cat":[43],"product_tag":[],"class_list":{"0":"post-76150","1":"product","2":"type-product","3":"status-publish","4":"has-post-thumbnail","6":"product_cat-naradi","8":"first","9":"instock","10":"sale","11":"shipping-taxable","12":"purchasable","13":"product-type-simple"},"yoast_head":"<!-- This site is optimized with the Yoast SEO plugin v26.8 - https:\/\/yoast.com\/product\/yoast-seo-wordpress\/ -->\n<title>Akce Makita D-73019 pilov\u00fd kotou\u010d na hlin\u00edk 305x30x80T TCT -<\/title>\n<meta name=\"robots\" content=\"index, follow, max-snippet:-1, max-image-preview:large, max-video-preview:-1\" \/>\n<link rel=\"canonical\" href=\"https:\/\/www.koupeltech.com\/index.php\/produkt\/akce-makita-d-73019-pilovy-kotouc-na-hlinik-305x30x80t-tct-76150\/\" \/>\n<meta property=\"og:locale\" content=\"cs_CZ\" \/>\n<meta property=\"og:type\" content=\"article\" \/>\n<meta property=\"og:title\" content=\"Akce Makita D-73019 pilov\u00fd kotou\u010d na hlin\u00edk 305x30x80T TCT -\" \/>\n<meta property=\"og:description\" content=\"80zub\u00fd o\u0159ez\u00e1vac\u00ed pilov\u00fd kotou\u010d 305x30x2,8mm se zuby TCG na hlin\u00edk. Kombinace ploch\u00fdch a lichob\u011b\u017en\u00edkov\u00fdch zub\u016f zabra\u0148uje p\u0159\u00edli\u0161n\u00e9mu zah\u0159\u00edv\u00e1n\u00ed pilov\u00fdch zub\u016f a deformaci materi\u00e1lu. V\u00fdsledkem je p\u011bkn\u00fd, \u010dist\u00fd \u0159ez. Typ pilov\u00e9ho kotou\u010de Kotou\u010d pokosov\u00e9 pily Produktov\u00e1 \u0159ada\u00a0\u00a0 Standard Pr\u016fm\u011br pilov\u00e9ho kotou\u010de 305 mm Pilov\u00fd kotou\u010d na otvory pro n\u00e1pravu 30 mm Po\u010det zub\u016f 80\" \/>\n<meta property=\"og:url\" content=\"https:\/\/www.koupeltech.com\/index.php\/produkt\/akce-makita-d-73019-pilovy-kotouc-na-hlinik-305x30x80t-tct-76150\/\" \/>\n<meta property=\"og:image\" content=\"https:\/\/www.koupeltech.com\/wp-content\/uploads\/2026\/SK0027846-CZ20260425-092328-0-1777080210-d-73019_c1c0-20.webp\" \/>\n\t<meta property=\"og:image:width\" content=\"811\" \/>\n\t<meta property=\"og:image:height\" content=\"800\" \/>\n\t<meta property=\"og:image:type\" content=\"image\/webp\" \/>\n<meta name=\"twitter:card\" content=\"summary_large_image\" \/>\n<script type=\"application\/ld+json\" class=\"yoast-schema-graph\">{\"@context\":\"https:\/\/schema.org\",\"@graph\":[{\"@type\":\"WebPage\",\"@id\":\"https:\/\/www.koupeltech.com\/index.php\/produkt\/akce-makita-d-73019-pilovy-kotouc-na-hlinik-305x30x80t-tct-76150\/\",\"url\":\"https:\/\/www.koupeltech.com\/index.php\/produkt\/akce-makita-d-73019-pilovy-kotouc-na-hlinik-305x30x80t-tct-76150\/\",\"name\":\"Akce Makita D-73019 pilov\u00fd kotou\u010d na hlin\u00edk 305x30x80T TCT -\",\"isPartOf\":{\"@id\":\"https:\/\/www.koupeltech.com\/#website\"},\"primaryImageOfPage\":{\"@id\":\"https:\/\/www.koupeltech.com\/index.php\/produkt\/akce-makita-d-73019-pilovy-kotouc-na-hlinik-305x30x80t-tct-76150\/#primaryimage\"},\"image\":{\"@id\":\"https:\/\/www.koupeltech.com\/index.php\/produkt\/akce-makita-d-73019-pilovy-kotouc-na-hlinik-305x30x80t-tct-76150\/#primaryimage\"},\"thumbnailUrl\":\"https:\/\/www.koupeltech.com\/wp-content\/uploads\/2026\/SK0027846-CZ20260425-092328-0-1777080210-d-73019_c1c0-20.webp\",\"datePublished\":\"2026-04-27T14:07:39+00:00\",\"breadcrumb\":{\"@id\":\"https:\/\/www.koupeltech.com\/index.php\/produkt\/akce-makita-d-73019-pilovy-kotouc-na-hlinik-305x30x80t-tct-76150\/#breadcrumb\"},\"inLanguage\":\"cs\",\"potentialAction\":[{\"@type\":\"ReadAction\",\"target\":[\"https:\/\/www.koupeltech.com\/index.php\/produkt\/akce-makita-d-73019-pilovy-kotouc-na-hlinik-305x30x80t-tct-76150\/\"]}]},{\"@type\":\"ImageObject\",\"inLanguage\":\"cs\",\"@id\":\"https:\/\/www.koupeltech.com\/index.php\/produkt\/akce-makita-d-73019-pilovy-kotouc-na-hlinik-305x30x80t-tct-76150\/#primaryimage\",\"url\":\"https:\/\/www.koupeltech.com\/wp-content\/uploads\/2026\/SK0027846-CZ20260425-092328-0-1777080210-d-73019_c1c0-20.webp\",\"contentUrl\":\"https:\/\/www.koupeltech.com\/wp-content\/uploads\/2026\/SK0027846-CZ20260425-092328-0-1777080210-d-73019_c1c0-20.webp\",\"width\":811,\"height\":800},{\"@type\":\"BreadcrumbList\",\"@id\":\"https:\/\/www.koupeltech.com\/index.php\/produkt\/akce-makita-d-73019-pilovy-kotouc-na-hlinik-305x30x80t-tct-76150\/#breadcrumb\",\"itemListElement\":[{\"@type\":\"ListItem\",\"position\":1,\"name\":\"Home\",\"item\":\"https:\/\/www.koupeltech.com\/\"},{\"@type\":\"ListItem\",\"position\":2,\"name\":\"Products\",\"item\":\"https:\/\/www.koupeltech.com\/index.php\/products\/\"},{\"@type\":\"ListItem\",\"position\":3,\"name\":\"Akce Makita D-73019 pilov\u00fd kotou\u010d na hlin\u00edk 305x30x80T TCT\"}]},{\"@type\":\"WebSite\",\"@id\":\"https:\/\/www.koupeltech.com\/#website\",\"url\":\"https:\/\/www.koupeltech.com\/\",\"name\":\"\",\"description\":\"\",\"potentialAction\":[{\"@type\":\"SearchAction\",\"target\":{\"@type\":\"EntryPoint\",\"urlTemplate\":\"https:\/\/www.koupeltech.com\/?s={search_term_string}\"},\"query-input\":{\"@type\":\"PropertyValueSpecification\",\"valueRequired\":true,\"valueName\":\"search_term_string\"}}],\"inLanguage\":\"cs\"}]}<\/script>\n<!-- \/ Yoast SEO plugin. -->","yoast_head_json":{"title":"Akce Makita D-73019 pilov\u00fd kotou\u010d na hlin\u00edk 305x30x80T TCT -","robots":{"index":"index","follow":"follow","max-snippet":"max-snippet:-1","max-image-preview":"max-image-preview:large","max-video-preview":"max-video-preview:-1"},"canonical":"https:\/\/www.koupeltech.com\/index.php\/produkt\/akce-makita-d-73019-pilovy-kotouc-na-hlinik-305x30x80t-tct-76150\/","og_locale":"cs_CZ","og_type":"article","og_title":"Akce Makita D-73019 pilov\u00fd kotou\u010d na hlin\u00edk 305x30x80T TCT -","og_description":"80zub\u00fd o\u0159ez\u00e1vac\u00ed pilov\u00fd kotou\u010d 305x30x2,8mm se zuby TCG na hlin\u00edk. Kombinace ploch\u00fdch a lichob\u011b\u017en\u00edkov\u00fdch zub\u016f zabra\u0148uje p\u0159\u00edli\u0161n\u00e9mu zah\u0159\u00edv\u00e1n\u00ed pilov\u00fdch zub\u016f a deformaci materi\u00e1lu. V\u00fdsledkem je p\u011bkn\u00fd, \u010dist\u00fd \u0159ez. Typ pilov\u00e9ho kotou\u010de Kotou\u010d pokosov\u00e9 pily Produktov\u00e1 \u0159ada\u00a0\u00a0 Standard Pr\u016fm\u011br pilov\u00e9ho kotou\u010de 305 mm Pilov\u00fd kotou\u010d na otvory pro n\u00e1pravu 30 mm Po\u010det zub\u016f 80","og_url":"https:\/\/www.koupeltech.com\/index.php\/produkt\/akce-makita-d-73019-pilovy-kotouc-na-hlinik-305x30x80t-tct-76150\/","og_image":[{"width":811,"height":800,"url":"https:\/\/www.koupeltech.com\/wp-content\/uploads\/2026\/SK0027846-CZ20260425-092328-0-1777080210-d-73019_c1c0-20.webp","type":"image\/webp"}],"twitter_card":"summary_large_image","schema":{"@context":"https:\/\/schema.org","@graph":[{"@type":"WebPage","@id":"https:\/\/www.koupeltech.com\/index.php\/produkt\/akce-makita-d-73019-pilovy-kotouc-na-hlinik-305x30x80t-tct-76150\/","url":"https:\/\/www.koupeltech.com\/index.php\/produkt\/akce-makita-d-73019-pilovy-kotouc-na-hlinik-305x30x80t-tct-76150\/","name":"Akce Makita D-73019 pilov\u00fd kotou\u010d na hlin\u00edk 305x30x80T TCT -","isPartOf":{"@id":"https:\/\/www.koupeltech.com\/#website"},"primaryImageOfPage":{"@id":"https:\/\/www.koupeltech.com\/index.php\/produkt\/akce-makita-d-73019-pilovy-kotouc-na-hlinik-305x30x80t-tct-76150\/#primaryimage"},"image":{"@id":"https:\/\/www.koupeltech.com\/index.php\/produkt\/akce-makita-d-73019-pilovy-kotouc-na-hlinik-305x30x80t-tct-76150\/#primaryimage"},"thumbnailUrl":"https:\/\/www.koupeltech.com\/wp-content\/uploads\/2026\/SK0027846-CZ20260425-092328-0-1777080210-d-73019_c1c0-20.webp","datePublished":"2026-04-27T14:07:39+00:00","breadcrumb":{"@id":"https:\/\/www.koupeltech.com\/index.php\/produkt\/akce-makita-d-73019-pilovy-kotouc-na-hlinik-305x30x80t-tct-76150\/#breadcrumb"},"inLanguage":"cs","potentialAction":[{"@type":"ReadAction","target":["https:\/\/www.koupeltech.com\/index.php\/produkt\/akce-makita-d-73019-pilovy-kotouc-na-hlinik-305x30x80t-tct-76150\/"]}]},{"@type":"ImageObject","inLanguage":"cs","@id":"https:\/\/www.koupeltech.com\/index.php\/produkt\/akce-makita-d-73019-pilovy-kotouc-na-hlinik-305x30x80t-tct-76150\/#primaryimage","url":"https:\/\/www.koupeltech.com\/wp-content\/uploads\/2026\/SK0027846-CZ20260425-092328-0-1777080210-d-73019_c1c0-20.webp","contentUrl":"https:\/\/www.koupeltech.com\/wp-content\/uploads\/2026\/SK0027846-CZ20260425-092328-0-1777080210-d-73019_c1c0-20.webp","width":811,"height":800},{"@type":"BreadcrumbList","@id":"https:\/\/www.koupeltech.com\/index.php\/produkt\/akce-makita-d-73019-pilovy-kotouc-na-hlinik-305x30x80t-tct-76150\/#breadcrumb","itemListElement":[{"@type":"ListItem","position":1,"name":"Home","item":"https:\/\/www.koupeltech.com\/"},{"@type":"ListItem","position":2,"name":"Products","item":"https:\/\/www.koupeltech.com\/index.php\/products\/"},{"@type":"ListItem","position":3,"name":"Akce Makita D-73019 pilov\u00fd kotou\u010d na hlin\u00edk 305x30x80T TCT"}]},{"@type":"WebSite","@id":"https:\/\/www.koupeltech.com\/#website","url":"https:\/\/www.koupeltech.com\/","name":"","description":"","potentialAction":[{"@type":"SearchAction","target":{"@type":"EntryPoint","urlTemplate":"https:\/\/www.koupeltech.com\/?s={search_term_string}"},"query-input":{"@type":"PropertyValueSpecification","valueRequired":true,"valueName":"search_term_string"}}],"inLanguage":"cs"}]}},"_links":{"self":[{"href":"https:\/\/www.koupeltech.com\/index.php\/wp-json\/wp\/v2\/product\/76150","targetHints":{"allow":["GET"]}}],"collection":[{"href":"https:\/\/www.koupeltech.com\/index.php\/wp-json\/wp\/v2\/product"}],"about":[{"href":"https:\/\/www.koupeltech.com\/index.php\/wp-json\/wp\/v2\/types\/product"}],"replies":[{"embeddable":true,"href":"https:\/\/www.koupeltech.com\/index.php\/wp-json\/wp\/v2\/comments?post=76150"}],"wp:featuredmedia":[{"embeddable":true,"href":"https:\/\/www.koupeltech.com\/index.php\/wp-json\/wp\/v2\/media\/76250"}],"wp:attachment":[{"href":"https:\/\/www.koupeltech.com\/index.php\/wp-json\/wp\/v2\/media?parent=76150"}],"wp:term":[{"taxonomy":"product_brand","embeddable":true,"href":"https:\/\/www.koupeltech.com\/index.php\/wp-json\/wp\/v2\/product_brand?post=76150"},{"taxonomy":"product_cat","embeddable":true,"href":"https:\/\/www.koupeltech.com\/index.php\/wp-json\/wp\/v2\/product_cat?post=76150"},{"taxonomy":"product_tag","embeddable":true,"href":"https:\/\/www.koupeltech.com\/index.php\/wp-json\/wp\/v2\/product_tag?post=76150"}],"curies":[{"name":"wp","href":"https:\/\/api.w.org\/{rel}","templated":true}]}}