{"id":7748,"date":"2026-04-27T13:56:58","date_gmt":"2026-04-27T13:56:58","guid":{"rendered":""},"modified":"2026-04-27T13:56:58","modified_gmt":"2026-04-27T13:56:58","slug":"znackovy-detecha-karbolineum-extra-3-5kg-teak-7748","status":"publish","type":"product","link":"https:\/\/www.koupeltech.com\/index.php\/produkt\/znackovy-detecha-karbolineum-extra-3-5kg-teak-7748\/","title":{"rendered":"Zna\u010dkov\u00fd Detecha KARBOLINEUM EXTRA 3,5kg teak"},"content":{"rendered":"<table>\n<div class=\"tab-pane active product-description\" id=\"popis\" role=\"tabpanel\">\n<div class=\"short-description\" itemprop=\"description\"><\/div>\n<div class=\"description\"><span class='bullet-line'>Lazura na d\u0159evo 3 v 1 \u2013 impregna\u010dn\u00ed, ochrann\u00e1 a dekorativn\u00ed. <br \/><\/span><span class='bullet-line'>N\u00e1t\u011br zv\u00fdrazn\u00ed p\u0159irozenou kresbu d\u0159eva. <br \/><\/span><span class='bullet-line'>Unik\u00e1tn\u00ed receptura zajist\u00ed dlouhodobou ochranu nat\u0159en\u00e9ho povrchu. <br \/><\/span><span class='bullet-line'>N\u00e1t\u011brov\u00fd film je o\u0161et\u0159en proti napaden\u00ed mechy, pl\u00edsn\u011bmi, \u0159asami a houbami.<br \/><\/span><br \/>\u25ba P\u0159ednosti:<span class='bullet-line'>Hloubkov\u00e9 napou\u0161t\u011bdlo a z\u00e1rove\u0148 vrchn\u00ed n\u00e1t\u011br.<br \/><\/span><span class='bullet-line'>Neuzav\u00edr\u00e1 d\u0159evo, neprask\u00e1, neloupe se.<br \/><\/span><span class='bullet-line'>Pou\u017eit\u00e9 pigmenty zv\u00fdraz\u0148uj\u00ed kresbu d\u0159eva a zvy\u0161uj\u00ed odolnost proti UV z\u00e1\u0159en\u00ed.<br \/><\/span><span class='bullet-line'>Po zaschnut\u00ed bez z\u00e1pachu.<br \/><\/span><span class='bullet-line'>Snadn\u00e1 obnova n\u00e1t\u011bru bez brou\u0161en\u00ed.<br \/><\/span><span class='bullet-line'>Odolnost pov\u011btrnostn\u00edm vliv\u016fm, dlouh\u00e1 \u017eivotnost.<br \/><\/span><span class='bullet-line'>Pro sv\u00e9 vlastnosti nejpou\u017e\u00edvan\u011bj\u0161\u00ed p\u0159\u00edpravek na n\u00e1t\u011bry \u0161indelov\u00fdch st\u0159ech.<\/span><\/div>\n<div class=\"parameters\">\n<tr>\n<td>Pou\u017eit\u00ed<\/td>\n<td>D\u0159evostavby, gar\u00e1\u017eov\u00e1 st\u00e1n\u00ed, zahradn\u00ed domky, pergoly, alt\u00e1ny, ploty, \u0161indelov\u00e9 st\u0159echy, podhledy.<\/td>\n<\/tr>\n<tr>\n<td>Spot\u0159eba<\/td>\n<td>pro dostate\u010dnou hloubkovou ochranu d\u0159eva min. 150\u2008g\/m\u00b2 (6,7\u2008m\u00b2\/1\u2008kg) dle savosti d\u0159eva, na nov\u00e9 doporu\u010dujeme dv\u011b vrstvy<\/td>\n<\/tr>\n<tr>\n<td>\u0158edidlo<\/td>\n<td>Ne\u0159ed\u00ed se (pro \u010di\u0161t\u011bn\u00ed pom\u016fcek \u0159edidlo S 6005, S 6006).<\/td>\n<\/tr>\n<tr>\n<td>Balen\u00ed<\/td>\n<td>0,7\u2008kg, 3,5\u2008kg, 8\u2008kg, 50\u2008kg sud, 160\u2008kg sud<\/td>\n<\/tr>\n<tr>\n<td>N\u00e1t\u011brov\u00e1 hmota je vhodn\u00e1 k nan\u00e1\u0161en\u00ed pomoc\u00ed :<\/td>\n<td>I. \u0160tetky<\/td>\n<\/tr>\n<tr>\n<td><\/td>\n<td>II. V\u00e1le\u010dku<\/td>\n<\/tr>\n<tr>\n<td><\/td>\n<td>III. St\u0159\u00edk\u00e1n\u00ed<\/td>\n<\/tr><\/div>\n<\/table>\n","protected":false},"excerpt":{"rendered":"<p>Lazura na d\u0159evo 3 v 1 \u2013 impregna\u010dn\u00ed, ochrann\u00e1 a dekorativn\u00ed. N\u00e1t\u011br zv\u00fdrazn\u00ed p\u0159irozenou kresbu d\u0159eva. Unik\u00e1tn\u00ed receptura zajist\u00ed dlouhodobou ochranu nat\u0159en\u00e9ho povrchu. N\u00e1t\u011brov\u00fd film je o\u0161et\u0159en proti napaden\u00ed mechy, pl\u00edsn\u011bmi, \u0159asami a houbami.\u25ba P\u0159ednosti:Hloubkov\u00e9 napou\u0161t\u011bdlo a z\u00e1rove\u0148 vrchn\u00ed n\u00e1t\u011br.Neuzav\u00edr\u00e1 d\u0159evo, neprask\u00e1, neloupe se.Pou\u017eit\u00e9 pigmenty zv\u00fdraz\u0148uj\u00ed kresbu d\u0159eva a zvy\u0161uj\u00ed odolnost proti UV z\u00e1\u0159en\u00ed.Po zaschnut\u00ed [&hellip;]<\/p>\n","protected":false},"featured_media":7848,"comment_status":"open","ping_status":"open","template":"","meta":[],"product_brand":[],"product_cat":[40,42,41],"product_tag":[],"class_list":{"0":"post-7748","1":"product","2":"type-product","3":"status-publish","4":"has-post-thumbnail","6":"product_cat-barvy","7":"product_cat-chemie","8":"product_cat-laky","10":"first","11":"instock","12":"sale","13":"shipping-taxable","14":"purchasable","15":"product-type-simple"},"yoast_head":"<!-- This site is optimized with the Yoast SEO plugin v26.8 - https:\/\/yoast.com\/product\/yoast-seo-wordpress\/ -->\n<title>Zna\u010dkov\u00fd Detecha KARBOLINEUM EXTRA 3,5kg teak -<\/title>\n<meta name=\"robots\" content=\"index, follow, max-snippet:-1, max-image-preview:large, max-video-preview:-1\" \/>\n<link rel=\"canonical\" href=\"https:\/\/www.koupeltech.com\/index.php\/produkt\/znackovy-detecha-karbolineum-extra-3-5kg-teak-7748\/\" \/>\n<meta property=\"og:locale\" content=\"cs_CZ\" \/>\n<meta property=\"og:type\" content=\"article\" \/>\n<meta property=\"og:title\" content=\"Zna\u010dkov\u00fd Detecha KARBOLINEUM EXTRA 3,5kg teak -\" \/>\n<meta property=\"og:description\" content=\"Lazura na d\u0159evo 3 v 1 \u2013 impregna\u010dn\u00ed, ochrann\u00e1 a dekorativn\u00ed. N\u00e1t\u011br zv\u00fdrazn\u00ed p\u0159irozenou kresbu d\u0159eva. Unik\u00e1tn\u00ed receptura zajist\u00ed dlouhodobou ochranu nat\u0159en\u00e9ho povrchu. N\u00e1t\u011brov\u00fd film je o\u0161et\u0159en proti napaden\u00ed mechy, pl\u00edsn\u011bmi, \u0159asami a houbami.\u25ba P\u0159ednosti:Hloubkov\u00e9 napou\u0161t\u011bdlo a z\u00e1rove\u0148 vrchn\u00ed n\u00e1t\u011br.Neuzav\u00edr\u00e1 d\u0159evo, neprask\u00e1, neloupe se.Pou\u017eit\u00e9 pigmenty zv\u00fdraz\u0148uj\u00ed kresbu d\u0159eva a zvy\u0161uj\u00ed odolnost proti UV z\u00e1\u0159en\u00ed.Po zaschnut\u00ed [&hellip;]\" \/>\n<meta property=\"og:url\" content=\"https:\/\/www.koupeltech.com\/index.php\/produkt\/znackovy-detecha-karbolineum-extra-3-5kg-teak-7748\/\" \/>\n<meta property=\"og:image\" content=\"https:\/\/www.koupeltech.com\/wp-content\/uploads\/2026\/SK0023017-CZ20260425-092328-0-1777080210-teakaa.webp\" \/>\n\t<meta property=\"og:image:width\" content=\"700\" \/>\n\t<meta property=\"og:image:height\" content=\"560\" \/>\n\t<meta property=\"og:image:type\" content=\"image\/webp\" \/>\n<meta name=\"twitter:card\" content=\"summary_large_image\" \/>\n<meta name=\"twitter:label1\" content=\"Odhadovan\u00e1 doba \u010dten\u00ed\" \/>\n\t<meta name=\"twitter:data1\" content=\"1 minuta\" \/>\n<script type=\"application\/ld+json\" class=\"yoast-schema-graph\">{\"@context\":\"https:\/\/schema.org\",\"@graph\":[{\"@type\":\"WebPage\",\"@id\":\"https:\/\/www.koupeltech.com\/index.php\/produkt\/znackovy-detecha-karbolineum-extra-3-5kg-teak-7748\/\",\"url\":\"https:\/\/www.koupeltech.com\/index.php\/produkt\/znackovy-detecha-karbolineum-extra-3-5kg-teak-7748\/\",\"name\":\"Zna\u010dkov\u00fd Detecha KARBOLINEUM EXTRA 3,5kg teak -\",\"isPartOf\":{\"@id\":\"https:\/\/www.koupeltech.com\/#website\"},\"primaryImageOfPage\":{\"@id\":\"https:\/\/www.koupeltech.com\/index.php\/produkt\/znackovy-detecha-karbolineum-extra-3-5kg-teak-7748\/#primaryimage\"},\"image\":{\"@id\":\"https:\/\/www.koupeltech.com\/index.php\/produkt\/znackovy-detecha-karbolineum-extra-3-5kg-teak-7748\/#primaryimage\"},\"thumbnailUrl\":\"https:\/\/www.koupeltech.com\/wp-content\/uploads\/2026\/SK0023017-CZ20260425-092328-0-1777080210-teakaa.webp\",\"datePublished\":\"2026-04-27T13:56:58+00:00\",\"breadcrumb\":{\"@id\":\"https:\/\/www.koupeltech.com\/index.php\/produkt\/znackovy-detecha-karbolineum-extra-3-5kg-teak-7748\/#breadcrumb\"},\"inLanguage\":\"cs\",\"potentialAction\":[{\"@type\":\"ReadAction\",\"target\":[\"https:\/\/www.koupeltech.com\/index.php\/produkt\/znackovy-detecha-karbolineum-extra-3-5kg-teak-7748\/\"]}]},{\"@type\":\"ImageObject\",\"inLanguage\":\"cs\",\"@id\":\"https:\/\/www.koupeltech.com\/index.php\/produkt\/znackovy-detecha-karbolineum-extra-3-5kg-teak-7748\/#primaryimage\",\"url\":\"https:\/\/www.koupeltech.com\/wp-content\/uploads\/2026\/SK0023017-CZ20260425-092328-0-1777080210-teakaa.webp\",\"contentUrl\":\"https:\/\/www.koupeltech.com\/wp-content\/uploads\/2026\/SK0023017-CZ20260425-092328-0-1777080210-teakaa.webp\",\"width\":700,\"height\":560},{\"@type\":\"BreadcrumbList\",\"@id\":\"https:\/\/www.koupeltech.com\/index.php\/produkt\/znackovy-detecha-karbolineum-extra-3-5kg-teak-7748\/#breadcrumb\",\"itemListElement\":[{\"@type\":\"ListItem\",\"position\":1,\"name\":\"Home\",\"item\":\"https:\/\/www.koupeltech.com\/\"},{\"@type\":\"ListItem\",\"position\":2,\"name\":\"Products\",\"item\":\"https:\/\/www.koupeltech.com\/index.php\/products\/\"},{\"@type\":\"ListItem\",\"position\":3,\"name\":\"Zna\u010dkov\u00fd Detecha KARBOLINEUM EXTRA 3,5kg teak\"}]},{\"@type\":\"WebSite\",\"@id\":\"https:\/\/www.koupeltech.com\/#website\",\"url\":\"https:\/\/www.koupeltech.com\/\",\"name\":\"\",\"description\":\"\",\"potentialAction\":[{\"@type\":\"SearchAction\",\"target\":{\"@type\":\"EntryPoint\",\"urlTemplate\":\"https:\/\/www.koupeltech.com\/?s={search_term_string}\"},\"query-input\":{\"@type\":\"PropertyValueSpecification\",\"valueRequired\":true,\"valueName\":\"search_term_string\"}}],\"inLanguage\":\"cs\"}]}<\/script>\n<!-- \/ Yoast SEO plugin. -->","yoast_head_json":{"title":"Zna\u010dkov\u00fd Detecha KARBOLINEUM EXTRA 3,5kg teak -","robots":{"index":"index","follow":"follow","max-snippet":"max-snippet:-1","max-image-preview":"max-image-preview:large","max-video-preview":"max-video-preview:-1"},"canonical":"https:\/\/www.koupeltech.com\/index.php\/produkt\/znackovy-detecha-karbolineum-extra-3-5kg-teak-7748\/","og_locale":"cs_CZ","og_type":"article","og_title":"Zna\u010dkov\u00fd Detecha KARBOLINEUM EXTRA 3,5kg teak -","og_description":"Lazura na d\u0159evo 3 v 1 \u2013 impregna\u010dn\u00ed, ochrann\u00e1 a dekorativn\u00ed. N\u00e1t\u011br zv\u00fdrazn\u00ed p\u0159irozenou kresbu d\u0159eva. Unik\u00e1tn\u00ed receptura zajist\u00ed dlouhodobou ochranu nat\u0159en\u00e9ho povrchu. N\u00e1t\u011brov\u00fd film je o\u0161et\u0159en proti napaden\u00ed mechy, pl\u00edsn\u011bmi, \u0159asami a houbami.\u25ba P\u0159ednosti:Hloubkov\u00e9 napou\u0161t\u011bdlo a z\u00e1rove\u0148 vrchn\u00ed n\u00e1t\u011br.Neuzav\u00edr\u00e1 d\u0159evo, neprask\u00e1, neloupe se.Pou\u017eit\u00e9 pigmenty zv\u00fdraz\u0148uj\u00ed kresbu d\u0159eva a zvy\u0161uj\u00ed odolnost proti UV z\u00e1\u0159en\u00ed.Po zaschnut\u00ed [&hellip;]","og_url":"https:\/\/www.koupeltech.com\/index.php\/produkt\/znackovy-detecha-karbolineum-extra-3-5kg-teak-7748\/","og_image":[{"width":700,"height":560,"url":"https:\/\/www.koupeltech.com\/wp-content\/uploads\/2026\/SK0023017-CZ20260425-092328-0-1777080210-teakaa.webp","type":"image\/webp"}],"twitter_card":"summary_large_image","twitter_misc":{"Odhadovan\u00e1 doba \u010dten\u00ed":"1 minuta"},"schema":{"@context":"https:\/\/schema.org","@graph":[{"@type":"WebPage","@id":"https:\/\/www.koupeltech.com\/index.php\/produkt\/znackovy-detecha-karbolineum-extra-3-5kg-teak-7748\/","url":"https:\/\/www.koupeltech.com\/index.php\/produkt\/znackovy-detecha-karbolineum-extra-3-5kg-teak-7748\/","name":"Zna\u010dkov\u00fd Detecha KARBOLINEUM EXTRA 3,5kg teak -","isPartOf":{"@id":"https:\/\/www.koupeltech.com\/#website"},"primaryImageOfPage":{"@id":"https:\/\/www.koupeltech.com\/index.php\/produkt\/znackovy-detecha-karbolineum-extra-3-5kg-teak-7748\/#primaryimage"},"image":{"@id":"https:\/\/www.koupeltech.com\/index.php\/produkt\/znackovy-detecha-karbolineum-extra-3-5kg-teak-7748\/#primaryimage"},"thumbnailUrl":"https:\/\/www.koupeltech.com\/wp-content\/uploads\/2026\/SK0023017-CZ20260425-092328-0-1777080210-teakaa.webp","datePublished":"2026-04-27T13:56:58+00:00","breadcrumb":{"@id":"https:\/\/www.koupeltech.com\/index.php\/produkt\/znackovy-detecha-karbolineum-extra-3-5kg-teak-7748\/#breadcrumb"},"inLanguage":"cs","potentialAction":[{"@type":"ReadAction","target":["https:\/\/www.koupeltech.com\/index.php\/produkt\/znackovy-detecha-karbolineum-extra-3-5kg-teak-7748\/"]}]},{"@type":"ImageObject","inLanguage":"cs","@id":"https:\/\/www.koupeltech.com\/index.php\/produkt\/znackovy-detecha-karbolineum-extra-3-5kg-teak-7748\/#primaryimage","url":"https:\/\/www.koupeltech.com\/wp-content\/uploads\/2026\/SK0023017-CZ20260425-092328-0-1777080210-teakaa.webp","contentUrl":"https:\/\/www.koupeltech.com\/wp-content\/uploads\/2026\/SK0023017-CZ20260425-092328-0-1777080210-teakaa.webp","width":700,"height":560},{"@type":"BreadcrumbList","@id":"https:\/\/www.koupeltech.com\/index.php\/produkt\/znackovy-detecha-karbolineum-extra-3-5kg-teak-7748\/#breadcrumb","itemListElement":[{"@type":"ListItem","position":1,"name":"Home","item":"https:\/\/www.koupeltech.com\/"},{"@type":"ListItem","position":2,"name":"Products","item":"https:\/\/www.koupeltech.com\/index.php\/products\/"},{"@type":"ListItem","position":3,"name":"Zna\u010dkov\u00fd Detecha KARBOLINEUM EXTRA 3,5kg teak"}]},{"@type":"WebSite","@id":"https:\/\/www.koupeltech.com\/#website","url":"https:\/\/www.koupeltech.com\/","name":"","description":"","potentialAction":[{"@type":"SearchAction","target":{"@type":"EntryPoint","urlTemplate":"https:\/\/www.koupeltech.com\/?s={search_term_string}"},"query-input":{"@type":"PropertyValueSpecification","valueRequired":true,"valueName":"search_term_string"}}],"inLanguage":"cs"}]}},"_links":{"self":[{"href":"https:\/\/www.koupeltech.com\/index.php\/wp-json\/wp\/v2\/product\/7748","targetHints":{"allow":["GET"]}}],"collection":[{"href":"https:\/\/www.koupeltech.com\/index.php\/wp-json\/wp\/v2\/product"}],"about":[{"href":"https:\/\/www.koupeltech.com\/index.php\/wp-json\/wp\/v2\/types\/product"}],"replies":[{"embeddable":true,"href":"https:\/\/www.koupeltech.com\/index.php\/wp-json\/wp\/v2\/comments?post=7748"}],"wp:featuredmedia":[{"embeddable":true,"href":"https:\/\/www.koupeltech.com\/index.php\/wp-json\/wp\/v2\/media\/7848"}],"wp:attachment":[{"href":"https:\/\/www.koupeltech.com\/index.php\/wp-json\/wp\/v2\/media?parent=7748"}],"wp:term":[{"taxonomy":"product_brand","embeddable":true,"href":"https:\/\/www.koupeltech.com\/index.php\/wp-json\/wp\/v2\/product_brand?post=7748"},{"taxonomy":"product_cat","embeddable":true,"href":"https:\/\/www.koupeltech.com\/index.php\/wp-json\/wp\/v2\/product_cat?post=7748"},{"taxonomy":"product_tag","embeddable":true,"href":"https:\/\/www.koupeltech.com\/index.php\/wp-json\/wp\/v2\/product_tag?post=7748"}],"curies":[{"name":"wp","href":"https:\/\/api.w.org\/{rel}","templated":true}]}}