{"id":77523,"date":"2026-04-27T14:07:54","date_gmt":"2026-04-27T14:07:54","guid":{"rendered":""},"modified":"2026-04-27T14:07:54","modified_gmt":"2026-04-27T14:07:54","slug":"akce-hg-penovy-odstranovac-plisne-500-ml-77523","status":"publish","type":"product","link":"https:\/\/www.koupeltech.com\/index.php\/produkt\/akce-hg-penovy-odstranovac-plisne-500-ml-77523\/","title":{"rendered":"Akce HG p\u011bnov\u00fd odstra\u0148ova\u010d pl\u00edsn\u011b 500 ml"},"content":{"rendered":"<table>\n<div class=\"tab-pane active product-description\" id=\"popis\" role=\"tabpanel\">\n<div class=\"short-description\" itemprop=\"description\"><\/div>\n<div class=\"description\"><span class='bullet-line'>HG &#8222;p\u011bnov\u00fd odstranova\u010d pl\u00edsn\u011b&#8220; okam\u017eit\u011b ni\u010d\u00ed pl\u00edsn\u011b na vlhk\u00fdch m\u00edstech, ve vnit\u0159n\u00edm i venkovn\u00edm prost\u0159ed\u00ed. <br \/><\/span><span class='bullet-line'>D\u00edky unik\u00e1tn\u00edmu slo\u017een\u00ed m\u00e1 p\u011bna m\u00e9n\u011b pronikav\u00fd z\u00e1pach, aplikace sprejem umo\u017e\u0148uje lep\u0161\u00ed zam\u011b\u0159en\u00ed na posti\u017een\u00e9 m\u00edsto a riziko rozstriku je men\u0161\u00ed. <br \/><\/span><span class='bullet-line'>Krom\u011b toho p\u011bna d\u00edky sv\u00fdm vlastnostem z\u016fst\u00e1v\u00e1 d\u00e9le na povrchu a zaji\u0161tuje tak je\u0161te lep\u0161\u00ed a del\u0161\u00ed p\u016fsoben\u00ed. <br \/><\/span><span class='bullet-line'>Vhodn\u00e1 na dla\u017edice a \u0161tuky st\u011bn (rovn\u011b\u017e mramor a jin\u00e9 p\u0159\u00edrodn\u00ed kameny), jako\u017e i na sp\u00e1ry v koupeln\u00e1ch, sprch\u00e1ch, na toalet\u011b, v kuchyni, ve sklepech, suter\u00e9nech, saun\u00e1ch, baz\u00e9nech, gar\u00e1\u017e\u00edch a zahradn\u00edch k\u016fln\u00e1ch. <br \/><\/span><span class='bullet-line'>\u010cist\u00ed rovn\u011b\u017e fas\u00e1dy, balk\u00f3ny, kv\u011btin\u00e1\u010de, zahradn\u00ed so\u0161ky apod. P\u0159ed pou\u017eit\u00edm vyjm\u011bte pojistku. V p\u0159\u00edpade, \u017ee l\u00e1hev byla pou\u017eita ji\u017e d\u0159\u00edve, mohou se v rozst\u0159ikovac\u00edm otvoru nach\u00e1zet zbytky tekutiny, co\u017e m\u016f\u017ee negativn\u011b ovlivnit jeho funk\u010dnost p\u0159i dal\u0161\u00edm pou\u017eit\u00ed. <br \/><\/span><span class='bullet-line'>Proto doporu\u010dujeme, abyste p\u0159ed dal\u0161\u00edm pou\u017eit\u00edm rozstrikovac\u00ed otvor v\u017edy dob\u0159e vypl\u00e1chli vodou z kohoutku, nap\u0159\u00edklad p\u0159es v\u011btrac\u00ed otvory na stran\u011b p\u011bnov\u00e9 trysky. Tento v\u00fdrobek zesv\u011btluje m\u00edsta, na kter\u00e1 je pou\u017e\u00edv\u00e1n, v p\u0159\u00edpad\u011b pochybnost\u00ed jej nejd\u0159\u00edve vyzkou\u0161ejte na m\u00e1lo viditeln\u00e9m m\u00edst\u011b.<br \/><\/span><span class='bullet-line'>Pro dla\u017eby, obklady, silikonov\u00e1 t\u011bsn\u011bn\u00ed, om\u00edtky apod.<br \/><\/span><span class='bullet-line'>P\u0159\u00edpravek p\u016fsob\u00ed automaticky<br \/><\/span><span class='bullet-line'>V\u00fdsledek ji\u017e za 30 minut<br \/><\/span><span class='bullet-line'>Jemn\u00e1 v\u016fn\u011b<br \/><\/span><span class='bullet-line'>Men\u0161\u00ed riziko pot\u0159\u00edsn\u011bn\u00ed okoln\u00edch m\u00edst<br \/><\/span><span class='bullet-line'>Snadn\u00e9 nast\u0159\u00edk\u00e1n\u00ed p\u0159\u00edmo na pl\u00edse\u0148<br \/><\/span><span class='bullet-line'>Je\u0161t\u011b lep\u0161\u00ed \u00fa\u010dinnost<br \/><\/span><br \/>\u27a4 Odstra\u0148ova\u010d pl\u00edsn\u011b s dlouhodob\u00fdm \u00fa\u010dinkem<span class='bullet-line'>Tento odstra\u0148ova\u010d pl\u00edsn\u011b ihned odstra\u0148uje pl\u00edse\u0148 z vlhk\u00fdch m\u00edst, jak uvnit\u0159, tak v okol\u00ed domu. P\u011bna z\u016fst\u00e1v\u00e1 na povrchu d\u00e9le, a proto \u00fa\u010dinkuje l\u00e9pe a del\u0161\u00ed dobu. <br \/><\/span><span class='bullet-line'>Pl\u00edse\u0148, vlhkost nebo skvrny od vody se \u010dasto objevuj\u00ed na silikonov\u00e9m t\u011bsn\u011bn\u00ed mezi vanou a obklady, ve sprchov\u00e9m koutu nebo na om\u00edtce. Tento odstra\u0148ova\u010d pl\u00edsn\u011b ve spreji zna\u010dky HG m\u00e1 jedine\u010dn\u00e9 p\u011bnov\u00e9 slo\u017een\u00ed. P\u011bna z\u016fst\u00e1v\u00e1 na povrchu d\u00e9le, a proto \u00fa\u010dinkuje l\u00e9pe a del\u0161\u00ed dobu. <br \/><\/span><span class='bullet-line'>Tento odstra\u0148ova\u010d \u010dern\u00e9 pl\u00edsn\u011b m\u00e1 jemnou v\u016fni a snadno jej nast\u0159\u00edk\u00e1te p\u0159\u00edmo na pl\u00edse\u0148. Odstra\u0148ova\u010d pl\u00edsn\u011b, kter\u00fd nepot\u0159\u00edsn\u00ed okoln\u00ed m\u00edsta. Pokud hled\u00e1te variantu ve spreji, doporu\u010dujeme pou\u017e\u00edvat HG odstra\u0148ova\u010d pl\u00edsn\u011b.<br \/><\/span><br \/>\u27a4 Jak funguje HG p\u011bnov\u00fd odstra\u0148ova\u010d pl\u00edsn\u011b?<span class='bullet-line'>Pro spr\u00e1vn\u00e9 pou\u017eit\u00ed HG p\u011bnov\u00e9ho odstra\u0148ova\u010de pl\u00edsn\u011b postupujte podle n\u00e1sleduj\u00edc\u00edch pokyn\u016f.<br \/><\/span><span class='bullet-line'>Pl\u00edsn\u011b z vrchn\u00ed \u010d\u00e1sti neodstra\u0148ujte. Stla\u010dte trysku na p\u0159edn\u00ed stran\u011b a oto\u010dte o \u010dtvrtinu. Dan\u00fd povrch post\u0159\u00edkejte ze vzd\u00e1lenosti 3 \u2013 5 cm. V p\u0159\u00edpad\u011b siln\u00e9ho zne\u010di\u0161t\u011bn\u00ed povrch po 30 minut\u00e1ch znovu post\u0159\u00edkejte a ponechejte 30 minut p\u016fsobit. <br \/><\/span><span class='bullet-line'>Pot\u00e9 povrch umyjte houbi\u010dkou a vodou. Elastick\u00e9 spoje (nap\u0159. silikonov\u00fd tmel) po uplynut\u00ed 30 minut omyjte a op\u011btovn\u011b aplikujte post\u0159ik. Po pou\u017eit\u00ed oto\u010dte trysku o \u010dtvrtinu zp\u011bt (zaji\u0161t\u011bn\u00e1 pozice). <br \/><\/span><span class='bullet-line'>Za \u00fa\u010delem o\u010di\u0161t\u011bn\u00ed v\u011bt\u0161\u00edch ploch, pokryt\u00fdch zelen\u00fdm povlakem, V\u00e1m doporu\u010dujeme pou\u017e\u00edt HG &#8222;odstra\u0148ova\u010d zelen\u00fdch povlak\u016f a mech\u016f&#8220;. P\u0159i vdechnut\u00ed p\u0159em\u00edst\u011bte posti\u017een\u00e9ho do \u010dist\u00e9ho prost\u0159ed\u00ed. P\u0159i pot\u00ed\u017e\u00edch p\u0159ivolejte l\u00e9ka\u0159skou pomoc. P\u0159i z\u00e1stav\u011b dechu zajist\u011bte um\u011bl\u00e9 d\u00fdch\u00e1n\u00ed. <br \/><\/span><span class='bullet-line'>P\u0159i po\u017eit\u00ed nevyvol\u00e1vejte zvracen\u00ed, pokud mo\u017eno podejte 3 tablety medicin\u00e1ln\u00edho uhl\u00ed rozdrcen\u00e9 ve sklenici vody a zajist\u011bte l\u00e9ka\u0159skou pomoc. Zne\u010di\u0161t\u011bnou poko\u017eku omyjte velk\u00fdm mno\u017estv\u00edm vla\u017en\u00e9 vody a m\u00fddlem. P\u0159i zasa\u017een\u00ed o\u010d\u00ed vyplachujte o\u010di proudem \u010dist\u00e9 vody alespo\u0148 10 minut, zajist\u011bte l\u00e9ka\u0159sk\u00e9 o\u0161et\u0159en\u00ed. (Osoby v bezv\u011bdom\u00ed ulo\u017ete do stabilizovan\u00e9 polohy a p\u0159ivolejte l\u00e9ka\u0159skou pomoc.)<br \/><\/span><span class='bullet-line'>Pou\u017e\u00edvejte biocidy bezpe\u010dn\u00fdm zp\u016fsobem. P\u0159ed pou\u017eit\u00edm si v\u017edy p\u0159e\u010dt\u011bte ozna\u010den\u00ed a informace o p\u0159\u00edpravku.<\/span><\/div>\n<div class=\"parameters\">\n<tr>\n<td>Objem :<\/td>\n<td>500ml<\/td>\n<\/tr><\/div>\n<\/table>\n","protected":false},"excerpt":{"rendered":"<p>HG &#8222;p\u011bnov\u00fd odstranova\u010d pl\u00edsn\u011b&#8220; okam\u017eit\u011b ni\u010d\u00ed pl\u00edsn\u011b na vlhk\u00fdch m\u00edstech, ve vnit\u0159n\u00edm i venkovn\u00edm prost\u0159ed\u00ed. D\u00edky unik\u00e1tn\u00edmu slo\u017een\u00ed m\u00e1 p\u011bna m\u00e9n\u011b pronikav\u00fd z\u00e1pach, aplikace sprejem umo\u017e\u0148uje lep\u0161\u00ed zam\u011b\u0159en\u00ed na posti\u017een\u00e9 m\u00edsto a riziko rozstriku je men\u0161\u00ed. Krom\u011b toho p\u011bna d\u00edky sv\u00fdm vlastnostem z\u016fst\u00e1v\u00e1 d\u00e9le na povrchu a zaji\u0161tuje tak je\u0161te lep\u0161\u00ed a del\u0161\u00ed p\u016fsoben\u00ed. Vhodn\u00e1 [&hellip;]<\/p>\n","protected":false},"featured_media":77623,"comment_status":"open","ping_status":"open","template":"","meta":[],"product_brand":[],"product_cat":[40,42,41],"product_tag":[],"class_list":{"0":"post-77523","1":"product","2":"type-product","3":"status-publish","4":"has-post-thumbnail","6":"product_cat-barvy","7":"product_cat-chemie","8":"product_cat-laky","10":"first","11":"instock","12":"sale","13":"shipping-taxable","14":"purchasable","15":"product-type-simple"},"yoast_head":"<!-- This site is optimized with the Yoast SEO plugin v26.8 - https:\/\/yoast.com\/product\/yoast-seo-wordpress\/ -->\n<title>Akce HG p\u011bnov\u00fd odstra\u0148ova\u010d pl\u00edsn\u011b 500 ml -<\/title>\n<meta name=\"robots\" content=\"index, follow, max-snippet:-1, max-image-preview:large, max-video-preview:-1\" \/>\n<link rel=\"canonical\" href=\"https:\/\/www.koupeltech.com\/index.php\/produkt\/akce-hg-penovy-odstranovac-plisne-500-ml-77523\/\" \/>\n<meta property=\"og:locale\" content=\"cs_CZ\" \/>\n<meta property=\"og:type\" content=\"article\" \/>\n<meta property=\"og:title\" content=\"Akce HG p\u011bnov\u00fd odstra\u0148ova\u010d pl\u00edsn\u011b 500 ml -\" \/>\n<meta property=\"og:description\" content=\"HG &#8222;p\u011bnov\u00fd odstranova\u010d pl\u00edsn\u011b&#8220; okam\u017eit\u011b ni\u010d\u00ed pl\u00edsn\u011b na vlhk\u00fdch m\u00edstech, ve vnit\u0159n\u00edm i venkovn\u00edm prost\u0159ed\u00ed. D\u00edky unik\u00e1tn\u00edmu slo\u017een\u00ed m\u00e1 p\u011bna m\u00e9n\u011b pronikav\u00fd z\u00e1pach, aplikace sprejem umo\u017e\u0148uje lep\u0161\u00ed zam\u011b\u0159en\u00ed na posti\u017een\u00e9 m\u00edsto a riziko rozstriku je men\u0161\u00ed. Krom\u011b toho p\u011bna d\u00edky sv\u00fdm vlastnostem z\u016fst\u00e1v\u00e1 d\u00e9le na povrchu a zaji\u0161tuje tak je\u0161te lep\u0161\u00ed a del\u0161\u00ed p\u016fsoben\u00ed. Vhodn\u00e1 [&hellip;]\" \/>\n<meta property=\"og:url\" content=\"https:\/\/www.koupeltech.com\/index.php\/produkt\/akce-hg-penovy-odstranovac-plisne-500-ml-77523\/\" \/>\n<meta property=\"og:image\" content=\"https:\/\/www.koupeltech.com\/wp-content\/uploads\/2026\/SK0028534-CZ20260425-092328-0-1777080210-632050127-main.png-width-536-536-132376491397500000.webp\" \/>\n\t<meta property=\"og:image:width\" content=\"536\" \/>\n\t<meta property=\"og:image:height\" content=\"536\" \/>\n\t<meta property=\"og:image:type\" content=\"image\/webp\" \/>\n<meta name=\"twitter:card\" content=\"summary_large_image\" \/>\n<meta name=\"twitter:label1\" content=\"Odhadovan\u00e1 doba \u010dten\u00ed\" \/>\n\t<meta name=\"twitter:data1\" content=\"4 minuty\" \/>\n<script type=\"application\/ld+json\" class=\"yoast-schema-graph\">{\"@context\":\"https:\/\/schema.org\",\"@graph\":[{\"@type\":\"WebPage\",\"@id\":\"https:\/\/www.koupeltech.com\/index.php\/produkt\/akce-hg-penovy-odstranovac-plisne-500-ml-77523\/\",\"url\":\"https:\/\/www.koupeltech.com\/index.php\/produkt\/akce-hg-penovy-odstranovac-plisne-500-ml-77523\/\",\"name\":\"Akce HG p\u011bnov\u00fd odstra\u0148ova\u010d pl\u00edsn\u011b 500 ml -\",\"isPartOf\":{\"@id\":\"https:\/\/www.koupeltech.com\/#website\"},\"primaryImageOfPage\":{\"@id\":\"https:\/\/www.koupeltech.com\/index.php\/produkt\/akce-hg-penovy-odstranovac-plisne-500-ml-77523\/#primaryimage\"},\"image\":{\"@id\":\"https:\/\/www.koupeltech.com\/index.php\/produkt\/akce-hg-penovy-odstranovac-plisne-500-ml-77523\/#primaryimage\"},\"thumbnailUrl\":\"https:\/\/www.koupeltech.com\/wp-content\/uploads\/2026\/SK0028534-CZ20260425-092328-0-1777080210-632050127-main.png-width-536-536-132376491397500000.webp\",\"datePublished\":\"2026-04-27T14:07:54+00:00\",\"breadcrumb\":{\"@id\":\"https:\/\/www.koupeltech.com\/index.php\/produkt\/akce-hg-penovy-odstranovac-plisne-500-ml-77523\/#breadcrumb\"},\"inLanguage\":\"cs\",\"potentialAction\":[{\"@type\":\"ReadAction\",\"target\":[\"https:\/\/www.koupeltech.com\/index.php\/produkt\/akce-hg-penovy-odstranovac-plisne-500-ml-77523\/\"]}]},{\"@type\":\"ImageObject\",\"inLanguage\":\"cs\",\"@id\":\"https:\/\/www.koupeltech.com\/index.php\/produkt\/akce-hg-penovy-odstranovac-plisne-500-ml-77523\/#primaryimage\",\"url\":\"https:\/\/www.koupeltech.com\/wp-content\/uploads\/2026\/SK0028534-CZ20260425-092328-0-1777080210-632050127-main.png-width-536-536-132376491397500000.webp\",\"contentUrl\":\"https:\/\/www.koupeltech.com\/wp-content\/uploads\/2026\/SK0028534-CZ20260425-092328-0-1777080210-632050127-main.png-width-536-536-132376491397500000.webp\",\"width\":536,\"height\":536},{\"@type\":\"BreadcrumbList\",\"@id\":\"https:\/\/www.koupeltech.com\/index.php\/produkt\/akce-hg-penovy-odstranovac-plisne-500-ml-77523\/#breadcrumb\",\"itemListElement\":[{\"@type\":\"ListItem\",\"position\":1,\"name\":\"Home\",\"item\":\"https:\/\/www.koupeltech.com\/\"},{\"@type\":\"ListItem\",\"position\":2,\"name\":\"Products\",\"item\":\"https:\/\/www.koupeltech.com\/index.php\/products\/\"},{\"@type\":\"ListItem\",\"position\":3,\"name\":\"Akce HG p\u011bnov\u00fd odstra\u0148ova\u010d pl\u00edsn\u011b 500 ml\"}]},{\"@type\":\"WebSite\",\"@id\":\"https:\/\/www.koupeltech.com\/#website\",\"url\":\"https:\/\/www.koupeltech.com\/\",\"name\":\"\",\"description\":\"\",\"potentialAction\":[{\"@type\":\"SearchAction\",\"target\":{\"@type\":\"EntryPoint\",\"urlTemplate\":\"https:\/\/www.koupeltech.com\/?s={search_term_string}\"},\"query-input\":{\"@type\":\"PropertyValueSpecification\",\"valueRequired\":true,\"valueName\":\"search_term_string\"}}],\"inLanguage\":\"cs\"}]}<\/script>\n<!-- \/ Yoast SEO plugin. -->","yoast_head_json":{"title":"Akce HG p\u011bnov\u00fd odstra\u0148ova\u010d pl\u00edsn\u011b 500 ml -","robots":{"index":"index","follow":"follow","max-snippet":"max-snippet:-1","max-image-preview":"max-image-preview:large","max-video-preview":"max-video-preview:-1"},"canonical":"https:\/\/www.koupeltech.com\/index.php\/produkt\/akce-hg-penovy-odstranovac-plisne-500-ml-77523\/","og_locale":"cs_CZ","og_type":"article","og_title":"Akce HG p\u011bnov\u00fd odstra\u0148ova\u010d pl\u00edsn\u011b 500 ml -","og_description":"HG &#8222;p\u011bnov\u00fd odstranova\u010d pl\u00edsn\u011b&#8220; okam\u017eit\u011b ni\u010d\u00ed pl\u00edsn\u011b na vlhk\u00fdch m\u00edstech, ve vnit\u0159n\u00edm i venkovn\u00edm prost\u0159ed\u00ed. D\u00edky unik\u00e1tn\u00edmu slo\u017een\u00ed m\u00e1 p\u011bna m\u00e9n\u011b pronikav\u00fd z\u00e1pach, aplikace sprejem umo\u017e\u0148uje lep\u0161\u00ed zam\u011b\u0159en\u00ed na posti\u017een\u00e9 m\u00edsto a riziko rozstriku je men\u0161\u00ed. Krom\u011b toho p\u011bna d\u00edky sv\u00fdm vlastnostem z\u016fst\u00e1v\u00e1 d\u00e9le na povrchu a zaji\u0161tuje tak je\u0161te lep\u0161\u00ed a del\u0161\u00ed p\u016fsoben\u00ed. Vhodn\u00e1 [&hellip;]","og_url":"https:\/\/www.koupeltech.com\/index.php\/produkt\/akce-hg-penovy-odstranovac-plisne-500-ml-77523\/","og_image":[{"width":536,"height":536,"url":"https:\/\/www.koupeltech.com\/wp-content\/uploads\/2026\/SK0028534-CZ20260425-092328-0-1777080210-632050127-main.png-width-536-536-132376491397500000.webp","type":"image\/webp"}],"twitter_card":"summary_large_image","twitter_misc":{"Odhadovan\u00e1 doba \u010dten\u00ed":"4 minuty"},"schema":{"@context":"https:\/\/schema.org","@graph":[{"@type":"WebPage","@id":"https:\/\/www.koupeltech.com\/index.php\/produkt\/akce-hg-penovy-odstranovac-plisne-500-ml-77523\/","url":"https:\/\/www.koupeltech.com\/index.php\/produkt\/akce-hg-penovy-odstranovac-plisne-500-ml-77523\/","name":"Akce HG p\u011bnov\u00fd odstra\u0148ova\u010d pl\u00edsn\u011b 500 ml -","isPartOf":{"@id":"https:\/\/www.koupeltech.com\/#website"},"primaryImageOfPage":{"@id":"https:\/\/www.koupeltech.com\/index.php\/produkt\/akce-hg-penovy-odstranovac-plisne-500-ml-77523\/#primaryimage"},"image":{"@id":"https:\/\/www.koupeltech.com\/index.php\/produkt\/akce-hg-penovy-odstranovac-plisne-500-ml-77523\/#primaryimage"},"thumbnailUrl":"https:\/\/www.koupeltech.com\/wp-content\/uploads\/2026\/SK0028534-CZ20260425-092328-0-1777080210-632050127-main.png-width-536-536-132376491397500000.webp","datePublished":"2026-04-27T14:07:54+00:00","breadcrumb":{"@id":"https:\/\/www.koupeltech.com\/index.php\/produkt\/akce-hg-penovy-odstranovac-plisne-500-ml-77523\/#breadcrumb"},"inLanguage":"cs","potentialAction":[{"@type":"ReadAction","target":["https:\/\/www.koupeltech.com\/index.php\/produkt\/akce-hg-penovy-odstranovac-plisne-500-ml-77523\/"]}]},{"@type":"ImageObject","inLanguage":"cs","@id":"https:\/\/www.koupeltech.com\/index.php\/produkt\/akce-hg-penovy-odstranovac-plisne-500-ml-77523\/#primaryimage","url":"https:\/\/www.koupeltech.com\/wp-content\/uploads\/2026\/SK0028534-CZ20260425-092328-0-1777080210-632050127-main.png-width-536-536-132376491397500000.webp","contentUrl":"https:\/\/www.koupeltech.com\/wp-content\/uploads\/2026\/SK0028534-CZ20260425-092328-0-1777080210-632050127-main.png-width-536-536-132376491397500000.webp","width":536,"height":536},{"@type":"BreadcrumbList","@id":"https:\/\/www.koupeltech.com\/index.php\/produkt\/akce-hg-penovy-odstranovac-plisne-500-ml-77523\/#breadcrumb","itemListElement":[{"@type":"ListItem","position":1,"name":"Home","item":"https:\/\/www.koupeltech.com\/"},{"@type":"ListItem","position":2,"name":"Products","item":"https:\/\/www.koupeltech.com\/index.php\/products\/"},{"@type":"ListItem","position":3,"name":"Akce HG p\u011bnov\u00fd odstra\u0148ova\u010d pl\u00edsn\u011b 500 ml"}]},{"@type":"WebSite","@id":"https:\/\/www.koupeltech.com\/#website","url":"https:\/\/www.koupeltech.com\/","name":"","description":"","potentialAction":[{"@type":"SearchAction","target":{"@type":"EntryPoint","urlTemplate":"https:\/\/www.koupeltech.com\/?s={search_term_string}"},"query-input":{"@type":"PropertyValueSpecification","valueRequired":true,"valueName":"search_term_string"}}],"inLanguage":"cs"}]}},"_links":{"self":[{"href":"https:\/\/www.koupeltech.com\/index.php\/wp-json\/wp\/v2\/product\/77523","targetHints":{"allow":["GET"]}}],"collection":[{"href":"https:\/\/www.koupeltech.com\/index.php\/wp-json\/wp\/v2\/product"}],"about":[{"href":"https:\/\/www.koupeltech.com\/index.php\/wp-json\/wp\/v2\/types\/product"}],"replies":[{"embeddable":true,"href":"https:\/\/www.koupeltech.com\/index.php\/wp-json\/wp\/v2\/comments?post=77523"}],"wp:featuredmedia":[{"embeddable":true,"href":"https:\/\/www.koupeltech.com\/index.php\/wp-json\/wp\/v2\/media\/77623"}],"wp:attachment":[{"href":"https:\/\/www.koupeltech.com\/index.php\/wp-json\/wp\/v2\/media?parent=77523"}],"wp:term":[{"taxonomy":"product_brand","embeddable":true,"href":"https:\/\/www.koupeltech.com\/index.php\/wp-json\/wp\/v2\/product_brand?post=77523"},{"taxonomy":"product_cat","embeddable":true,"href":"https:\/\/www.koupeltech.com\/index.php\/wp-json\/wp\/v2\/product_cat?post=77523"},{"taxonomy":"product_tag","embeddable":true,"href":"https:\/\/www.koupeltech.com\/index.php\/wp-json\/wp\/v2\/product_tag?post=77523"}],"curies":[{"name":"wp","href":"https:\/\/api.w.org\/{rel}","templated":true}]}}