{"id":77578,"date":"2026-04-27T14:07:55","date_gmt":"2026-04-27T14:07:55","guid":{"rendered":""},"modified":"2026-04-27T14:07:55","modified_gmt":"2026-04-27T14:07:55","slug":"akcni-cena-bosch-gardenpump-18v-2000-hole-naradi-aku-cerpadlo-na-destovou-vodu-77578","status":"publish","type":"product","link":"https:\/\/www.koupeltech.com\/index.php\/produkt\/akcni-cena-bosch-gardenpump-18v-2000-hole-naradi-aku-cerpadlo-na-destovou-vodu-77578\/","title":{"rendered":"Ak\u010dn\u00ed Cena Bosch GardenPump 18V-2000 (hol\u00e9 n\u00e1\u0159ad\u00ed) Aku \u010derpadlo na de\u0161\u0165ovou vodu"},"content":{"rendered":"<table>\n<div class=\"tab-pane active product-description\" id=\"popis\" role=\"tabpanel\">\n<div class=\"short-description\" itemprop=\"description\"><\/div>\n<div class=\"description\"><span class='bullet-line'>Rychlej\u0161\u00ed zal\u00e9v\u00e1n\u00ed zahrady z n\u00e1dr\u017ee na de\u0161\u0165ovou vodu<br \/><\/span><br \/>\u27a4 P\u0159\u00ednos pro u\u017eivatele<span class='bullet-line'>Vhodn\u00e9 na \u0161irokou \u0161k\u00e1lu otev\u0159en\u00fdch n\u00e1dr\u017e\u00ed na de\u0161\u0165ovou vodu i t\u011bch s ochrann\u00fdm v\u00edkem<br \/><\/span><span class='bullet-line'>N\u00e1stavec na ze\u010f a n\u00e1dr\u017e pro pou\u017eit\u00ed na r\u016fzn\u00fdch druz\u00edch n\u00e1dr\u017e\u00ed na de\u0161\u0165ovou vodu sou\u010d\u00e1st\u00ed balen\u00ed<br \/><\/span><span class='bullet-line'>Funkce \u010dasova\u010de se t\u0159emi nastaven\u00edmi pro rozst\u0159ikovac\u00ed a z\u00e1vlahov\u00e9 syst\u00e9my<br \/><\/span><span class='bullet-line'>\u00da\u010dinnost a\u017e do 25 metr\u016f, ide\u00e1ln\u00ed na v\u011bt\u0161inu zahrad<br \/><\/span><span class='bullet-line'>Siln\u00fd proud a rozpra\u0161ov\u00e1n\u00ed na t\u011b\u017eko p\u0159\u00edstupn\u00e9 rostliny a lehk\u00e9 \u010distic\u00ed pr\u00e1ce<br \/><\/span><br \/>\u27a4 Rozsah dod\u00e1vky<span class='bullet-line'>Karton\t\u2713<br \/><\/span><span class='bullet-line'>Kontroln\u00ed jednotka akumul\u00e1toru\t\u2713<br \/><\/span><span class='bullet-line'>N\u00e1stavec na n\u00e1dr\u017e\t\u2713<br \/><\/span><span class='bullet-line'>N\u00e1stavec na ze\u010f\t\u2713<br \/><\/span><span class='bullet-line'>P\u0159ipojovac\u00ed hadice, 2,5\u00a0m\t\u2713<br \/><\/span><span class='bullet-line'>Veden\u00ed hadice\t\u2713<br \/><\/span><span class='bullet-line'>\u010cerpadlo na de\u0161\u0165ovou vodu\t\u2713<br \/><\/span><span class='bullet-line'>Rozm\u011bry n\u00e1\u0159ad\u00ed (D\u00a0\u00d7\u00a0\u0160\u00a0\u00d7\u00a0V)\t110 x 130 x 200 mm<br \/><\/span><span class='bullet-line'>Hmotnost v\u010detn\u011b obalu\t2,81 kg<br \/><\/span><span class='bullet-line'>Rozm\u011bry balen\u00ed (d\u00e9lka)\t300 mm<br \/><\/span><span class='bullet-line'>Rozm\u011bry balen\u00ed (\u0161\u00ed\u0159ka)\t284 mm<br \/><\/span><span class='bullet-line'>Rozm\u011bry balen\u00ed (v\u00fd\u0161ka)\t195 mm<br \/><\/span><span class='bullet-line'>Rozm\u011bry balen\u00ed (D\u00a0\u00d7\u00a0\u0160\u00a0\u00d7\u00a0V)\t300 x 284 x 195 mm<\/span><\/div>\n<div class=\"parameters\">\n<tr>\n<td>Nap\u011bt\u00ed akumul\u00e1toru<\/td>\n<td>18 V<\/td>\n<\/tr>\n<tr>\n<td>Kompatibilita akumul\u00e1toru<\/td>\n<td>18V POWER FOR ALL ALLIANCE<\/td>\n<\/tr>\n<tr>\n<td>Doporu\u010den\u00e9 baterie<\/td>\n<td>&gt;= 2,0 Ah<\/td>\n<\/tr>\n<tr>\n<td>Kapacita akumul\u00e1toru<\/td>\n<td>2.5 Ah<\/td>\n<\/tr>\n<tr>\n<td>Doba nab\u00edjen\u00ed, max.<\/td>\n<td>120 min<\/td>\n<\/tr>\n<tr>\n<td>Doba chodu, max.<\/td>\n<td>30 min<\/td>\n<\/tr>\n<tr>\n<td>Pr\u016ftok, max.<\/td>\n<td>2000 l\/h<\/td>\n<\/tr>\n<tr>\n<td>D\u00e9lka p\u0159ipojovac\u00ed hadice<\/td>\n<td>2.5 m<\/td>\n<\/tr>\n<tr>\n<td>Funkce timeru<\/td>\n<td>Ano<\/td>\n<\/tr>\n<tr>\n<td>Max. hloubka n\u00e1dr\u017ee<\/td>\n<td>1,80 m<\/td>\n<\/tr>\n<tr>\n<td>Rozm\u011bry n\u00e1\u0159ad\u00ed (D \u00d7 \u0160 \u00d7 V)<\/td>\n<td>130 x 110 x 200 mm<\/td>\n<\/tr>\n<tr>\n<td>Hmotnost<\/td>\n<td>2,2 kg<\/td>\n<\/tr>\n<tr>\n<td>Hmotnost v\u010detn\u011b obalu<\/td>\n<td>3,40 kg<\/td>\n<\/tr>\n<tr>\n<td>Rozm\u011bry balen\u00ed (d\u00e9lka)<\/td>\n<td>190 mm<\/td>\n<\/tr>\n<tr>\n<td>Rozm\u011bry balen\u00ed (\u0161\u00ed\u0159ka)<\/td>\n<td>295 mm<\/td>\n<\/tr>\n<tr>\n<td>Rozm\u011bry balen\u00ed (v\u00fd\u0161ka)<\/td>\n<td>280 mm<\/td>\n<\/tr>\n<tr>\n<td>Rozm\u011bry balen\u00ed (D \u00d7 \u0160 \u00d7 V)<\/td>\n<td>190 x 295 x 280 mm<\/td>\n<\/tr><\/div>\n<\/table>\n","protected":false},"excerpt":{"rendered":"<p>Rychlej\u0161\u00ed zal\u00e9v\u00e1n\u00ed zahrady z n\u00e1dr\u017ee na de\u0161\u0165ovou vodu\u27a4 P\u0159\u00ednos pro u\u017eivateleVhodn\u00e9 na \u0161irokou \u0161k\u00e1lu otev\u0159en\u00fdch n\u00e1dr\u017e\u00ed na de\u0161\u0165ovou vodu i t\u011bch s ochrann\u00fdm v\u00edkemN\u00e1stavec na ze\u010f a n\u00e1dr\u017e pro pou\u017eit\u00ed na r\u016fzn\u00fdch druz\u00edch n\u00e1dr\u017e\u00ed na de\u0161\u0165ovou vodu sou\u010d\u00e1st\u00ed balen\u00edFunkce \u010dasova\u010de se t\u0159emi nastaven\u00edmi pro rozst\u0159ikovac\u00ed a z\u00e1vlahov\u00e9 syst\u00e9my\u00da\u010dinnost a\u017e do 25 metr\u016f, ide\u00e1ln\u00ed na v\u011bt\u0161inu [&hellip;]<\/p>\n","protected":false},"featured_media":77678,"comment_status":"open","ping_status":"open","template":"","meta":[],"product_brand":[],"product_cat":[44],"product_tag":[],"class_list":{"0":"post-77578","1":"product","2":"type-product","3":"status-publish","4":"has-post-thumbnail","6":"product_cat-zahrada","8":"first","9":"instock","10":"sale","11":"shipping-taxable","12":"purchasable","13":"product-type-simple"},"yoast_head":"<!-- This site is optimized with the Yoast SEO plugin v26.8 - https:\/\/yoast.com\/product\/yoast-seo-wordpress\/ -->\n<title>Ak\u010dn\u00ed Cena Bosch GardenPump 18V-2000 (hol\u00e9 n\u00e1\u0159ad\u00ed) Aku \u010derpadlo na de\u0161\u0165ovou vodu -<\/title>\n<meta name=\"robots\" content=\"index, follow, max-snippet:-1, max-image-preview:large, max-video-preview:-1\" \/>\n<link rel=\"canonical\" href=\"https:\/\/www.koupeltech.com\/index.php\/produkt\/akcni-cena-bosch-gardenpump-18v-2000-hole-naradi-aku-cerpadlo-na-destovou-vodu-77578\/\" \/>\n<meta property=\"og:locale\" content=\"cs_CZ\" \/>\n<meta property=\"og:type\" content=\"article\" \/>\n<meta property=\"og:title\" content=\"Ak\u010dn\u00ed Cena Bosch GardenPump 18V-2000 (hol\u00e9 n\u00e1\u0159ad\u00ed) Aku \u010derpadlo na de\u0161\u0165ovou vodu -\" \/>\n<meta property=\"og:description\" content=\"Rychlej\u0161\u00ed zal\u00e9v\u00e1n\u00ed zahrady z n\u00e1dr\u017ee na de\u0161\u0165ovou vodu\u27a4 P\u0159\u00ednos pro u\u017eivateleVhodn\u00e9 na \u0161irokou \u0161k\u00e1lu otev\u0159en\u00fdch n\u00e1dr\u017e\u00ed na de\u0161\u0165ovou vodu i t\u011bch s ochrann\u00fdm v\u00edkemN\u00e1stavec na ze\u010f a n\u00e1dr\u017e pro pou\u017eit\u00ed na r\u016fzn\u00fdch druz\u00edch n\u00e1dr\u017e\u00ed na de\u0161\u0165ovou vodu sou\u010d\u00e1st\u00ed balen\u00edFunkce \u010dasova\u010de se t\u0159emi nastaven\u00edmi pro rozst\u0159ikovac\u00ed a z\u00e1vlahov\u00e9 syst\u00e9my\u00da\u010dinnost a\u017e do 25 metr\u016f, ide\u00e1ln\u00ed na v\u011bt\u0161inu [&hellip;]\" \/>\n<meta property=\"og:url\" content=\"https:\/\/www.koupeltech.com\/index.php\/produkt\/akcni-cena-bosch-gardenpump-18v-2000-hole-naradi-aku-cerpadlo-na-destovou-vodu-77578\/\" \/>\n<meta property=\"og:image\" content=\"https:\/\/www.koupeltech.com\/wp-content\/uploads\/2026\/SK0028589-CZ20260425-092328-0-1777080210-bosch_06008c4203-800x800.webp\" \/>\n\t<meta property=\"og:image:width\" content=\"800\" \/>\n\t<meta property=\"og:image:height\" content=\"800\" \/>\n\t<meta property=\"og:image:type\" content=\"image\/webp\" \/>\n<meta name=\"twitter:card\" content=\"summary_large_image\" \/>\n<meta name=\"twitter:label1\" content=\"Odhadovan\u00e1 doba \u010dten\u00ed\" \/>\n\t<meta name=\"twitter:data1\" content=\"1 minuta\" \/>\n<script type=\"application\/ld+json\" class=\"yoast-schema-graph\">{\"@context\":\"https:\/\/schema.org\",\"@graph\":[{\"@type\":\"WebPage\",\"@id\":\"https:\/\/www.koupeltech.com\/index.php\/produkt\/akcni-cena-bosch-gardenpump-18v-2000-hole-naradi-aku-cerpadlo-na-destovou-vodu-77578\/\",\"url\":\"https:\/\/www.koupeltech.com\/index.php\/produkt\/akcni-cena-bosch-gardenpump-18v-2000-hole-naradi-aku-cerpadlo-na-destovou-vodu-77578\/\",\"name\":\"Ak\u010dn\u00ed Cena Bosch GardenPump 18V-2000 (hol\u00e9 n\u00e1\u0159ad\u00ed) Aku \u010derpadlo na de\u0161\u0165ovou vodu -\",\"isPartOf\":{\"@id\":\"https:\/\/www.koupeltech.com\/#website\"},\"primaryImageOfPage\":{\"@id\":\"https:\/\/www.koupeltech.com\/index.php\/produkt\/akcni-cena-bosch-gardenpump-18v-2000-hole-naradi-aku-cerpadlo-na-destovou-vodu-77578\/#primaryimage\"},\"image\":{\"@id\":\"https:\/\/www.koupeltech.com\/index.php\/produkt\/akcni-cena-bosch-gardenpump-18v-2000-hole-naradi-aku-cerpadlo-na-destovou-vodu-77578\/#primaryimage\"},\"thumbnailUrl\":\"https:\/\/www.koupeltech.com\/wp-content\/uploads\/2026\/SK0028589-CZ20260425-092328-0-1777080210-bosch_06008c4203-800x800.webp\",\"datePublished\":\"2026-04-27T14:07:55+00:00\",\"breadcrumb\":{\"@id\":\"https:\/\/www.koupeltech.com\/index.php\/produkt\/akcni-cena-bosch-gardenpump-18v-2000-hole-naradi-aku-cerpadlo-na-destovou-vodu-77578\/#breadcrumb\"},\"inLanguage\":\"cs\",\"potentialAction\":[{\"@type\":\"ReadAction\",\"target\":[\"https:\/\/www.koupeltech.com\/index.php\/produkt\/akcni-cena-bosch-gardenpump-18v-2000-hole-naradi-aku-cerpadlo-na-destovou-vodu-77578\/\"]}]},{\"@type\":\"ImageObject\",\"inLanguage\":\"cs\",\"@id\":\"https:\/\/www.koupeltech.com\/index.php\/produkt\/akcni-cena-bosch-gardenpump-18v-2000-hole-naradi-aku-cerpadlo-na-destovou-vodu-77578\/#primaryimage\",\"url\":\"https:\/\/www.koupeltech.com\/wp-content\/uploads\/2026\/SK0028589-CZ20260425-092328-0-1777080210-bosch_06008c4203-800x800.webp\",\"contentUrl\":\"https:\/\/www.koupeltech.com\/wp-content\/uploads\/2026\/SK0028589-CZ20260425-092328-0-1777080210-bosch_06008c4203-800x800.webp\",\"width\":800,\"height\":800},{\"@type\":\"BreadcrumbList\",\"@id\":\"https:\/\/www.koupeltech.com\/index.php\/produkt\/akcni-cena-bosch-gardenpump-18v-2000-hole-naradi-aku-cerpadlo-na-destovou-vodu-77578\/#breadcrumb\",\"itemListElement\":[{\"@type\":\"ListItem\",\"position\":1,\"name\":\"Home\",\"item\":\"https:\/\/www.koupeltech.com\/\"},{\"@type\":\"ListItem\",\"position\":2,\"name\":\"Products\",\"item\":\"https:\/\/www.koupeltech.com\/index.php\/products\/\"},{\"@type\":\"ListItem\",\"position\":3,\"name\":\"Ak\u010dn\u00ed Cena Bosch GardenPump 18V-2000 (hol\u00e9 n\u00e1\u0159ad\u00ed) Aku \u010derpadlo na de\u0161\u0165ovou vodu\"}]},{\"@type\":\"WebSite\",\"@id\":\"https:\/\/www.koupeltech.com\/#website\",\"url\":\"https:\/\/www.koupeltech.com\/\",\"name\":\"\",\"description\":\"\",\"potentialAction\":[{\"@type\":\"SearchAction\",\"target\":{\"@type\":\"EntryPoint\",\"urlTemplate\":\"https:\/\/www.koupeltech.com\/?s={search_term_string}\"},\"query-input\":{\"@type\":\"PropertyValueSpecification\",\"valueRequired\":true,\"valueName\":\"search_term_string\"}}],\"inLanguage\":\"cs\"}]}<\/script>\n<!-- \/ Yoast SEO plugin. -->","yoast_head_json":{"title":"Ak\u010dn\u00ed Cena Bosch GardenPump 18V-2000 (hol\u00e9 n\u00e1\u0159ad\u00ed) Aku \u010derpadlo na de\u0161\u0165ovou vodu -","robots":{"index":"index","follow":"follow","max-snippet":"max-snippet:-1","max-image-preview":"max-image-preview:large","max-video-preview":"max-video-preview:-1"},"canonical":"https:\/\/www.koupeltech.com\/index.php\/produkt\/akcni-cena-bosch-gardenpump-18v-2000-hole-naradi-aku-cerpadlo-na-destovou-vodu-77578\/","og_locale":"cs_CZ","og_type":"article","og_title":"Ak\u010dn\u00ed Cena Bosch GardenPump 18V-2000 (hol\u00e9 n\u00e1\u0159ad\u00ed) Aku \u010derpadlo na de\u0161\u0165ovou vodu -","og_description":"Rychlej\u0161\u00ed zal\u00e9v\u00e1n\u00ed zahrady z n\u00e1dr\u017ee na de\u0161\u0165ovou vodu\u27a4 P\u0159\u00ednos pro u\u017eivateleVhodn\u00e9 na \u0161irokou \u0161k\u00e1lu otev\u0159en\u00fdch n\u00e1dr\u017e\u00ed na de\u0161\u0165ovou vodu i t\u011bch s ochrann\u00fdm v\u00edkemN\u00e1stavec na ze\u010f a n\u00e1dr\u017e pro pou\u017eit\u00ed na r\u016fzn\u00fdch druz\u00edch n\u00e1dr\u017e\u00ed na de\u0161\u0165ovou vodu sou\u010d\u00e1st\u00ed balen\u00edFunkce \u010dasova\u010de se t\u0159emi nastaven\u00edmi pro rozst\u0159ikovac\u00ed a z\u00e1vlahov\u00e9 syst\u00e9my\u00da\u010dinnost a\u017e do 25 metr\u016f, ide\u00e1ln\u00ed na v\u011bt\u0161inu [&hellip;]","og_url":"https:\/\/www.koupeltech.com\/index.php\/produkt\/akcni-cena-bosch-gardenpump-18v-2000-hole-naradi-aku-cerpadlo-na-destovou-vodu-77578\/","og_image":[{"width":800,"height":800,"url":"https:\/\/www.koupeltech.com\/wp-content\/uploads\/2026\/SK0028589-CZ20260425-092328-0-1777080210-bosch_06008c4203-800x800.webp","type":"image\/webp"}],"twitter_card":"summary_large_image","twitter_misc":{"Odhadovan\u00e1 doba \u010dten\u00ed":"1 minuta"},"schema":{"@context":"https:\/\/schema.org","@graph":[{"@type":"WebPage","@id":"https:\/\/www.koupeltech.com\/index.php\/produkt\/akcni-cena-bosch-gardenpump-18v-2000-hole-naradi-aku-cerpadlo-na-destovou-vodu-77578\/","url":"https:\/\/www.koupeltech.com\/index.php\/produkt\/akcni-cena-bosch-gardenpump-18v-2000-hole-naradi-aku-cerpadlo-na-destovou-vodu-77578\/","name":"Ak\u010dn\u00ed Cena Bosch GardenPump 18V-2000 (hol\u00e9 n\u00e1\u0159ad\u00ed) Aku \u010derpadlo na de\u0161\u0165ovou vodu -","isPartOf":{"@id":"https:\/\/www.koupeltech.com\/#website"},"primaryImageOfPage":{"@id":"https:\/\/www.koupeltech.com\/index.php\/produkt\/akcni-cena-bosch-gardenpump-18v-2000-hole-naradi-aku-cerpadlo-na-destovou-vodu-77578\/#primaryimage"},"image":{"@id":"https:\/\/www.koupeltech.com\/index.php\/produkt\/akcni-cena-bosch-gardenpump-18v-2000-hole-naradi-aku-cerpadlo-na-destovou-vodu-77578\/#primaryimage"},"thumbnailUrl":"https:\/\/www.koupeltech.com\/wp-content\/uploads\/2026\/SK0028589-CZ20260425-092328-0-1777080210-bosch_06008c4203-800x800.webp","datePublished":"2026-04-27T14:07:55+00:00","breadcrumb":{"@id":"https:\/\/www.koupeltech.com\/index.php\/produkt\/akcni-cena-bosch-gardenpump-18v-2000-hole-naradi-aku-cerpadlo-na-destovou-vodu-77578\/#breadcrumb"},"inLanguage":"cs","potentialAction":[{"@type":"ReadAction","target":["https:\/\/www.koupeltech.com\/index.php\/produkt\/akcni-cena-bosch-gardenpump-18v-2000-hole-naradi-aku-cerpadlo-na-destovou-vodu-77578\/"]}]},{"@type":"ImageObject","inLanguage":"cs","@id":"https:\/\/www.koupeltech.com\/index.php\/produkt\/akcni-cena-bosch-gardenpump-18v-2000-hole-naradi-aku-cerpadlo-na-destovou-vodu-77578\/#primaryimage","url":"https:\/\/www.koupeltech.com\/wp-content\/uploads\/2026\/SK0028589-CZ20260425-092328-0-1777080210-bosch_06008c4203-800x800.webp","contentUrl":"https:\/\/www.koupeltech.com\/wp-content\/uploads\/2026\/SK0028589-CZ20260425-092328-0-1777080210-bosch_06008c4203-800x800.webp","width":800,"height":800},{"@type":"BreadcrumbList","@id":"https:\/\/www.koupeltech.com\/index.php\/produkt\/akcni-cena-bosch-gardenpump-18v-2000-hole-naradi-aku-cerpadlo-na-destovou-vodu-77578\/#breadcrumb","itemListElement":[{"@type":"ListItem","position":1,"name":"Home","item":"https:\/\/www.koupeltech.com\/"},{"@type":"ListItem","position":2,"name":"Products","item":"https:\/\/www.koupeltech.com\/index.php\/products\/"},{"@type":"ListItem","position":3,"name":"Ak\u010dn\u00ed Cena Bosch GardenPump 18V-2000 (hol\u00e9 n\u00e1\u0159ad\u00ed) Aku \u010derpadlo na de\u0161\u0165ovou vodu"}]},{"@type":"WebSite","@id":"https:\/\/www.koupeltech.com\/#website","url":"https:\/\/www.koupeltech.com\/","name":"","description":"","potentialAction":[{"@type":"SearchAction","target":{"@type":"EntryPoint","urlTemplate":"https:\/\/www.koupeltech.com\/?s={search_term_string}"},"query-input":{"@type":"PropertyValueSpecification","valueRequired":true,"valueName":"search_term_string"}}],"inLanguage":"cs"}]}},"_links":{"self":[{"href":"https:\/\/www.koupeltech.com\/index.php\/wp-json\/wp\/v2\/product\/77578","targetHints":{"allow":["GET"]}}],"collection":[{"href":"https:\/\/www.koupeltech.com\/index.php\/wp-json\/wp\/v2\/product"}],"about":[{"href":"https:\/\/www.koupeltech.com\/index.php\/wp-json\/wp\/v2\/types\/product"}],"replies":[{"embeddable":true,"href":"https:\/\/www.koupeltech.com\/index.php\/wp-json\/wp\/v2\/comments?post=77578"}],"wp:featuredmedia":[{"embeddable":true,"href":"https:\/\/www.koupeltech.com\/index.php\/wp-json\/wp\/v2\/media\/77678"}],"wp:attachment":[{"href":"https:\/\/www.koupeltech.com\/index.php\/wp-json\/wp\/v2\/media?parent=77578"}],"wp:term":[{"taxonomy":"product_brand","embeddable":true,"href":"https:\/\/www.koupeltech.com\/index.php\/wp-json\/wp\/v2\/product_brand?post=77578"},{"taxonomy":"product_cat","embeddable":true,"href":"https:\/\/www.koupeltech.com\/index.php\/wp-json\/wp\/v2\/product_cat?post=77578"},{"taxonomy":"product_tag","embeddable":true,"href":"https:\/\/www.koupeltech.com\/index.php\/wp-json\/wp\/v2\/product_tag?post=77578"}],"curies":[{"name":"wp","href":"https:\/\/api.w.org\/{rel}","templated":true}]}}