{"id":78126,"date":"2026-04-27T14:08:00","date_gmt":"2026-04-27T14:08:00","guid":{"rendered":""},"modified":"2026-04-27T14:08:00","modified_gmt":"2026-04-27T14:08:00","slug":"zlevneny-wolfcraft-4029000-krimpovaci-kleste-na-kovove-profily-v-suchych-stavbach-78126","status":"publish","type":"product","link":"https:\/\/www.koupeltech.com\/index.php\/produkt\/zlevneny-wolfcraft-4029000-krimpovaci-kleste-na-kovove-profily-v-suchych-stavbach-78126\/","title":{"rendered":"Zlevn\u011bn\u00fd Wolfcraft 4029000 Krimpovac\u00ed kle\u0161t\u011b na kovov\u00e9 profily v such\u00fdch stavb\u00e1ch"},"content":{"rendered":"<table>\n<div class=\"tab-pane active product-description\" id=\"popis\" role=\"tabpanel\">\n<div class=\"short-description\" itemprop=\"description\"><\/div>\n<div class=\"description\"><span class='bullet-line'>rychl\u00e9 a trval\u00e9 spojen\u00ed kovov\u00fdch profil\u016f C a U o tlou\u0161\u0165ce max. 2 x 0,6 mm<br \/><\/span><span class='bullet-line'>optim\u00e1ln\u00ed p\u00e1kov\u00fd efekt pro pr\u00e1ci \u0161et\u0159\u00edc\u00ed s\u00edly<br \/><\/span><span class='bullet-line'>kvalitn\u00ed kovov\u00e9 proveden\u00ed<br \/><\/span><br \/>Pomoc\u00ed t\u011bchto profilov\u00fdch spojovac\u00edch kle\u0161t\u00ed m\u016f\u017eete snadno a rychle krimpovat kovov\u00e9 profily C a U a\u017e do tlou\u0161\u0165ky materi\u00e1lu 2 x 0,6 mm. Ide\u00e1ln\u00ed pomocn\u00edk p\u0159i such\u00fdch stavb\u00e1ch k trval\u00e9mu spojen\u00ed dvou sloupkov\u00fdch profil\u016f. D\u00edky optim\u00e1ln\u00edmu p\u00e1kov\u00e9mu efektu nemus\u00edte vynakl\u00e1dat \u017e\u00e1dnou v\u011bt\u0161\u00ed s\u00edlu a spolehliv\u011b profitujete z trval\u00e9ho p\u0159ipojen\u00ed. Odoln\u00e9 krimpovac\u00ed kle\u0161t\u011b jsou vyrobeny z vysoce kvalitn\u00ed nerezov\u00e9 oceli, tak\u017ee V\u00e1m budou moci slou\u017eit po mnoho let.<\/p>\n<p>\u27a4 Vhodn\u00fd pro materi\u00e1l<span class='bullet-line'>Pln\u011b vhodn\u00fd\t<br \/><\/span>&#8211; tenkost\u011bnn\u00fd ocelov\u00fd profil <\/p>\n<p>\u27a4 Vlastnosti<span class='bullet-line'>optim\u00e1ln\u00ed p\u00e1kov\u00fd efekt pro pr\u00e1ci \u0161et\u0159\u00edc\u00ed s\u00edly <br \/><\/span><span class='bullet-line'>robustn\u00ed, vysoce kvalitn\u00ed kovov\u00e9 proveden\u00ed pro dlouhou \u017eivotnost<\/span><\/div>\n<\/table>\n","protected":false},"excerpt":{"rendered":"<p>rychl\u00e9 a trval\u00e9 spojen\u00ed kovov\u00fdch profil\u016f C a U o tlou\u0161\u0165ce max. 2 x 0,6 mmoptim\u00e1ln\u00ed p\u00e1kov\u00fd efekt pro pr\u00e1ci \u0161et\u0159\u00edc\u00ed s\u00edlykvalitn\u00ed kovov\u00e9 proveden\u00edPomoc\u00ed t\u011bchto profilov\u00fdch spojovac\u00edch kle\u0161t\u00ed m\u016f\u017eete snadno a rychle krimpovat kovov\u00e9 profily C a U a\u017e do tlou\u0161\u0165ky materi\u00e1lu 2 x 0,6 mm. Ide\u00e1ln\u00ed pomocn\u00edk p\u0159i such\u00fdch stavb\u00e1ch k trval\u00e9mu spojen\u00ed dvou [&hellip;]<\/p>\n","protected":false},"featured_media":78226,"comment_status":"open","ping_status":"open","template":"","meta":[],"product_brand":[],"product_cat":[43],"product_tag":[],"class_list":{"0":"post-78126","1":"product","2":"type-product","3":"status-publish","4":"has-post-thumbnail","6":"product_cat-naradi","8":"first","9":"instock","10":"sale","11":"shipping-taxable","12":"purchasable","13":"product-type-simple"},"yoast_head":"<!-- This site is optimized with the Yoast SEO plugin v26.8 - https:\/\/yoast.com\/product\/yoast-seo-wordpress\/ -->\n<title>Zlevn\u011bn\u00fd Wolfcraft 4029000 Krimpovac\u00ed kle\u0161t\u011b na kovov\u00e9 profily v such\u00fdch stavb\u00e1ch -<\/title>\n<meta name=\"robots\" content=\"index, follow, max-snippet:-1, max-image-preview:large, max-video-preview:-1\" \/>\n<link rel=\"canonical\" href=\"https:\/\/www.koupeltech.com\/index.php\/produkt\/zlevneny-wolfcraft-4029000-krimpovaci-kleste-na-kovove-profily-v-suchych-stavbach-78126\/\" \/>\n<meta property=\"og:locale\" content=\"cs_CZ\" \/>\n<meta property=\"og:type\" content=\"article\" \/>\n<meta property=\"og:title\" content=\"Zlevn\u011bn\u00fd Wolfcraft 4029000 Krimpovac\u00ed kle\u0161t\u011b na kovov\u00e9 profily v such\u00fdch stavb\u00e1ch -\" \/>\n<meta property=\"og:description\" content=\"rychl\u00e9 a trval\u00e9 spojen\u00ed kovov\u00fdch profil\u016f C a U o tlou\u0161\u0165ce max. 2 x 0,6 mmoptim\u00e1ln\u00ed p\u00e1kov\u00fd efekt pro pr\u00e1ci \u0161et\u0159\u00edc\u00ed s\u00edlykvalitn\u00ed kovov\u00e9 proveden\u00edPomoc\u00ed t\u011bchto profilov\u00fdch spojovac\u00edch kle\u0161t\u00ed m\u016f\u017eete snadno a rychle krimpovat kovov\u00e9 profily C a U a\u017e do tlou\u0161\u0165ky materi\u00e1lu 2 x 0,6 mm. Ide\u00e1ln\u00ed pomocn\u00edk p\u0159i such\u00fdch stavb\u00e1ch k trval\u00e9mu spojen\u00ed dvou [&hellip;]\" \/>\n<meta property=\"og:url\" content=\"https:\/\/www.koupeltech.com\/index.php\/produkt\/zlevneny-wolfcraft-4029000-krimpovaci-kleste-na-kovove-profily-v-suchych-stavbach-78126\/\" \/>\n<meta property=\"og:image\" content=\"https:\/\/www.koupeltech.com\/wp-content\/uploads\/2026\/SK0028840-CZ20260425-092328-0-1777080210-4029000-pro-fs-pho-lsc-010.jpg-cmv-300wx300h-context-bwfzdg.webp\" \/>\n\t<meta property=\"og:image:width\" content=\"300\" \/>\n\t<meta property=\"og:image:height\" content=\"200\" \/>\n\t<meta property=\"og:image:type\" content=\"image\/webp\" \/>\n<meta name=\"twitter:card\" content=\"summary_large_image\" \/>\n<meta name=\"twitter:label1\" content=\"Odhadovan\u00e1 doba \u010dten\u00ed\" \/>\n\t<meta name=\"twitter:data1\" content=\"1 minuta\" \/>\n<script type=\"application\/ld+json\" class=\"yoast-schema-graph\">{\"@context\":\"https:\/\/schema.org\",\"@graph\":[{\"@type\":\"WebPage\",\"@id\":\"https:\/\/www.koupeltech.com\/index.php\/produkt\/zlevneny-wolfcraft-4029000-krimpovaci-kleste-na-kovove-profily-v-suchych-stavbach-78126\/\",\"url\":\"https:\/\/www.koupeltech.com\/index.php\/produkt\/zlevneny-wolfcraft-4029000-krimpovaci-kleste-na-kovove-profily-v-suchych-stavbach-78126\/\",\"name\":\"Zlevn\u011bn\u00fd Wolfcraft 4029000 Krimpovac\u00ed kle\u0161t\u011b na kovov\u00e9 profily v such\u00fdch stavb\u00e1ch -\",\"isPartOf\":{\"@id\":\"https:\/\/www.koupeltech.com\/#website\"},\"primaryImageOfPage\":{\"@id\":\"https:\/\/www.koupeltech.com\/index.php\/produkt\/zlevneny-wolfcraft-4029000-krimpovaci-kleste-na-kovove-profily-v-suchych-stavbach-78126\/#primaryimage\"},\"image\":{\"@id\":\"https:\/\/www.koupeltech.com\/index.php\/produkt\/zlevneny-wolfcraft-4029000-krimpovaci-kleste-na-kovove-profily-v-suchych-stavbach-78126\/#primaryimage\"},\"thumbnailUrl\":\"https:\/\/www.koupeltech.com\/wp-content\/uploads\/2026\/SK0028840-CZ20260425-092328-0-1777080210-4029000-pro-fs-pho-lsc-010.jpg-cmv-300wx300h-context-bwfzdg.webp\",\"datePublished\":\"2026-04-27T14:08:00+00:00\",\"breadcrumb\":{\"@id\":\"https:\/\/www.koupeltech.com\/index.php\/produkt\/zlevneny-wolfcraft-4029000-krimpovaci-kleste-na-kovove-profily-v-suchych-stavbach-78126\/#breadcrumb\"},\"inLanguage\":\"cs\",\"potentialAction\":[{\"@type\":\"ReadAction\",\"target\":[\"https:\/\/www.koupeltech.com\/index.php\/produkt\/zlevneny-wolfcraft-4029000-krimpovaci-kleste-na-kovove-profily-v-suchych-stavbach-78126\/\"]}]},{\"@type\":\"ImageObject\",\"inLanguage\":\"cs\",\"@id\":\"https:\/\/www.koupeltech.com\/index.php\/produkt\/zlevneny-wolfcraft-4029000-krimpovaci-kleste-na-kovove-profily-v-suchych-stavbach-78126\/#primaryimage\",\"url\":\"https:\/\/www.koupeltech.com\/wp-content\/uploads\/2026\/SK0028840-CZ20260425-092328-0-1777080210-4029000-pro-fs-pho-lsc-010.jpg-cmv-300wx300h-context-bwfzdg.webp\",\"contentUrl\":\"https:\/\/www.koupeltech.com\/wp-content\/uploads\/2026\/SK0028840-CZ20260425-092328-0-1777080210-4029000-pro-fs-pho-lsc-010.jpg-cmv-300wx300h-context-bwfzdg.webp\",\"width\":300,\"height\":200},{\"@type\":\"BreadcrumbList\",\"@id\":\"https:\/\/www.koupeltech.com\/index.php\/produkt\/zlevneny-wolfcraft-4029000-krimpovaci-kleste-na-kovove-profily-v-suchych-stavbach-78126\/#breadcrumb\",\"itemListElement\":[{\"@type\":\"ListItem\",\"position\":1,\"name\":\"Home\",\"item\":\"https:\/\/www.koupeltech.com\/\"},{\"@type\":\"ListItem\",\"position\":2,\"name\":\"Products\",\"item\":\"https:\/\/www.koupeltech.com\/index.php\/products\/\"},{\"@type\":\"ListItem\",\"position\":3,\"name\":\"Zlevn\u011bn\u00fd Wolfcraft 4029000 Krimpovac\u00ed kle\u0161t\u011b na kovov\u00e9 profily v such\u00fdch stavb\u00e1ch\"}]},{\"@type\":\"WebSite\",\"@id\":\"https:\/\/www.koupeltech.com\/#website\",\"url\":\"https:\/\/www.koupeltech.com\/\",\"name\":\"\",\"description\":\"\",\"potentialAction\":[{\"@type\":\"SearchAction\",\"target\":{\"@type\":\"EntryPoint\",\"urlTemplate\":\"https:\/\/www.koupeltech.com\/?s={search_term_string}\"},\"query-input\":{\"@type\":\"PropertyValueSpecification\",\"valueRequired\":true,\"valueName\":\"search_term_string\"}}],\"inLanguage\":\"cs\"}]}<\/script>\n<!-- \/ Yoast SEO plugin. -->","yoast_head_json":{"title":"Zlevn\u011bn\u00fd Wolfcraft 4029000 Krimpovac\u00ed kle\u0161t\u011b na kovov\u00e9 profily v such\u00fdch stavb\u00e1ch -","robots":{"index":"index","follow":"follow","max-snippet":"max-snippet:-1","max-image-preview":"max-image-preview:large","max-video-preview":"max-video-preview:-1"},"canonical":"https:\/\/www.koupeltech.com\/index.php\/produkt\/zlevneny-wolfcraft-4029000-krimpovaci-kleste-na-kovove-profily-v-suchych-stavbach-78126\/","og_locale":"cs_CZ","og_type":"article","og_title":"Zlevn\u011bn\u00fd Wolfcraft 4029000 Krimpovac\u00ed kle\u0161t\u011b na kovov\u00e9 profily v such\u00fdch stavb\u00e1ch -","og_description":"rychl\u00e9 a trval\u00e9 spojen\u00ed kovov\u00fdch profil\u016f C a U o tlou\u0161\u0165ce max. 2 x 0,6 mmoptim\u00e1ln\u00ed p\u00e1kov\u00fd efekt pro pr\u00e1ci \u0161et\u0159\u00edc\u00ed s\u00edlykvalitn\u00ed kovov\u00e9 proveden\u00edPomoc\u00ed t\u011bchto profilov\u00fdch spojovac\u00edch kle\u0161t\u00ed m\u016f\u017eete snadno a rychle krimpovat kovov\u00e9 profily C a U a\u017e do tlou\u0161\u0165ky materi\u00e1lu 2 x 0,6 mm. Ide\u00e1ln\u00ed pomocn\u00edk p\u0159i such\u00fdch stavb\u00e1ch k trval\u00e9mu spojen\u00ed dvou [&hellip;]","og_url":"https:\/\/www.koupeltech.com\/index.php\/produkt\/zlevneny-wolfcraft-4029000-krimpovaci-kleste-na-kovove-profily-v-suchych-stavbach-78126\/","og_image":[{"width":300,"height":200,"url":"https:\/\/www.koupeltech.com\/wp-content\/uploads\/2026\/SK0028840-CZ20260425-092328-0-1777080210-4029000-pro-fs-pho-lsc-010.jpg-cmv-300wx300h-context-bwfzdg.webp","type":"image\/webp"}],"twitter_card":"summary_large_image","twitter_misc":{"Odhadovan\u00e1 doba \u010dten\u00ed":"1 minuta"},"schema":{"@context":"https:\/\/schema.org","@graph":[{"@type":"WebPage","@id":"https:\/\/www.koupeltech.com\/index.php\/produkt\/zlevneny-wolfcraft-4029000-krimpovaci-kleste-na-kovove-profily-v-suchych-stavbach-78126\/","url":"https:\/\/www.koupeltech.com\/index.php\/produkt\/zlevneny-wolfcraft-4029000-krimpovaci-kleste-na-kovove-profily-v-suchych-stavbach-78126\/","name":"Zlevn\u011bn\u00fd Wolfcraft 4029000 Krimpovac\u00ed kle\u0161t\u011b na kovov\u00e9 profily v such\u00fdch stavb\u00e1ch -","isPartOf":{"@id":"https:\/\/www.koupeltech.com\/#website"},"primaryImageOfPage":{"@id":"https:\/\/www.koupeltech.com\/index.php\/produkt\/zlevneny-wolfcraft-4029000-krimpovaci-kleste-na-kovove-profily-v-suchych-stavbach-78126\/#primaryimage"},"image":{"@id":"https:\/\/www.koupeltech.com\/index.php\/produkt\/zlevneny-wolfcraft-4029000-krimpovaci-kleste-na-kovove-profily-v-suchych-stavbach-78126\/#primaryimage"},"thumbnailUrl":"https:\/\/www.koupeltech.com\/wp-content\/uploads\/2026\/SK0028840-CZ20260425-092328-0-1777080210-4029000-pro-fs-pho-lsc-010.jpg-cmv-300wx300h-context-bwfzdg.webp","datePublished":"2026-04-27T14:08:00+00:00","breadcrumb":{"@id":"https:\/\/www.koupeltech.com\/index.php\/produkt\/zlevneny-wolfcraft-4029000-krimpovaci-kleste-na-kovove-profily-v-suchych-stavbach-78126\/#breadcrumb"},"inLanguage":"cs","potentialAction":[{"@type":"ReadAction","target":["https:\/\/www.koupeltech.com\/index.php\/produkt\/zlevneny-wolfcraft-4029000-krimpovaci-kleste-na-kovove-profily-v-suchych-stavbach-78126\/"]}]},{"@type":"ImageObject","inLanguage":"cs","@id":"https:\/\/www.koupeltech.com\/index.php\/produkt\/zlevneny-wolfcraft-4029000-krimpovaci-kleste-na-kovove-profily-v-suchych-stavbach-78126\/#primaryimage","url":"https:\/\/www.koupeltech.com\/wp-content\/uploads\/2026\/SK0028840-CZ20260425-092328-0-1777080210-4029000-pro-fs-pho-lsc-010.jpg-cmv-300wx300h-context-bwfzdg.webp","contentUrl":"https:\/\/www.koupeltech.com\/wp-content\/uploads\/2026\/SK0028840-CZ20260425-092328-0-1777080210-4029000-pro-fs-pho-lsc-010.jpg-cmv-300wx300h-context-bwfzdg.webp","width":300,"height":200},{"@type":"BreadcrumbList","@id":"https:\/\/www.koupeltech.com\/index.php\/produkt\/zlevneny-wolfcraft-4029000-krimpovaci-kleste-na-kovove-profily-v-suchych-stavbach-78126\/#breadcrumb","itemListElement":[{"@type":"ListItem","position":1,"name":"Home","item":"https:\/\/www.koupeltech.com\/"},{"@type":"ListItem","position":2,"name":"Products","item":"https:\/\/www.koupeltech.com\/index.php\/products\/"},{"@type":"ListItem","position":3,"name":"Zlevn\u011bn\u00fd Wolfcraft 4029000 Krimpovac\u00ed kle\u0161t\u011b na kovov\u00e9 profily v such\u00fdch stavb\u00e1ch"}]},{"@type":"WebSite","@id":"https:\/\/www.koupeltech.com\/#website","url":"https:\/\/www.koupeltech.com\/","name":"","description":"","potentialAction":[{"@type":"SearchAction","target":{"@type":"EntryPoint","urlTemplate":"https:\/\/www.koupeltech.com\/?s={search_term_string}"},"query-input":{"@type":"PropertyValueSpecification","valueRequired":true,"valueName":"search_term_string"}}],"inLanguage":"cs"}]}},"_links":{"self":[{"href":"https:\/\/www.koupeltech.com\/index.php\/wp-json\/wp\/v2\/product\/78126","targetHints":{"allow":["GET"]}}],"collection":[{"href":"https:\/\/www.koupeltech.com\/index.php\/wp-json\/wp\/v2\/product"}],"about":[{"href":"https:\/\/www.koupeltech.com\/index.php\/wp-json\/wp\/v2\/types\/product"}],"replies":[{"embeddable":true,"href":"https:\/\/www.koupeltech.com\/index.php\/wp-json\/wp\/v2\/comments?post=78126"}],"wp:featuredmedia":[{"embeddable":true,"href":"https:\/\/www.koupeltech.com\/index.php\/wp-json\/wp\/v2\/media\/78226"}],"wp:attachment":[{"href":"https:\/\/www.koupeltech.com\/index.php\/wp-json\/wp\/v2\/media?parent=78126"}],"wp:term":[{"taxonomy":"product_brand","embeddable":true,"href":"https:\/\/www.koupeltech.com\/index.php\/wp-json\/wp\/v2\/product_brand?post=78126"},{"taxonomy":"product_cat","embeddable":true,"href":"https:\/\/www.koupeltech.com\/index.php\/wp-json\/wp\/v2\/product_cat?post=78126"},{"taxonomy":"product_tag","embeddable":true,"href":"https:\/\/www.koupeltech.com\/index.php\/wp-json\/wp\/v2\/product_tag?post=78126"}],"curies":[{"name":"wp","href":"https:\/\/api.w.org\/{rel}","templated":true}]}}