{"id":78292,"date":"2026-04-27T14:08:02","date_gmt":"2026-04-27T14:08:02","guid":{"rendered":""},"modified":"2026-04-27T14:08:02","modified_gmt":"2026-04-27T14:08:02","slug":"wolfcraft-6044000-pracovni-deska-wss-vel-m-casove-omezene-78292","status":"publish","type":"product","link":"https:\/\/www.koupeltech.com\/index.php\/produkt\/wolfcraft-6044000-pracovni-deska-wss-vel-m-casove-omezene-78292\/","title":{"rendered":"Wolfcraft 6044000 Pracovn\u00ed deska WSS, vel. M \u010casov\u011b Omezen\u00e9"},"content":{"rendered":"<table>\n<div class=\"tab-pane active product-description\" id=\"popis\" role=\"tabpanel\">\n<div class=\"short-description\" itemprop=\"description\"><\/div>\n<div class=\"description\"><span class='bullet-line'>30 mm siln\u00e1 pracovn\u00ed deska z bukov\u00e9ho d\u0159eva, lepen\u00e1<\/span><\/div>\n<div class=\"parameters\">\n<tr>\n<td>Materi\u00e1l desky stolu<\/td>\n<td>Buk<\/td>\n<\/tr>\n<tr>\n<td>\u0160\u00cd\u0158KA V\u00ddROBKU<\/td>\n<td>1130 mm<\/td>\n<\/tr>\n<tr>\n<td>V\u00dd\u0160KA V\u00ddROBKU<\/td>\n<td>30 mm<\/td>\n<\/tr>\n<tr>\n<td>D\u00c9LKA (HLOUBKA) V\u00ddROBKU<\/td>\n<td>650 mm<\/td>\n<\/tr><\/div>\n<\/table>\n","protected":false},"excerpt":{"rendered":"<p>30 mm siln\u00e1 pracovn\u00ed deska z bukov\u00e9ho d\u0159eva, lepen\u00e1 Materi\u00e1l desky stolu Buk \u0160\u00cd\u0158KA V\u00ddROBKU 1130 mm V\u00dd\u0160KA V\u00ddROBKU 30 mm D\u00c9LKA (HLOUBKA) V\u00ddROBKU 650 mm<\/p>\n","protected":false},"featured_media":78294,"comment_status":"open","ping_status":"open","template":"","meta":[],"product_brand":[],"product_cat":[45],"product_tag":[],"class_list":{"0":"post-78292","1":"product","2":"type-product","3":"status-publish","4":"has-post-thumbnail","6":"product_cat-dilna","8":"first","9":"instock","10":"sale","11":"shipping-taxable","12":"purchasable","13":"product-type-simple"},"yoast_head":"<!-- This site is optimized with the Yoast SEO plugin v26.8 - https:\/\/yoast.com\/product\/yoast-seo-wordpress\/ -->\n<title>Wolfcraft 6044000 Pracovn\u00ed deska WSS, vel. M \u010casov\u011b Omezen\u00e9 -<\/title>\n<meta name=\"robots\" content=\"index, follow, max-snippet:-1, max-image-preview:large, max-video-preview:-1\" \/>\n<link rel=\"canonical\" href=\"https:\/\/www.koupeltech.com\/index.php\/produkt\/wolfcraft-6044000-pracovni-deska-wss-vel-m-casove-omezene-78292\/\" \/>\n<meta property=\"og:locale\" content=\"cs_CZ\" \/>\n<meta property=\"og:type\" content=\"article\" \/>\n<meta property=\"og:title\" content=\"Wolfcraft 6044000 Pracovn\u00ed deska WSS, vel. M \u010casov\u011b Omezen\u00e9 -\" \/>\n<meta property=\"og:description\" content=\"30 mm siln\u00e1 pracovn\u00ed deska z bukov\u00e9ho d\u0159eva, lepen\u00e1 Materi\u00e1l desky stolu Buk \u0160\u00cd\u0158KA V\u00ddROBKU 1130 mm V\u00dd\u0160KA V\u00ddROBKU 30 mm D\u00c9LKA (HLOUBKA) V\u00ddROBKU 650 mm\" \/>\n<meta property=\"og:url\" content=\"https:\/\/www.koupeltech.com\/index.php\/produkt\/wolfcraft-6044000-pracovni-deska-wss-vel-m-casove-omezene-78292\/\" \/>\n<meta property=\"og:image\" content=\"https:\/\/www.koupeltech.com\/wp-content\/uploads\/2026\/SK0028906-CZ20260425-092328-0-1777080210-6043000-pro-fs-pho-sqa-010.jpg-cmv-515wx515h-context-bwfzdg.webp\" \/>\n\t<meta property=\"og:image:width\" content=\"515\" \/>\n\t<meta property=\"og:image:height\" content=\"515\" \/>\n\t<meta property=\"og:image:type\" content=\"image\/webp\" \/>\n<meta name=\"twitter:card\" content=\"summary_large_image\" \/>\n<script type=\"application\/ld+json\" class=\"yoast-schema-graph\">{\"@context\":\"https:\/\/schema.org\",\"@graph\":[{\"@type\":\"WebPage\",\"@id\":\"https:\/\/www.koupeltech.com\/index.php\/produkt\/wolfcraft-6044000-pracovni-deska-wss-vel-m-casove-omezene-78292\/\",\"url\":\"https:\/\/www.koupeltech.com\/index.php\/produkt\/wolfcraft-6044000-pracovni-deska-wss-vel-m-casove-omezene-78292\/\",\"name\":\"Wolfcraft 6044000 Pracovn\u00ed deska WSS, vel. M \u010casov\u011b Omezen\u00e9 -\",\"isPartOf\":{\"@id\":\"https:\/\/www.koupeltech.com\/#website\"},\"primaryImageOfPage\":{\"@id\":\"https:\/\/www.koupeltech.com\/index.php\/produkt\/wolfcraft-6044000-pracovni-deska-wss-vel-m-casove-omezene-78292\/#primaryimage\"},\"image\":{\"@id\":\"https:\/\/www.koupeltech.com\/index.php\/produkt\/wolfcraft-6044000-pracovni-deska-wss-vel-m-casove-omezene-78292\/#primaryimage\"},\"thumbnailUrl\":\"https:\/\/www.koupeltech.com\/wp-content\/uploads\/2026\/SK0028906-CZ20260425-092328-0-1777080210-6043000-pro-fs-pho-sqa-010.jpg-cmv-515wx515h-context-bwfzdg.webp\",\"datePublished\":\"2026-04-27T14:08:02+00:00\",\"breadcrumb\":{\"@id\":\"https:\/\/www.koupeltech.com\/index.php\/produkt\/wolfcraft-6044000-pracovni-deska-wss-vel-m-casove-omezene-78292\/#breadcrumb\"},\"inLanguage\":\"cs\",\"potentialAction\":[{\"@type\":\"ReadAction\",\"target\":[\"https:\/\/www.koupeltech.com\/index.php\/produkt\/wolfcraft-6044000-pracovni-deska-wss-vel-m-casove-omezene-78292\/\"]}]},{\"@type\":\"ImageObject\",\"inLanguage\":\"cs\",\"@id\":\"https:\/\/www.koupeltech.com\/index.php\/produkt\/wolfcraft-6044000-pracovni-deska-wss-vel-m-casove-omezene-78292\/#primaryimage\",\"url\":\"https:\/\/www.koupeltech.com\/wp-content\/uploads\/2026\/SK0028906-CZ20260425-092328-0-1777080210-6043000-pro-fs-pho-sqa-010.jpg-cmv-515wx515h-context-bwfzdg.webp\",\"contentUrl\":\"https:\/\/www.koupeltech.com\/wp-content\/uploads\/2026\/SK0028906-CZ20260425-092328-0-1777080210-6043000-pro-fs-pho-sqa-010.jpg-cmv-515wx515h-context-bwfzdg.webp\",\"width\":515,\"height\":515},{\"@type\":\"BreadcrumbList\",\"@id\":\"https:\/\/www.koupeltech.com\/index.php\/produkt\/wolfcraft-6044000-pracovni-deska-wss-vel-m-casove-omezene-78292\/#breadcrumb\",\"itemListElement\":[{\"@type\":\"ListItem\",\"position\":1,\"name\":\"Home\",\"item\":\"https:\/\/www.koupeltech.com\/\"},{\"@type\":\"ListItem\",\"position\":2,\"name\":\"Products\",\"item\":\"https:\/\/www.koupeltech.com\/index.php\/products\/\"},{\"@type\":\"ListItem\",\"position\":3,\"name\":\"Wolfcraft 6044000 Pracovn\u00ed deska WSS, vel. M \u010casov\u011b Omezen\u00e9\"}]},{\"@type\":\"WebSite\",\"@id\":\"https:\/\/www.koupeltech.com\/#website\",\"url\":\"https:\/\/www.koupeltech.com\/\",\"name\":\"\",\"description\":\"\",\"potentialAction\":[{\"@type\":\"SearchAction\",\"target\":{\"@type\":\"EntryPoint\",\"urlTemplate\":\"https:\/\/www.koupeltech.com\/?s={search_term_string}\"},\"query-input\":{\"@type\":\"PropertyValueSpecification\",\"valueRequired\":true,\"valueName\":\"search_term_string\"}}],\"inLanguage\":\"cs\"}]}<\/script>\n<!-- \/ Yoast SEO plugin. -->","yoast_head_json":{"title":"Wolfcraft 6044000 Pracovn\u00ed deska WSS, vel. M \u010casov\u011b Omezen\u00e9 -","robots":{"index":"index","follow":"follow","max-snippet":"max-snippet:-1","max-image-preview":"max-image-preview:large","max-video-preview":"max-video-preview:-1"},"canonical":"https:\/\/www.koupeltech.com\/index.php\/produkt\/wolfcraft-6044000-pracovni-deska-wss-vel-m-casove-omezene-78292\/","og_locale":"cs_CZ","og_type":"article","og_title":"Wolfcraft 6044000 Pracovn\u00ed deska WSS, vel. M \u010casov\u011b Omezen\u00e9 -","og_description":"30 mm siln\u00e1 pracovn\u00ed deska z bukov\u00e9ho d\u0159eva, lepen\u00e1 Materi\u00e1l desky stolu Buk \u0160\u00cd\u0158KA V\u00ddROBKU 1130 mm V\u00dd\u0160KA V\u00ddROBKU 30 mm D\u00c9LKA (HLOUBKA) V\u00ddROBKU 650 mm","og_url":"https:\/\/www.koupeltech.com\/index.php\/produkt\/wolfcraft-6044000-pracovni-deska-wss-vel-m-casove-omezene-78292\/","og_image":[{"width":515,"height":515,"url":"https:\/\/www.koupeltech.com\/wp-content\/uploads\/2026\/SK0028906-CZ20260425-092328-0-1777080210-6043000-pro-fs-pho-sqa-010.jpg-cmv-515wx515h-context-bwfzdg.webp","type":"image\/webp"}],"twitter_card":"summary_large_image","schema":{"@context":"https:\/\/schema.org","@graph":[{"@type":"WebPage","@id":"https:\/\/www.koupeltech.com\/index.php\/produkt\/wolfcraft-6044000-pracovni-deska-wss-vel-m-casove-omezene-78292\/","url":"https:\/\/www.koupeltech.com\/index.php\/produkt\/wolfcraft-6044000-pracovni-deska-wss-vel-m-casove-omezene-78292\/","name":"Wolfcraft 6044000 Pracovn\u00ed deska WSS, vel. M \u010casov\u011b Omezen\u00e9 -","isPartOf":{"@id":"https:\/\/www.koupeltech.com\/#website"},"primaryImageOfPage":{"@id":"https:\/\/www.koupeltech.com\/index.php\/produkt\/wolfcraft-6044000-pracovni-deska-wss-vel-m-casove-omezene-78292\/#primaryimage"},"image":{"@id":"https:\/\/www.koupeltech.com\/index.php\/produkt\/wolfcraft-6044000-pracovni-deska-wss-vel-m-casove-omezene-78292\/#primaryimage"},"thumbnailUrl":"https:\/\/www.koupeltech.com\/wp-content\/uploads\/2026\/SK0028906-CZ20260425-092328-0-1777080210-6043000-pro-fs-pho-sqa-010.jpg-cmv-515wx515h-context-bwfzdg.webp","datePublished":"2026-04-27T14:08:02+00:00","breadcrumb":{"@id":"https:\/\/www.koupeltech.com\/index.php\/produkt\/wolfcraft-6044000-pracovni-deska-wss-vel-m-casove-omezene-78292\/#breadcrumb"},"inLanguage":"cs","potentialAction":[{"@type":"ReadAction","target":["https:\/\/www.koupeltech.com\/index.php\/produkt\/wolfcraft-6044000-pracovni-deska-wss-vel-m-casove-omezene-78292\/"]}]},{"@type":"ImageObject","inLanguage":"cs","@id":"https:\/\/www.koupeltech.com\/index.php\/produkt\/wolfcraft-6044000-pracovni-deska-wss-vel-m-casove-omezene-78292\/#primaryimage","url":"https:\/\/www.koupeltech.com\/wp-content\/uploads\/2026\/SK0028906-CZ20260425-092328-0-1777080210-6043000-pro-fs-pho-sqa-010.jpg-cmv-515wx515h-context-bwfzdg.webp","contentUrl":"https:\/\/www.koupeltech.com\/wp-content\/uploads\/2026\/SK0028906-CZ20260425-092328-0-1777080210-6043000-pro-fs-pho-sqa-010.jpg-cmv-515wx515h-context-bwfzdg.webp","width":515,"height":515},{"@type":"BreadcrumbList","@id":"https:\/\/www.koupeltech.com\/index.php\/produkt\/wolfcraft-6044000-pracovni-deska-wss-vel-m-casove-omezene-78292\/#breadcrumb","itemListElement":[{"@type":"ListItem","position":1,"name":"Home","item":"https:\/\/www.koupeltech.com\/"},{"@type":"ListItem","position":2,"name":"Products","item":"https:\/\/www.koupeltech.com\/index.php\/products\/"},{"@type":"ListItem","position":3,"name":"Wolfcraft 6044000 Pracovn\u00ed deska WSS, vel. M \u010casov\u011b Omezen\u00e9"}]},{"@type":"WebSite","@id":"https:\/\/www.koupeltech.com\/#website","url":"https:\/\/www.koupeltech.com\/","name":"","description":"","potentialAction":[{"@type":"SearchAction","target":{"@type":"EntryPoint","urlTemplate":"https:\/\/www.koupeltech.com\/?s={search_term_string}"},"query-input":{"@type":"PropertyValueSpecification","valueRequired":true,"valueName":"search_term_string"}}],"inLanguage":"cs"}]}},"_links":{"self":[{"href":"https:\/\/www.koupeltech.com\/index.php\/wp-json\/wp\/v2\/product\/78292","targetHints":{"allow":["GET"]}}],"collection":[{"href":"https:\/\/www.koupeltech.com\/index.php\/wp-json\/wp\/v2\/product"}],"about":[{"href":"https:\/\/www.koupeltech.com\/index.php\/wp-json\/wp\/v2\/types\/product"}],"replies":[{"embeddable":true,"href":"https:\/\/www.koupeltech.com\/index.php\/wp-json\/wp\/v2\/comments?post=78292"}],"wp:featuredmedia":[{"embeddable":true,"href":"https:\/\/www.koupeltech.com\/index.php\/wp-json\/wp\/v2\/media\/78294"}],"wp:attachment":[{"href":"https:\/\/www.koupeltech.com\/index.php\/wp-json\/wp\/v2\/media?parent=78292"}],"wp:term":[{"taxonomy":"product_brand","embeddable":true,"href":"https:\/\/www.koupeltech.com\/index.php\/wp-json\/wp\/v2\/product_brand?post=78292"},{"taxonomy":"product_cat","embeddable":true,"href":"https:\/\/www.koupeltech.com\/index.php\/wp-json\/wp\/v2\/product_cat?post=78292"},{"taxonomy":"product_tag","embeddable":true,"href":"https:\/\/www.koupeltech.com\/index.php\/wp-json\/wp\/v2\/product_tag?post=78292"}],"curies":[{"name":"wp","href":"https:\/\/api.w.org\/{rel}","templated":true}]}}