{"id":7971,"date":"2026-04-27T13:57:00","date_gmt":"2026-04-27T13:57:00","guid":{"rendered":""},"modified":"2026-04-27T13:57:00","modified_gmt":"2026-04-27T13:57:00","slug":"gude-plazmova-rezacka-gps-e-40-a-2-vikendova-akce-7971","status":"publish","type":"product","link":"https:\/\/www.koupeltech.com\/index.php\/produkt\/gude-plazmova-rezacka-gps-e-40-a-2-vikendova-akce-7971\/","title":{"rendered":"G\u00dcDE Plazmov\u00e1 \u0159eza\u010dka GPS-E 40 A.2 V\u00edkendov\u00e1 Akce"},"content":{"rendered":"<table>\n<div class=\"tab-pane active product-description\" id=\"popis\" role=\"tabpanel\">\n<div class=\"short-description\" itemprop=\"description\"><\/div>\n<div class=\"description\">\n<p><span class=\"bullet-line\">Plazmov\u00fd invertor, ur\u010den\u00fd pro ru\u010dn\u00ed obloukov\u00e9 d\u011blen\u00ed elektricky vodiv\u00fdch materi\u00e1l\u016f (PAC).<\/span><br \/><span class=\"bullet-line\">Rychl\u00e9 (p\u0159esn\u00e9) \u0159ez\u00e1n\u00ed kov\u016f proudem zelektrizovan\u00e9 plazmy (uhl\u00edkat\u00e1 i nerezov\u00e1 ocel, hlin\u00edk, m\u011b\u010f, litina atd.), odd\u011blov\u00e1n\u00ed materi\u00e1lu do max. pr\u016fm\u011bru 12 mm (ocel).<\/span><br \/><span class=\"bullet-line\">Vysokofrekven\u010dn\u00ed zapalov\u00e1n\u00ed oblouku \u2022 plynul\u00e9 nastaven\u00ed \u0159ezac\u00edho proudu (rozsah: 15 &#8211; 40 A) \u2022 tepeln\u00e1 ochrana z\u00e1kladn\u00ed desky invertoru.<\/span><br \/><span class=\"bullet-line\">Konstrukce: pl\u00e1\u0161\u0165 z ocelov\u00e9ho plechu, reduk\u010dn\u00ed ventil s filtrem, manometr, ventil\u00e1tor, transportn\u00ed dr\u017eadlo.<\/span><\/p>\n<p>\u25ba Vybaven\u00ed:<span class=\"bullet-line\">2,5 m plazmov\u00fd ho\u0159\u00e1k, zemnic\u00ed kabel se svorkou, \u0159ezac\u00ed trysky \u00d8 1,2 mm (2), elektrody (2).<\/span><\/p>\n<p>\u25ba Celkov\u00e9 rozm\u011bry (d x \u0161 x v):<span class=\"bullet-line\">140 x 410 x 290 mm, t\u0159\u00edda izolace: H.<\/span><\/p>\n<\/div>\n<div class=\"parameters\">\n<tr>\n<td>Nap\u00e1jec\u00ed nap\u011bt\u00ed<\/td>\n<td>1 x 230 V~50 Hz<\/td>\n<\/tr>\n<tr>\n<td>Jmenovit\u00e9 nap\u011bt\u00ed p\u0159i chodu napr\u00e1zdno<\/td>\n<td>270 V<\/td>\n<\/tr>\n<tr>\n<td>Max. efektivn\u00ed proud<\/td>\n<td>11,3 A<\/td>\n<\/tr>\n<tr>\n<td>Max. tlou\u0161\u0165ka materi\u00e1lu<\/td>\n<td>12 mm<\/td>\n<\/tr>\n<tr>\n<td>Spot\u0159eba vzduchu<\/td>\n<td>150 l\/min<\/td>\n<\/tr>\n<tr>\n<td>Hmotnost (brutto)<\/td>\n<td>6,20 kg<\/td>\n<\/tr>\n<tr>\n<td>Rozsah \u0159ezac\u00edho proudu<\/td>\n<td>15 &#8211; 40 A<\/td>\n<\/tr>\n<tr>\n<td>Ji\u0161t\u011bn\u00ed<\/td>\n<td>16 A<\/td>\n<\/tr>\n<tr>\n<td>\u0158ezac\u00ed proud<\/td>\n<td>18 A ~ (DZ = 100%)<\/td>\n<\/tr>\n<tr>\n<td><\/td>\n<td>23 A ~ (DZ = 60%)<\/td>\n<\/tr>\n<tr>\n<td><\/td>\n<td>40 A ~ (DZ = 20%)<\/td>\n<\/tr>\n<tr>\n<td>Pracovn\u00ed tlak<\/td>\n<td>3 &#8211; 6 bar<\/td>\n<\/tr>\n<tr>\n<td>Stupe\u0148 kryt\u00ed<\/td>\n<td>IP 21 S<\/td>\n<\/tr><\/div>\n<\/table>\n","protected":false},"excerpt":{"rendered":"<p>Plazmov\u00fd invertor, ur\u010den\u00fd pro ru\u010dn\u00ed obloukov\u00e9 d\u011blen\u00ed elektricky vodiv\u00fdch materi\u00e1l\u016f (PAC).Rychl\u00e9 (p\u0159esn\u00e9) \u0159ez\u00e1n\u00ed kov\u016f proudem zelektrizovan\u00e9 plazmy (uhl\u00edkat\u00e1 i nerezov\u00e1 ocel, hlin\u00edk, m\u011b\u010f, litina atd.), odd\u011blov\u00e1n\u00ed materi\u00e1lu do max. pr\u016fm\u011bru 12 mm (ocel).Vysokofrekven\u010dn\u00ed zapalov\u00e1n\u00ed oblouku \u2022 plynul\u00e9 nastaven\u00ed \u0159ezac\u00edho proudu (rozsah: 15 &#8211; 40 A) \u2022 tepeln\u00e1 ochrana z\u00e1kladn\u00ed desky invertoru.Konstrukce: pl\u00e1\u0161\u0165 z ocelov\u00e9ho plechu, [&hellip;]<\/p>\n","protected":false},"featured_media":8071,"comment_status":"open","ping_status":"open","template":"","meta":[],"product_brand":[],"product_cat":[48],"product_tag":[],"class_list":{"0":"post-7971","1":"product","2":"type-product","3":"status-publish","4":"has-post-thumbnail","6":"product_cat-svareci-technika","8":"first","9":"instock","10":"sale","11":"shipping-taxable","12":"purchasable","13":"product-type-simple"},"yoast_head":"<!-- This site is optimized with the Yoast SEO plugin v26.8 - https:\/\/yoast.com\/product\/yoast-seo-wordpress\/ -->\n<title>G\u00dcDE Plazmov\u00e1 \u0159eza\u010dka GPS-E 40 A.2 V\u00edkendov\u00e1 Akce -<\/title>\n<meta name=\"robots\" content=\"index, follow, max-snippet:-1, max-image-preview:large, max-video-preview:-1\" \/>\n<link rel=\"canonical\" href=\"https:\/\/www.koupeltech.com\/index.php\/produkt\/gude-plazmova-rezacka-gps-e-40-a-2-vikendova-akce-7971\/\" \/>\n<meta property=\"og:locale\" content=\"cs_CZ\" \/>\n<meta property=\"og:type\" content=\"article\" \/>\n<meta property=\"og:title\" content=\"G\u00dcDE Plazmov\u00e1 \u0159eza\u010dka GPS-E 40 A.2 V\u00edkendov\u00e1 Akce -\" \/>\n<meta property=\"og:description\" content=\"Plazmov\u00fd invertor, ur\u010den\u00fd pro ru\u010dn\u00ed obloukov\u00e9 d\u011blen\u00ed elektricky vodiv\u00fdch materi\u00e1l\u016f (PAC).Rychl\u00e9 (p\u0159esn\u00e9) \u0159ez\u00e1n\u00ed kov\u016f proudem zelektrizovan\u00e9 plazmy (uhl\u00edkat\u00e1 i nerezov\u00e1 ocel, hlin\u00edk, m\u011b\u010f, litina atd.), odd\u011blov\u00e1n\u00ed materi\u00e1lu do max. pr\u016fm\u011bru 12 mm (ocel).Vysokofrekven\u010dn\u00ed zapalov\u00e1n\u00ed oblouku \u2022 plynul\u00e9 nastaven\u00ed \u0159ezac\u00edho proudu (rozsah: 15 &#8211; 40 A) \u2022 tepeln\u00e1 ochrana z\u00e1kladn\u00ed desky invertoru.Konstrukce: pl\u00e1\u0161\u0165 z ocelov\u00e9ho plechu, [&hellip;]\" \/>\n<meta property=\"og:url\" content=\"https:\/\/www.koupeltech.com\/index.php\/produkt\/gude-plazmova-rezacka-gps-e-40-a-2-vikendova-akce-7971\/\" \/>\n<meta property=\"og:image\" content=\"https:\/\/www.koupeltech.com\/wp-content\/uploads\/2026\/SK0023141-CZ20260425-092328-0-1777080210-20092-0-l.webp\" \/>\n\t<meta property=\"og:image:width\" content=\"660\" \/>\n\t<meta property=\"og:image:height\" content=\"453\" \/>\n\t<meta property=\"og:image:type\" content=\"image\/webp\" \/>\n<meta name=\"twitter:card\" content=\"summary_large_image\" \/>\n<meta name=\"twitter:label1\" content=\"Odhadovan\u00e1 doba \u010dten\u00ed\" \/>\n\t<meta name=\"twitter:data1\" content=\"1 minuta\" \/>\n<script type=\"application\/ld+json\" class=\"yoast-schema-graph\">{\"@context\":\"https:\/\/schema.org\",\"@graph\":[{\"@type\":\"WebPage\",\"@id\":\"https:\/\/www.koupeltech.com\/index.php\/produkt\/gude-plazmova-rezacka-gps-e-40-a-2-vikendova-akce-7971\/\",\"url\":\"https:\/\/www.koupeltech.com\/index.php\/produkt\/gude-plazmova-rezacka-gps-e-40-a-2-vikendova-akce-7971\/\",\"name\":\"G\u00dcDE Plazmov\u00e1 \u0159eza\u010dka GPS-E 40 A.2 V\u00edkendov\u00e1 Akce -\",\"isPartOf\":{\"@id\":\"https:\/\/www.koupeltech.com\/#website\"},\"primaryImageOfPage\":{\"@id\":\"https:\/\/www.koupeltech.com\/index.php\/produkt\/gude-plazmova-rezacka-gps-e-40-a-2-vikendova-akce-7971\/#primaryimage\"},\"image\":{\"@id\":\"https:\/\/www.koupeltech.com\/index.php\/produkt\/gude-plazmova-rezacka-gps-e-40-a-2-vikendova-akce-7971\/#primaryimage\"},\"thumbnailUrl\":\"https:\/\/www.koupeltech.com\/wp-content\/uploads\/2026\/SK0023141-CZ20260425-092328-0-1777080210-20092-0-l.webp\",\"datePublished\":\"2026-04-27T13:57:00+00:00\",\"breadcrumb\":{\"@id\":\"https:\/\/www.koupeltech.com\/index.php\/produkt\/gude-plazmova-rezacka-gps-e-40-a-2-vikendova-akce-7971\/#breadcrumb\"},\"inLanguage\":\"cs\",\"potentialAction\":[{\"@type\":\"ReadAction\",\"target\":[\"https:\/\/www.koupeltech.com\/index.php\/produkt\/gude-plazmova-rezacka-gps-e-40-a-2-vikendova-akce-7971\/\"]}]},{\"@type\":\"ImageObject\",\"inLanguage\":\"cs\",\"@id\":\"https:\/\/www.koupeltech.com\/index.php\/produkt\/gude-plazmova-rezacka-gps-e-40-a-2-vikendova-akce-7971\/#primaryimage\",\"url\":\"https:\/\/www.koupeltech.com\/wp-content\/uploads\/2026\/SK0023141-CZ20260425-092328-0-1777080210-20092-0-l.webp\",\"contentUrl\":\"https:\/\/www.koupeltech.com\/wp-content\/uploads\/2026\/SK0023141-CZ20260425-092328-0-1777080210-20092-0-l.webp\",\"width\":660,\"height\":453},{\"@type\":\"BreadcrumbList\",\"@id\":\"https:\/\/www.koupeltech.com\/index.php\/produkt\/gude-plazmova-rezacka-gps-e-40-a-2-vikendova-akce-7971\/#breadcrumb\",\"itemListElement\":[{\"@type\":\"ListItem\",\"position\":1,\"name\":\"Home\",\"item\":\"https:\/\/www.koupeltech.com\/\"},{\"@type\":\"ListItem\",\"position\":2,\"name\":\"Products\",\"item\":\"https:\/\/www.koupeltech.com\/index.php\/products\/\"},{\"@type\":\"ListItem\",\"position\":3,\"name\":\"G\u00dcDE Plazmov\u00e1 \u0159eza\u010dka GPS-E 40 A.2 V\u00edkendov\u00e1 Akce\"}]},{\"@type\":\"WebSite\",\"@id\":\"https:\/\/www.koupeltech.com\/#website\",\"url\":\"https:\/\/www.koupeltech.com\/\",\"name\":\"\",\"description\":\"\",\"potentialAction\":[{\"@type\":\"SearchAction\",\"target\":{\"@type\":\"EntryPoint\",\"urlTemplate\":\"https:\/\/www.koupeltech.com\/?s={search_term_string}\"},\"query-input\":{\"@type\":\"PropertyValueSpecification\",\"valueRequired\":true,\"valueName\":\"search_term_string\"}}],\"inLanguage\":\"cs\"}]}<\/script>\n<!-- \/ Yoast SEO plugin. -->","yoast_head_json":{"title":"G\u00dcDE Plazmov\u00e1 \u0159eza\u010dka GPS-E 40 A.2 V\u00edkendov\u00e1 Akce -","robots":{"index":"index","follow":"follow","max-snippet":"max-snippet:-1","max-image-preview":"max-image-preview:large","max-video-preview":"max-video-preview:-1"},"canonical":"https:\/\/www.koupeltech.com\/index.php\/produkt\/gude-plazmova-rezacka-gps-e-40-a-2-vikendova-akce-7971\/","og_locale":"cs_CZ","og_type":"article","og_title":"G\u00dcDE Plazmov\u00e1 \u0159eza\u010dka GPS-E 40 A.2 V\u00edkendov\u00e1 Akce -","og_description":"Plazmov\u00fd invertor, ur\u010den\u00fd pro ru\u010dn\u00ed obloukov\u00e9 d\u011blen\u00ed elektricky vodiv\u00fdch materi\u00e1l\u016f (PAC).Rychl\u00e9 (p\u0159esn\u00e9) \u0159ez\u00e1n\u00ed kov\u016f proudem zelektrizovan\u00e9 plazmy (uhl\u00edkat\u00e1 i nerezov\u00e1 ocel, hlin\u00edk, m\u011b\u010f, litina atd.), odd\u011blov\u00e1n\u00ed materi\u00e1lu do max. pr\u016fm\u011bru 12 mm (ocel).Vysokofrekven\u010dn\u00ed zapalov\u00e1n\u00ed oblouku \u2022 plynul\u00e9 nastaven\u00ed \u0159ezac\u00edho proudu (rozsah: 15 &#8211; 40 A) \u2022 tepeln\u00e1 ochrana z\u00e1kladn\u00ed desky invertoru.Konstrukce: pl\u00e1\u0161\u0165 z ocelov\u00e9ho plechu, [&hellip;]","og_url":"https:\/\/www.koupeltech.com\/index.php\/produkt\/gude-plazmova-rezacka-gps-e-40-a-2-vikendova-akce-7971\/","og_image":[{"width":660,"height":453,"url":"https:\/\/www.koupeltech.com\/wp-content\/uploads\/2026\/SK0023141-CZ20260425-092328-0-1777080210-20092-0-l.webp","type":"image\/webp"}],"twitter_card":"summary_large_image","twitter_misc":{"Odhadovan\u00e1 doba \u010dten\u00ed":"1 minuta"},"schema":{"@context":"https:\/\/schema.org","@graph":[{"@type":"WebPage","@id":"https:\/\/www.koupeltech.com\/index.php\/produkt\/gude-plazmova-rezacka-gps-e-40-a-2-vikendova-akce-7971\/","url":"https:\/\/www.koupeltech.com\/index.php\/produkt\/gude-plazmova-rezacka-gps-e-40-a-2-vikendova-akce-7971\/","name":"G\u00dcDE Plazmov\u00e1 \u0159eza\u010dka GPS-E 40 A.2 V\u00edkendov\u00e1 Akce -","isPartOf":{"@id":"https:\/\/www.koupeltech.com\/#website"},"primaryImageOfPage":{"@id":"https:\/\/www.koupeltech.com\/index.php\/produkt\/gude-plazmova-rezacka-gps-e-40-a-2-vikendova-akce-7971\/#primaryimage"},"image":{"@id":"https:\/\/www.koupeltech.com\/index.php\/produkt\/gude-plazmova-rezacka-gps-e-40-a-2-vikendova-akce-7971\/#primaryimage"},"thumbnailUrl":"https:\/\/www.koupeltech.com\/wp-content\/uploads\/2026\/SK0023141-CZ20260425-092328-0-1777080210-20092-0-l.webp","datePublished":"2026-04-27T13:57:00+00:00","breadcrumb":{"@id":"https:\/\/www.koupeltech.com\/index.php\/produkt\/gude-plazmova-rezacka-gps-e-40-a-2-vikendova-akce-7971\/#breadcrumb"},"inLanguage":"cs","potentialAction":[{"@type":"ReadAction","target":["https:\/\/www.koupeltech.com\/index.php\/produkt\/gude-plazmova-rezacka-gps-e-40-a-2-vikendova-akce-7971\/"]}]},{"@type":"ImageObject","inLanguage":"cs","@id":"https:\/\/www.koupeltech.com\/index.php\/produkt\/gude-plazmova-rezacka-gps-e-40-a-2-vikendova-akce-7971\/#primaryimage","url":"https:\/\/www.koupeltech.com\/wp-content\/uploads\/2026\/SK0023141-CZ20260425-092328-0-1777080210-20092-0-l.webp","contentUrl":"https:\/\/www.koupeltech.com\/wp-content\/uploads\/2026\/SK0023141-CZ20260425-092328-0-1777080210-20092-0-l.webp","width":660,"height":453},{"@type":"BreadcrumbList","@id":"https:\/\/www.koupeltech.com\/index.php\/produkt\/gude-plazmova-rezacka-gps-e-40-a-2-vikendova-akce-7971\/#breadcrumb","itemListElement":[{"@type":"ListItem","position":1,"name":"Home","item":"https:\/\/www.koupeltech.com\/"},{"@type":"ListItem","position":2,"name":"Products","item":"https:\/\/www.koupeltech.com\/index.php\/products\/"},{"@type":"ListItem","position":3,"name":"G\u00dcDE Plazmov\u00e1 \u0159eza\u010dka GPS-E 40 A.2 V\u00edkendov\u00e1 Akce"}]},{"@type":"WebSite","@id":"https:\/\/www.koupeltech.com\/#website","url":"https:\/\/www.koupeltech.com\/","name":"","description":"","potentialAction":[{"@type":"SearchAction","target":{"@type":"EntryPoint","urlTemplate":"https:\/\/www.koupeltech.com\/?s={search_term_string}"},"query-input":{"@type":"PropertyValueSpecification","valueRequired":true,"valueName":"search_term_string"}}],"inLanguage":"cs"}]}},"_links":{"self":[{"href":"https:\/\/www.koupeltech.com\/index.php\/wp-json\/wp\/v2\/product\/7971","targetHints":{"allow":["GET"]}}],"collection":[{"href":"https:\/\/www.koupeltech.com\/index.php\/wp-json\/wp\/v2\/product"}],"about":[{"href":"https:\/\/www.koupeltech.com\/index.php\/wp-json\/wp\/v2\/types\/product"}],"replies":[{"embeddable":true,"href":"https:\/\/www.koupeltech.com\/index.php\/wp-json\/wp\/v2\/comments?post=7971"}],"wp:featuredmedia":[{"embeddable":true,"href":"https:\/\/www.koupeltech.com\/index.php\/wp-json\/wp\/v2\/media\/8071"}],"wp:attachment":[{"href":"https:\/\/www.koupeltech.com\/index.php\/wp-json\/wp\/v2\/media?parent=7971"}],"wp:term":[{"taxonomy":"product_brand","embeddable":true,"href":"https:\/\/www.koupeltech.com\/index.php\/wp-json\/wp\/v2\/product_brand?post=7971"},{"taxonomy":"product_cat","embeddable":true,"href":"https:\/\/www.koupeltech.com\/index.php\/wp-json\/wp\/v2\/product_cat?post=7971"},{"taxonomy":"product_tag","embeddable":true,"href":"https:\/\/www.koupeltech.com\/index.php\/wp-json\/wp\/v2\/product_tag?post=7971"}],"curies":[{"name":"wp","href":"https:\/\/api.w.org\/{rel}","templated":true}]}}