{"id":7977,"date":"2026-04-27T13:57:00","date_gmt":"2026-04-27T13:57:00","guid":{"rendered":""},"modified":"2026-04-27T13:57:00","modified_gmt":"2026-04-27T13:57:00","slug":"gude-lamacka-dlazby-gsk-140-420-vysoce-kvalitni-7977","status":"publish","type":"product","link":"https:\/\/www.koupeltech.com\/index.php\/produkt\/gude-lamacka-dlazby-gsk-140-420-vysoce-kvalitni-7977\/","title":{"rendered":"G\u00dcDE Lama\u010dka dla\u017eby GSK 140\/420 Vysoce Kvalitn\u00ed"},"content":{"rendered":"<table>\n<div class=\"tab-pane active product-description\" id=\"popis\" role=\"tabpanel\">\n<div class=\"short-description\" itemprop=\"description\"><\/div>\n<div class=\"description\">\n<p><span class=\"bullet-line\">Robustn\u00ed p\u00e1kov\u00e1 lama\u010dka, ur\u010den\u00e1 k d\u011blen\u00ed venkovn\u00ed betonov\u00e9 dla\u017eby.<\/span><br \/><span class=\"bullet-line\">Rychl\u00e9\/pohodln\u00e9 l\u00e1m\u00e1n\u00ed skladebn\u00e9 nebo z\u00e1mkov\u00e9 (zatrav\u0148ovac\u00ed) dla\u017eby, betonov\u00fdch desek atp. p\u0159esn\u011b na m\u00edru.<\/span><br \/><span class=\"bullet-line\">Jednoduch\u00e9 se\u0159\u00edzen\u00ed v\u00fd\u0161ky no\u017eov\u00e9 li\u0161ty pomoc\u00ed ru\u010dn\u00edho kola; v\u00fdm\u011bnn\u00e9 \u0161t\u00edpac\u00ed no\u017ee se 3 b\u0159ity.<\/span><\/p>\n<p>\u25ba Konstrukce:<span class=\"bullet-line\">masivn\u00ed ocelov\u00fd r\u00e1m, 2d\u00edln\u00e1 p\u00e1kov\u00e1 rukoje\u0165, pru\u017eic\u00ed podlo\u017eky l\u00e1man\u00e9ho materi\u00e1lu, z\u00e1v\u011bsn\u00fd \u0161roub, transportn\u00ed kola.<\/span><\/p>\n<p>\u25ba Celkov\u00e9 rozm\u011bry (d x \u0161 x v):<span class=\"bullet-line\">1.300 x 270 x 1.100 mm.<\/span><\/p>\n<\/div>\n<div class=\"parameters\">\n<tr>\n<td>Max. d\u00e9lka l\u00e1m\u00e1n\u00ed<\/td>\n<td>420 mm<\/td>\n<\/tr>\n<tr>\n<td>Hmotnost (brutto)<\/td>\n<td>39 kg<\/td>\n<\/tr>\n<tr>\n<td>Max. v\u00fd\u0161ka l\u00e1m\u00e1n\u00ed<\/td>\n<td>140 mm<\/td>\n<\/tr><\/div>\n<\/table>\n","protected":false},"excerpt":{"rendered":"<p>Robustn\u00ed p\u00e1kov\u00e1 lama\u010dka, ur\u010den\u00e1 k d\u011blen\u00ed venkovn\u00ed betonov\u00e9 dla\u017eby.Rychl\u00e9\/pohodln\u00e9 l\u00e1m\u00e1n\u00ed skladebn\u00e9 nebo z\u00e1mkov\u00e9 (zatrav\u0148ovac\u00ed) dla\u017eby, betonov\u00fdch desek atp. p\u0159esn\u011b na m\u00edru.Jednoduch\u00e9 se\u0159\u00edzen\u00ed v\u00fd\u0161ky no\u017eov\u00e9 li\u0161ty pomoc\u00ed ru\u010dn\u00edho kola; v\u00fdm\u011bnn\u00e9 \u0161t\u00edpac\u00ed no\u017ee se 3 b\u0159ity. \u25ba Konstrukce:masivn\u00ed ocelov\u00fd r\u00e1m, 2d\u00edln\u00e1 p\u00e1kov\u00e1 rukoje\u0165, pru\u017eic\u00ed podlo\u017eky l\u00e1man\u00e9ho materi\u00e1lu, z\u00e1v\u011bsn\u00fd \u0161roub, transportn\u00ed kola. \u25ba Celkov\u00e9 rozm\u011bry (d x \u0161 [&hellip;]<\/p>\n","protected":false},"featured_media":8077,"comment_status":"open","ping_status":"open","template":"","meta":[],"product_brand":[],"product_cat":[50],"product_tag":[],"class_list":{"0":"post-7977","1":"product","2":"type-product","3":"status-publish","4":"has-post-thumbnail","6":"product_cat-stavebni-technika","8":"first","9":"instock","10":"sale","11":"shipping-taxable","12":"purchasable","13":"product-type-simple"},"yoast_head":"<!-- This site is optimized with the Yoast SEO plugin v26.8 - https:\/\/yoast.com\/product\/yoast-seo-wordpress\/ -->\n<title>G\u00dcDE Lama\u010dka dla\u017eby GSK 140\/420 Vysoce Kvalitn\u00ed -<\/title>\n<meta name=\"robots\" content=\"index, follow, max-snippet:-1, max-image-preview:large, max-video-preview:-1\" \/>\n<link rel=\"canonical\" href=\"https:\/\/www.koupeltech.com\/index.php\/produkt\/gude-lamacka-dlazby-gsk-140-420-vysoce-kvalitni-7977\/\" \/>\n<meta property=\"og:locale\" content=\"cs_CZ\" \/>\n<meta property=\"og:type\" content=\"article\" \/>\n<meta property=\"og:title\" content=\"G\u00dcDE Lama\u010dka dla\u017eby GSK 140\/420 Vysoce Kvalitn\u00ed -\" \/>\n<meta property=\"og:description\" content=\"Robustn\u00ed p\u00e1kov\u00e1 lama\u010dka, ur\u010den\u00e1 k d\u011blen\u00ed venkovn\u00ed betonov\u00e9 dla\u017eby.Rychl\u00e9\/pohodln\u00e9 l\u00e1m\u00e1n\u00ed skladebn\u00e9 nebo z\u00e1mkov\u00e9 (zatrav\u0148ovac\u00ed) dla\u017eby, betonov\u00fdch desek atp. p\u0159esn\u011b na m\u00edru.Jednoduch\u00e9 se\u0159\u00edzen\u00ed v\u00fd\u0161ky no\u017eov\u00e9 li\u0161ty pomoc\u00ed ru\u010dn\u00edho kola; v\u00fdm\u011bnn\u00e9 \u0161t\u00edpac\u00ed no\u017ee se 3 b\u0159ity. \u25ba Konstrukce:masivn\u00ed ocelov\u00fd r\u00e1m, 2d\u00edln\u00e1 p\u00e1kov\u00e1 rukoje\u0165, pru\u017eic\u00ed podlo\u017eky l\u00e1man\u00e9ho materi\u00e1lu, z\u00e1v\u011bsn\u00fd \u0161roub, transportn\u00ed kola. \u25ba Celkov\u00e9 rozm\u011bry (d x \u0161 [&hellip;]\" \/>\n<meta property=\"og:url\" content=\"https:\/\/www.koupeltech.com\/index.php\/produkt\/gude-lamacka-dlazby-gsk-140-420-vysoce-kvalitni-7977\/\" \/>\n<meta property=\"og:image\" content=\"https:\/\/www.koupeltech.com\/wp-content\/uploads\/2026\/SK0023147-CZ20260425-092328-0-1777080210-55381-0-l.webp\" \/>\n\t<meta property=\"og:image:width\" content=\"660\" \/>\n\t<meta property=\"og:image:height\" content=\"613\" \/>\n\t<meta property=\"og:image:type\" content=\"image\/webp\" \/>\n<meta name=\"twitter:card\" content=\"summary_large_image\" \/>\n<meta name=\"twitter:label1\" content=\"Odhadovan\u00e1 doba \u010dten\u00ed\" \/>\n\t<meta name=\"twitter:data1\" content=\"1 minuta\" \/>\n<script type=\"application\/ld+json\" class=\"yoast-schema-graph\">{\"@context\":\"https:\/\/schema.org\",\"@graph\":[{\"@type\":\"WebPage\",\"@id\":\"https:\/\/www.koupeltech.com\/index.php\/produkt\/gude-lamacka-dlazby-gsk-140-420-vysoce-kvalitni-7977\/\",\"url\":\"https:\/\/www.koupeltech.com\/index.php\/produkt\/gude-lamacka-dlazby-gsk-140-420-vysoce-kvalitni-7977\/\",\"name\":\"G\u00dcDE Lama\u010dka dla\u017eby GSK 140\/420 Vysoce Kvalitn\u00ed -\",\"isPartOf\":{\"@id\":\"https:\/\/www.koupeltech.com\/#website\"},\"primaryImageOfPage\":{\"@id\":\"https:\/\/www.koupeltech.com\/index.php\/produkt\/gude-lamacka-dlazby-gsk-140-420-vysoce-kvalitni-7977\/#primaryimage\"},\"image\":{\"@id\":\"https:\/\/www.koupeltech.com\/index.php\/produkt\/gude-lamacka-dlazby-gsk-140-420-vysoce-kvalitni-7977\/#primaryimage\"},\"thumbnailUrl\":\"https:\/\/www.koupeltech.com\/wp-content\/uploads\/2026\/SK0023147-CZ20260425-092328-0-1777080210-55381-0-l.webp\",\"datePublished\":\"2026-04-27T13:57:00+00:00\",\"breadcrumb\":{\"@id\":\"https:\/\/www.koupeltech.com\/index.php\/produkt\/gude-lamacka-dlazby-gsk-140-420-vysoce-kvalitni-7977\/#breadcrumb\"},\"inLanguage\":\"cs\",\"potentialAction\":[{\"@type\":\"ReadAction\",\"target\":[\"https:\/\/www.koupeltech.com\/index.php\/produkt\/gude-lamacka-dlazby-gsk-140-420-vysoce-kvalitni-7977\/\"]}]},{\"@type\":\"ImageObject\",\"inLanguage\":\"cs\",\"@id\":\"https:\/\/www.koupeltech.com\/index.php\/produkt\/gude-lamacka-dlazby-gsk-140-420-vysoce-kvalitni-7977\/#primaryimage\",\"url\":\"https:\/\/www.koupeltech.com\/wp-content\/uploads\/2026\/SK0023147-CZ20260425-092328-0-1777080210-55381-0-l.webp\",\"contentUrl\":\"https:\/\/www.koupeltech.com\/wp-content\/uploads\/2026\/SK0023147-CZ20260425-092328-0-1777080210-55381-0-l.webp\",\"width\":660,\"height\":613},{\"@type\":\"BreadcrumbList\",\"@id\":\"https:\/\/www.koupeltech.com\/index.php\/produkt\/gude-lamacka-dlazby-gsk-140-420-vysoce-kvalitni-7977\/#breadcrumb\",\"itemListElement\":[{\"@type\":\"ListItem\",\"position\":1,\"name\":\"Home\",\"item\":\"https:\/\/www.koupeltech.com\/\"},{\"@type\":\"ListItem\",\"position\":2,\"name\":\"Products\",\"item\":\"https:\/\/www.koupeltech.com\/index.php\/products\/\"},{\"@type\":\"ListItem\",\"position\":3,\"name\":\"G\u00dcDE Lama\u010dka dla\u017eby GSK 140\/420 Vysoce Kvalitn\u00ed\"}]},{\"@type\":\"WebSite\",\"@id\":\"https:\/\/www.koupeltech.com\/#website\",\"url\":\"https:\/\/www.koupeltech.com\/\",\"name\":\"\",\"description\":\"\",\"potentialAction\":[{\"@type\":\"SearchAction\",\"target\":{\"@type\":\"EntryPoint\",\"urlTemplate\":\"https:\/\/www.koupeltech.com\/?s={search_term_string}\"},\"query-input\":{\"@type\":\"PropertyValueSpecification\",\"valueRequired\":true,\"valueName\":\"search_term_string\"}}],\"inLanguage\":\"cs\"}]}<\/script>\n<!-- \/ Yoast SEO plugin. -->","yoast_head_json":{"title":"G\u00dcDE Lama\u010dka dla\u017eby GSK 140\/420 Vysoce Kvalitn\u00ed -","robots":{"index":"index","follow":"follow","max-snippet":"max-snippet:-1","max-image-preview":"max-image-preview:large","max-video-preview":"max-video-preview:-1"},"canonical":"https:\/\/www.koupeltech.com\/index.php\/produkt\/gude-lamacka-dlazby-gsk-140-420-vysoce-kvalitni-7977\/","og_locale":"cs_CZ","og_type":"article","og_title":"G\u00dcDE Lama\u010dka dla\u017eby GSK 140\/420 Vysoce Kvalitn\u00ed -","og_description":"Robustn\u00ed p\u00e1kov\u00e1 lama\u010dka, ur\u010den\u00e1 k d\u011blen\u00ed venkovn\u00ed betonov\u00e9 dla\u017eby.Rychl\u00e9\/pohodln\u00e9 l\u00e1m\u00e1n\u00ed skladebn\u00e9 nebo z\u00e1mkov\u00e9 (zatrav\u0148ovac\u00ed) dla\u017eby, betonov\u00fdch desek atp. p\u0159esn\u011b na m\u00edru.Jednoduch\u00e9 se\u0159\u00edzen\u00ed v\u00fd\u0161ky no\u017eov\u00e9 li\u0161ty pomoc\u00ed ru\u010dn\u00edho kola; v\u00fdm\u011bnn\u00e9 \u0161t\u00edpac\u00ed no\u017ee se 3 b\u0159ity. \u25ba Konstrukce:masivn\u00ed ocelov\u00fd r\u00e1m, 2d\u00edln\u00e1 p\u00e1kov\u00e1 rukoje\u0165, pru\u017eic\u00ed podlo\u017eky l\u00e1man\u00e9ho materi\u00e1lu, z\u00e1v\u011bsn\u00fd \u0161roub, transportn\u00ed kola. \u25ba Celkov\u00e9 rozm\u011bry (d x \u0161 [&hellip;]","og_url":"https:\/\/www.koupeltech.com\/index.php\/produkt\/gude-lamacka-dlazby-gsk-140-420-vysoce-kvalitni-7977\/","og_image":[{"width":660,"height":613,"url":"https:\/\/www.koupeltech.com\/wp-content\/uploads\/2026\/SK0023147-CZ20260425-092328-0-1777080210-55381-0-l.webp","type":"image\/webp"}],"twitter_card":"summary_large_image","twitter_misc":{"Odhadovan\u00e1 doba \u010dten\u00ed":"1 minuta"},"schema":{"@context":"https:\/\/schema.org","@graph":[{"@type":"WebPage","@id":"https:\/\/www.koupeltech.com\/index.php\/produkt\/gude-lamacka-dlazby-gsk-140-420-vysoce-kvalitni-7977\/","url":"https:\/\/www.koupeltech.com\/index.php\/produkt\/gude-lamacka-dlazby-gsk-140-420-vysoce-kvalitni-7977\/","name":"G\u00dcDE Lama\u010dka dla\u017eby GSK 140\/420 Vysoce Kvalitn\u00ed -","isPartOf":{"@id":"https:\/\/www.koupeltech.com\/#website"},"primaryImageOfPage":{"@id":"https:\/\/www.koupeltech.com\/index.php\/produkt\/gude-lamacka-dlazby-gsk-140-420-vysoce-kvalitni-7977\/#primaryimage"},"image":{"@id":"https:\/\/www.koupeltech.com\/index.php\/produkt\/gude-lamacka-dlazby-gsk-140-420-vysoce-kvalitni-7977\/#primaryimage"},"thumbnailUrl":"https:\/\/www.koupeltech.com\/wp-content\/uploads\/2026\/SK0023147-CZ20260425-092328-0-1777080210-55381-0-l.webp","datePublished":"2026-04-27T13:57:00+00:00","breadcrumb":{"@id":"https:\/\/www.koupeltech.com\/index.php\/produkt\/gude-lamacka-dlazby-gsk-140-420-vysoce-kvalitni-7977\/#breadcrumb"},"inLanguage":"cs","potentialAction":[{"@type":"ReadAction","target":["https:\/\/www.koupeltech.com\/index.php\/produkt\/gude-lamacka-dlazby-gsk-140-420-vysoce-kvalitni-7977\/"]}]},{"@type":"ImageObject","inLanguage":"cs","@id":"https:\/\/www.koupeltech.com\/index.php\/produkt\/gude-lamacka-dlazby-gsk-140-420-vysoce-kvalitni-7977\/#primaryimage","url":"https:\/\/www.koupeltech.com\/wp-content\/uploads\/2026\/SK0023147-CZ20260425-092328-0-1777080210-55381-0-l.webp","contentUrl":"https:\/\/www.koupeltech.com\/wp-content\/uploads\/2026\/SK0023147-CZ20260425-092328-0-1777080210-55381-0-l.webp","width":660,"height":613},{"@type":"BreadcrumbList","@id":"https:\/\/www.koupeltech.com\/index.php\/produkt\/gude-lamacka-dlazby-gsk-140-420-vysoce-kvalitni-7977\/#breadcrumb","itemListElement":[{"@type":"ListItem","position":1,"name":"Home","item":"https:\/\/www.koupeltech.com\/"},{"@type":"ListItem","position":2,"name":"Products","item":"https:\/\/www.koupeltech.com\/index.php\/products\/"},{"@type":"ListItem","position":3,"name":"G\u00dcDE Lama\u010dka dla\u017eby GSK 140\/420 Vysoce Kvalitn\u00ed"}]},{"@type":"WebSite","@id":"https:\/\/www.koupeltech.com\/#website","url":"https:\/\/www.koupeltech.com\/","name":"","description":"","potentialAction":[{"@type":"SearchAction","target":{"@type":"EntryPoint","urlTemplate":"https:\/\/www.koupeltech.com\/?s={search_term_string}"},"query-input":{"@type":"PropertyValueSpecification","valueRequired":true,"valueName":"search_term_string"}}],"inLanguage":"cs"}]}},"_links":{"self":[{"href":"https:\/\/www.koupeltech.com\/index.php\/wp-json\/wp\/v2\/product\/7977","targetHints":{"allow":["GET"]}}],"collection":[{"href":"https:\/\/www.koupeltech.com\/index.php\/wp-json\/wp\/v2\/product"}],"about":[{"href":"https:\/\/www.koupeltech.com\/index.php\/wp-json\/wp\/v2\/types\/product"}],"replies":[{"embeddable":true,"href":"https:\/\/www.koupeltech.com\/index.php\/wp-json\/wp\/v2\/comments?post=7977"}],"wp:featuredmedia":[{"embeddable":true,"href":"https:\/\/www.koupeltech.com\/index.php\/wp-json\/wp\/v2\/media\/8077"}],"wp:attachment":[{"href":"https:\/\/www.koupeltech.com\/index.php\/wp-json\/wp\/v2\/media?parent=7977"}],"wp:term":[{"taxonomy":"product_brand","embeddable":true,"href":"https:\/\/www.koupeltech.com\/index.php\/wp-json\/wp\/v2\/product_brand?post=7977"},{"taxonomy":"product_cat","embeddable":true,"href":"https:\/\/www.koupeltech.com\/index.php\/wp-json\/wp\/v2\/product_cat?post=7977"},{"taxonomy":"product_tag","embeddable":true,"href":"https:\/\/www.koupeltech.com\/index.php\/wp-json\/wp\/v2\/product_tag?post=7977"}],"curies":[{"name":"wp","href":"https:\/\/api.w.org\/{rel}","templated":true}]}}