{"id":7983,"date":"2026-04-27T13:57:00","date_gmt":"2026-04-27T13:57:00","guid":{"rendered":""},"modified":"2026-04-27T13:57:00","modified_gmt":"2026-04-27T13:57:00","slug":"ihned-k-objednani-omicron-omi-196ls-pfc-7983","status":"publish","type":"product","link":"https:\/\/www.koupeltech.com\/index.php\/produkt\/ihned-k-objednani-omicron-omi-196ls-pfc-7983\/","title":{"rendered":"Ihned K Objedn\u00e1n\u00ed OMICRON OMI 196LS PFC"},"content":{"rendered":"<table>\n<div class=\"tab-pane active product-description\" id=\"popis\" role=\"tabpanel\">\n<div class=\"short-description\" itemprop=\"description\"><\/div>\n<div class=\"description\"><span class='bullet-line'>Synergick\u00fd stroj OMI 196LS PFC je vybaven syst\u00e9mem PFC,,Power Factor Correction\u201c-konpenzace \u00fa\u010din\u00edku, kter\u00fd umo\u017e\u0148uje provoz na jednof\u00e1zov\u00fdch s\u00edt\u00edch se st\u0159\u00eddav\u00fdm nap\u011bt\u00edm 1x230V (-30%\/+15%).<br \/><\/span><br \/>\u25ba V\u00fdhody funkce PFC:<span class='bullet-line'>1. Stroj lze p\u0159ipojit ke zdroji proudu AC 160V \u2013 265V.<br \/><\/span><span class='bullet-line'>2. Sv\u00e1\u0159ec\u00ed stroj je vhodn\u00fd pro provoz na elektrocentr\u00e1l\u00e1ch nebo pro velmi dlouh\u00e9 prodlu\u017eovac\u00ed kabely d\u00edky velmi * mal\u00e9 n\u00e1chylnosti na podp\u011bt\u00ed a p\u0159ep\u011bt\u00ed s\u00ed\u0165ov\u00e9ho proudu.<br \/><\/span><span class='bullet-line'>3. Men\u0161\u00ed \u00farove\u0148 elektromagnetick\u00e9ho ru\u0161en\u00ed.<br \/><\/span><span class='bullet-line'>4. Vy\u0161\u0161\u00ed \u00fa\u010dinnost d\u00edky, kter\u00e9mu nedoch\u00e1z\u00ed k velk\u00e9mu nam\u00e1h\u00e1n\u00ed jisti\u010de (jisti\u010d vypne pozd\u011bji ne\u017e u za\u0159\u00edzen\u00ed bez PFC).<br \/><\/span><span class='bullet-line'>Synergick\u00fd invertorov\u00fd sv\u00e1\u0159ec\u00ed poloautomat OMI 195LS PFC umo\u017e\u0148uje nastaven\u00ed param\u00e9tr\u016f manu\u00e1ln\u011b nebo pomoc\u00ed synergie. <br \/><\/span><span class='bullet-line'>Je mo\u017enost d\u00e1le elektronicky nastavit d\u00e9lku bodu, hodnoty sv\u00e1\u0159en\u00ed dlouh\u00fdmi body \u010di p\u0159epnout stroj do re\u017eimu dvoutakt nebo \u010dty\u0159takt. <br \/><\/span><span class='bullet-line'>Digit\u00e1ln\u00ed V-A metr. <br \/><\/span><span class='bullet-line'>Dvoukladkov\u00fd podava\u010d sv\u00e1\u0159ec\u00edho dr\u00e1tu. Eurokoncovkou je mo\u017en\u00e9 p\u0159ipojen\u00ed ho\u0159\u00e1k\u016f 3,4,5 m.<br \/><\/span><span class='bullet-line'>Stroj je vybaven digit\u00e1ln\u00ed \u0159\u00edd\u00edc\u00ed deskou pro nastaven\u00ed v\u0161ech funkc\u00ed pomoc\u00ed tla\u010d\u00edtek a zobrazuje pr\u016fb\u011bh sv\u00e1\u0159en\u00ed na dvou samostatn\u00fdch displej\u00edch. <br \/><\/span><span class='bullet-line'>Lze nastavit funkce: p\u0159edfuk, v\u00fdlet\/n\u00e1b\u011bh proudu, nastaven\u00ed elektronick\u00e9 tlumivky, doho\u0159en\u00ed\/dob\u011bh proudu, dofuk, body, bodov\u00e9 sv\u00e1\u0159en\u00ed, 2T, 2T body, 2T pulzy, 4T, 4T body, 4T pulzy.<br \/><\/span><span class='bullet-line'>Konstrukce sv\u00e1\u0159ec\u00edho stroje OMI zaru\u010duje vysokou spolehlivost zdroje, v\u00fdborn\u00e9 sv\u00e1\u0159ec\u00ed vlastnosti v \u0161irok\u00e9 oblasti pou\u017eit\u00ed. <br \/><\/span><span class='bullet-line'>P\u0159i pou\u017eit\u00ed vhodn\u00e9 ochrann\u00e9 armosf\u00e9ry lze sv\u00e1\u0159et v\u0161echny druhy n\u00edzkolegovan\u00fdch a vysocelegovan\u00fdch ocel\u00ed i hlin\u00edku a jeho slitin.<br \/><\/span><br \/>\u25ba Mo\u017enost sva\u0159ov\u00e1n\u00ed hlin\u00edku:<span class='bullet-line'>Hlin\u00edk je mo\u017eno sv\u00e1\u0159et metodou MAG pouze dr\u00e1tem AlMg5 o pr\u016fm\u011bru 1,0 mm nebo 1,2 mm s ho\u0159\u00e1kem d\u00e9lky max.3 m vybaven\u00fdm teflonov\u00fdm bowdenem, zna\u010dkov\u00fdmi proudov\u00fdmi \u0161pi\u010dkami ur\u010den\u00fdmi pro sv\u00e1\u0159en\u00ed hlin\u00edku. <br \/><\/span><span class='bullet-line'>Podava\u010d dr\u00e1tu je nutno osadit kladkou s U profilem. Sv\u00e1\u0159en\u00e9 hlin\u00edkov\u00e9 d\u00edly mus\u00ed m\u00edt st\u011bnu min. 2 mm.<br \/><\/span><span class='bullet-line'>P\u0159\u00edslu\u0161enstv\u00ed pro sv\u00e1\u0159en\u00ed hlin\u00edku odzkou\u0161en\u00e9 ve firm\u011b OMICRON- sv\u00e1\u0159ec\u00ed stroje s.r.o. je dod\u00e1v\u00e1no v sad\u011b nebo jednotliv\u011b prost\u0159ednictv\u00edm prodejc\u016f sv\u00e1\u0159ec\u00edch stroj\u016f OMICRON.<br \/><\/span><\/p>\n<p>\u25ba MIG-sv\u00e1\u0159en\u00ed v ochrann\u00e9 atmosf\u00e9\u0159e<span class='bullet-line'>25% &#8211; 195A &#8211; 22,75V<br \/><\/span><span class='bullet-line'>60% &#8211; 140A &#8211; 21V<br \/><\/span><span class='bullet-line'>100% &#8211; 120A &#8211; 20V<\/span><\/div>\n<div class=\"parameters\">\n<tr>\n<td>Zat\u011b\u017eovatel:<\/td>\n<td>M\u011b\u0159eno p\u0159i 40\u00b0C<\/td>\n<\/tr>\n<tr>\n<td>Hmotnost<\/td>\n<td>18,1kg<\/td>\n<\/tr>\n<tr>\n<td>Nap\u00e1jec\u00ed nap\u011bt\u00ed<\/td>\n<td>1x230V (-30%\/+15%)<\/td>\n<\/tr>\n<tr>\n<td>Proudov\u00fd rozsah<\/td>\n<td>MIG 30A &#8211; 195A<\/td>\n<\/tr>\n<tr>\n<td>Rozm\u011bry<\/td>\n<td>D=520 x \u0160=235 x V=440<\/td>\n<\/tr><\/div>\n<\/table>\n","protected":false},"excerpt":{"rendered":"<p>Synergick\u00fd stroj OMI 196LS PFC je vybaven syst\u00e9mem PFC,,Power Factor Correction\u201c-konpenzace \u00fa\u010din\u00edku, kter\u00fd umo\u017e\u0148uje provoz na jednof\u00e1zov\u00fdch s\u00edt\u00edch se st\u0159\u00eddav\u00fdm nap\u011bt\u00edm 1x230V (-30%\/+15%).\u25ba V\u00fdhody funkce PFC:1. Stroj lze p\u0159ipojit ke zdroji proudu AC 160V \u2013 265V.2. Sv\u00e1\u0159ec\u00ed stroj je vhodn\u00fd pro provoz na elektrocentr\u00e1l\u00e1ch nebo pro velmi dlouh\u00e9 prodlu\u017eovac\u00ed kabely d\u00edky velmi * mal\u00e9 n\u00e1chylnosti [&hellip;]<\/p>\n","protected":false},"featured_media":8083,"comment_status":"open","ping_status":"open","template":"","meta":[],"product_brand":[],"product_cat":[48],"product_tag":[],"class_list":{"0":"post-7983","1":"product","2":"type-product","3":"status-publish","4":"has-post-thumbnail","6":"product_cat-svareci-technika","8":"first","9":"instock","10":"sale","11":"shipping-taxable","12":"purchasable","13":"product-type-simple"},"yoast_head":"<!-- This site is optimized with the Yoast SEO plugin v26.8 - https:\/\/yoast.com\/product\/yoast-seo-wordpress\/ -->\n<title>Ihned K Objedn\u00e1n\u00ed OMICRON OMI 196LS PFC -<\/title>\n<meta name=\"robots\" content=\"index, follow, max-snippet:-1, max-image-preview:large, max-video-preview:-1\" \/>\n<link rel=\"canonical\" href=\"https:\/\/www.koupeltech.com\/index.php\/produkt\/ihned-k-objednani-omicron-omi-196ls-pfc-7983\/\" \/>\n<meta property=\"og:locale\" content=\"cs_CZ\" \/>\n<meta property=\"og:type\" content=\"article\" \/>\n<meta property=\"og:title\" content=\"Ihned K Objedn\u00e1n\u00ed OMICRON OMI 196LS PFC -\" \/>\n<meta property=\"og:description\" content=\"Synergick\u00fd stroj OMI 196LS PFC je vybaven syst\u00e9mem PFC,,Power Factor Correction\u201c-konpenzace \u00fa\u010din\u00edku, kter\u00fd umo\u017e\u0148uje provoz na jednof\u00e1zov\u00fdch s\u00edt\u00edch se st\u0159\u00eddav\u00fdm nap\u011bt\u00edm 1x230V (-30%\/+15%).\u25ba V\u00fdhody funkce PFC:1. Stroj lze p\u0159ipojit ke zdroji proudu AC 160V \u2013 265V.2. Sv\u00e1\u0159ec\u00ed stroj je vhodn\u00fd pro provoz na elektrocentr\u00e1l\u00e1ch nebo pro velmi dlouh\u00e9 prodlu\u017eovac\u00ed kabely d\u00edky velmi * mal\u00e9 n\u00e1chylnosti [&hellip;]\" \/>\n<meta property=\"og:url\" content=\"https:\/\/www.koupeltech.com\/index.php\/produkt\/ihned-k-objednani-omicron-omi-196ls-pfc-7983\/\" \/>\n<meta property=\"og:image\" content=\"https:\/\/www.koupeltech.com\/wp-content\/uploads\/2026\/SK0023154-CZ20260425-092328-0-1777080210-1243110-1_090646.webp\" \/>\n\t<meta property=\"og:image:width\" content=\"499\" \/>\n\t<meta property=\"og:image:height\" content=\"500\" \/>\n\t<meta property=\"og:image:type\" content=\"image\/webp\" \/>\n<meta name=\"twitter:card\" content=\"summary_large_image\" \/>\n<meta name=\"twitter:label1\" content=\"Odhadovan\u00e1 doba \u010dten\u00ed\" \/>\n\t<meta name=\"twitter:data1\" content=\"2 minuty\" \/>\n<script type=\"application\/ld+json\" class=\"yoast-schema-graph\">{\"@context\":\"https:\/\/schema.org\",\"@graph\":[{\"@type\":\"WebPage\",\"@id\":\"https:\/\/www.koupeltech.com\/index.php\/produkt\/ihned-k-objednani-omicron-omi-196ls-pfc-7983\/\",\"url\":\"https:\/\/www.koupeltech.com\/index.php\/produkt\/ihned-k-objednani-omicron-omi-196ls-pfc-7983\/\",\"name\":\"Ihned K Objedn\u00e1n\u00ed OMICRON OMI 196LS PFC -\",\"isPartOf\":{\"@id\":\"https:\/\/www.koupeltech.com\/#website\"},\"primaryImageOfPage\":{\"@id\":\"https:\/\/www.koupeltech.com\/index.php\/produkt\/ihned-k-objednani-omicron-omi-196ls-pfc-7983\/#primaryimage\"},\"image\":{\"@id\":\"https:\/\/www.koupeltech.com\/index.php\/produkt\/ihned-k-objednani-omicron-omi-196ls-pfc-7983\/#primaryimage\"},\"thumbnailUrl\":\"https:\/\/www.koupeltech.com\/wp-content\/uploads\/2026\/SK0023154-CZ20260425-092328-0-1777080210-1243110-1_090646.webp\",\"datePublished\":\"2026-04-27T13:57:00+00:00\",\"breadcrumb\":{\"@id\":\"https:\/\/www.koupeltech.com\/index.php\/produkt\/ihned-k-objednani-omicron-omi-196ls-pfc-7983\/#breadcrumb\"},\"inLanguage\":\"cs\",\"potentialAction\":[{\"@type\":\"ReadAction\",\"target\":[\"https:\/\/www.koupeltech.com\/index.php\/produkt\/ihned-k-objednani-omicron-omi-196ls-pfc-7983\/\"]}]},{\"@type\":\"ImageObject\",\"inLanguage\":\"cs\",\"@id\":\"https:\/\/www.koupeltech.com\/index.php\/produkt\/ihned-k-objednani-omicron-omi-196ls-pfc-7983\/#primaryimage\",\"url\":\"https:\/\/www.koupeltech.com\/wp-content\/uploads\/2026\/SK0023154-CZ20260425-092328-0-1777080210-1243110-1_090646.webp\",\"contentUrl\":\"https:\/\/www.koupeltech.com\/wp-content\/uploads\/2026\/SK0023154-CZ20260425-092328-0-1777080210-1243110-1_090646.webp\",\"width\":499,\"height\":500},{\"@type\":\"BreadcrumbList\",\"@id\":\"https:\/\/www.koupeltech.com\/index.php\/produkt\/ihned-k-objednani-omicron-omi-196ls-pfc-7983\/#breadcrumb\",\"itemListElement\":[{\"@type\":\"ListItem\",\"position\":1,\"name\":\"Home\",\"item\":\"https:\/\/www.koupeltech.com\/\"},{\"@type\":\"ListItem\",\"position\":2,\"name\":\"Products\",\"item\":\"https:\/\/www.koupeltech.com\/index.php\/products\/\"},{\"@type\":\"ListItem\",\"position\":3,\"name\":\"Ihned K Objedn\u00e1n\u00ed OMICRON OMI 196LS PFC\"}]},{\"@type\":\"WebSite\",\"@id\":\"https:\/\/www.koupeltech.com\/#website\",\"url\":\"https:\/\/www.koupeltech.com\/\",\"name\":\"\",\"description\":\"\",\"potentialAction\":[{\"@type\":\"SearchAction\",\"target\":{\"@type\":\"EntryPoint\",\"urlTemplate\":\"https:\/\/www.koupeltech.com\/?s={search_term_string}\"},\"query-input\":{\"@type\":\"PropertyValueSpecification\",\"valueRequired\":true,\"valueName\":\"search_term_string\"}}],\"inLanguage\":\"cs\"}]}<\/script>\n<!-- \/ Yoast SEO plugin. -->","yoast_head_json":{"title":"Ihned K Objedn\u00e1n\u00ed OMICRON OMI 196LS PFC -","robots":{"index":"index","follow":"follow","max-snippet":"max-snippet:-1","max-image-preview":"max-image-preview:large","max-video-preview":"max-video-preview:-1"},"canonical":"https:\/\/www.koupeltech.com\/index.php\/produkt\/ihned-k-objednani-omicron-omi-196ls-pfc-7983\/","og_locale":"cs_CZ","og_type":"article","og_title":"Ihned K Objedn\u00e1n\u00ed OMICRON OMI 196LS PFC -","og_description":"Synergick\u00fd stroj OMI 196LS PFC je vybaven syst\u00e9mem PFC,,Power Factor Correction\u201c-konpenzace \u00fa\u010din\u00edku, kter\u00fd umo\u017e\u0148uje provoz na jednof\u00e1zov\u00fdch s\u00edt\u00edch se st\u0159\u00eddav\u00fdm nap\u011bt\u00edm 1x230V (-30%\/+15%).\u25ba V\u00fdhody funkce PFC:1. Stroj lze p\u0159ipojit ke zdroji proudu AC 160V \u2013 265V.2. Sv\u00e1\u0159ec\u00ed stroj je vhodn\u00fd pro provoz na elektrocentr\u00e1l\u00e1ch nebo pro velmi dlouh\u00e9 prodlu\u017eovac\u00ed kabely d\u00edky velmi * mal\u00e9 n\u00e1chylnosti [&hellip;]","og_url":"https:\/\/www.koupeltech.com\/index.php\/produkt\/ihned-k-objednani-omicron-omi-196ls-pfc-7983\/","og_image":[{"width":499,"height":500,"url":"https:\/\/www.koupeltech.com\/wp-content\/uploads\/2026\/SK0023154-CZ20260425-092328-0-1777080210-1243110-1_090646.webp","type":"image\/webp"}],"twitter_card":"summary_large_image","twitter_misc":{"Odhadovan\u00e1 doba \u010dten\u00ed":"2 minuty"},"schema":{"@context":"https:\/\/schema.org","@graph":[{"@type":"WebPage","@id":"https:\/\/www.koupeltech.com\/index.php\/produkt\/ihned-k-objednani-omicron-omi-196ls-pfc-7983\/","url":"https:\/\/www.koupeltech.com\/index.php\/produkt\/ihned-k-objednani-omicron-omi-196ls-pfc-7983\/","name":"Ihned K Objedn\u00e1n\u00ed OMICRON OMI 196LS PFC -","isPartOf":{"@id":"https:\/\/www.koupeltech.com\/#website"},"primaryImageOfPage":{"@id":"https:\/\/www.koupeltech.com\/index.php\/produkt\/ihned-k-objednani-omicron-omi-196ls-pfc-7983\/#primaryimage"},"image":{"@id":"https:\/\/www.koupeltech.com\/index.php\/produkt\/ihned-k-objednani-omicron-omi-196ls-pfc-7983\/#primaryimage"},"thumbnailUrl":"https:\/\/www.koupeltech.com\/wp-content\/uploads\/2026\/SK0023154-CZ20260425-092328-0-1777080210-1243110-1_090646.webp","datePublished":"2026-04-27T13:57:00+00:00","breadcrumb":{"@id":"https:\/\/www.koupeltech.com\/index.php\/produkt\/ihned-k-objednani-omicron-omi-196ls-pfc-7983\/#breadcrumb"},"inLanguage":"cs","potentialAction":[{"@type":"ReadAction","target":["https:\/\/www.koupeltech.com\/index.php\/produkt\/ihned-k-objednani-omicron-omi-196ls-pfc-7983\/"]}]},{"@type":"ImageObject","inLanguage":"cs","@id":"https:\/\/www.koupeltech.com\/index.php\/produkt\/ihned-k-objednani-omicron-omi-196ls-pfc-7983\/#primaryimage","url":"https:\/\/www.koupeltech.com\/wp-content\/uploads\/2026\/SK0023154-CZ20260425-092328-0-1777080210-1243110-1_090646.webp","contentUrl":"https:\/\/www.koupeltech.com\/wp-content\/uploads\/2026\/SK0023154-CZ20260425-092328-0-1777080210-1243110-1_090646.webp","width":499,"height":500},{"@type":"BreadcrumbList","@id":"https:\/\/www.koupeltech.com\/index.php\/produkt\/ihned-k-objednani-omicron-omi-196ls-pfc-7983\/#breadcrumb","itemListElement":[{"@type":"ListItem","position":1,"name":"Home","item":"https:\/\/www.koupeltech.com\/"},{"@type":"ListItem","position":2,"name":"Products","item":"https:\/\/www.koupeltech.com\/index.php\/products\/"},{"@type":"ListItem","position":3,"name":"Ihned K Objedn\u00e1n\u00ed OMICRON OMI 196LS PFC"}]},{"@type":"WebSite","@id":"https:\/\/www.koupeltech.com\/#website","url":"https:\/\/www.koupeltech.com\/","name":"","description":"","potentialAction":[{"@type":"SearchAction","target":{"@type":"EntryPoint","urlTemplate":"https:\/\/www.koupeltech.com\/?s={search_term_string}"},"query-input":{"@type":"PropertyValueSpecification","valueRequired":true,"valueName":"search_term_string"}}],"inLanguage":"cs"}]}},"_links":{"self":[{"href":"https:\/\/www.koupeltech.com\/index.php\/wp-json\/wp\/v2\/product\/7983","targetHints":{"allow":["GET"]}}],"collection":[{"href":"https:\/\/www.koupeltech.com\/index.php\/wp-json\/wp\/v2\/product"}],"about":[{"href":"https:\/\/www.koupeltech.com\/index.php\/wp-json\/wp\/v2\/types\/product"}],"replies":[{"embeddable":true,"href":"https:\/\/www.koupeltech.com\/index.php\/wp-json\/wp\/v2\/comments?post=7983"}],"wp:featuredmedia":[{"embeddable":true,"href":"https:\/\/www.koupeltech.com\/index.php\/wp-json\/wp\/v2\/media\/8083"}],"wp:attachment":[{"href":"https:\/\/www.koupeltech.com\/index.php\/wp-json\/wp\/v2\/media?parent=7983"}],"wp:term":[{"taxonomy":"product_brand","embeddable":true,"href":"https:\/\/www.koupeltech.com\/index.php\/wp-json\/wp\/v2\/product_brand?post=7983"},{"taxonomy":"product_cat","embeddable":true,"href":"https:\/\/www.koupeltech.com\/index.php\/wp-json\/wp\/v2\/product_cat?post=7983"},{"taxonomy":"product_tag","embeddable":true,"href":"https:\/\/www.koupeltech.com\/index.php\/wp-json\/wp\/v2\/product_tag?post=7983"}],"curies":[{"name":"wp","href":"https:\/\/api.w.org\/{rel}","templated":true}]}}