{"id":7984,"date":"2026-04-27T13:57:00","date_gmt":"2026-04-27T13:57:00","guid":{"rendered":""},"modified":"2026-04-27T13:57:00","modified_gmt":"2026-04-27T13:57:00","slug":"nova-kolekce-omicron-omi-1750ls-7984","status":"publish","type":"product","link":"https:\/\/www.koupeltech.com\/index.php\/produkt\/nova-kolekce-omicron-omi-1750ls-7984\/","title":{"rendered":"Nov\u00e1 Kolekce OMICRON OMI 1750LS"},"content":{"rendered":"<table>\n<div class=\"tab-pane active product-description\" id=\"popis\" role=\"tabpanel\">\n<div class=\"short-description\" itemprop=\"description\"><\/div>\n<div class=\"description\"><span class='bullet-line'>Synergick\u00fd invertorov\u00fd sv\u00e1\u0159ec\u00ed poloautomat OMI 1750LS umo\u017e\u0148uje nastaven\u00ed param\u00e9tr\u016f manu\u00e1ln\u011b nebo pomoc\u00ed synergie. <br \/><\/span><span class='bullet-line'>Je mo\u017enost d\u00e1le elektronicky nastavit d\u00e9lku bodu, hodnoty sv\u00e1\u0159en\u00ed dlouh\u00fdmi body \u010di p\u0159epnout stroj do re\u017eimu dvoutakt nebo \u010dty\u0159takt. <br \/><\/span><span class='bullet-line'>Digit\u00e1ln\u00ed V-A metr. <br \/><\/span><span class='bullet-line'>Dvoukladkov\u00fd podava\u010d sv\u00e1\u0159ec\u00edho dr\u00e1tu. Eurokoncovkou je mo\u017en\u00e9 p\u0159ipojen\u00ed ho\u0159\u00e1k\u016f 3,4,5 m.<br \/><\/span><span class='bullet-line'>Stroj je vybaven digit\u00e1ln\u00ed \u0159\u00edd\u00edc\u00ed deskou pro nastaven\u00ed v\u0161ech funkc\u00ed pomoc\u00ed tla\u010d\u00edtek a zobrazuje pr\u016fb\u011bh sv\u00e1\u0159en\u00ed na dvou samostatn\u00fdch displej\u00edch. <br \/><\/span><span class='bullet-line'>Lze nastavit funkce: p\u0159edfuk, v\u00fdlet\/n\u00e1b\u011bh proudu, nastaven\u00ed elektronick\u00e9 tlumivky, doho\u0159en\u00ed\/dob\u011bh proudu, dofuk, body, bodov\u00e9 sv\u00e1\u0159en\u00ed, 2T, 2T body, 2T pulzy, 4T, 4T body, 4T pulzy.<br \/><\/span><span class='bullet-line'>Konstrukce sv\u00e1\u0159ec\u00edho stroje OMI zaru\u010duje vysokou spolehlivost zdroje, v\u00fdborn\u00e9 sv\u00e1\u0159ec\u00ed vlastnosti v \u0161irok\u00e9 oblasti pou\u017eit\u00ed. <br \/><\/span><span class='bullet-line'>P\u0159i pou\u017eit\u00ed vhodn\u00e9 ochrann\u00e9 armosf\u00e9ry lze sv\u00e1\u0159et v\u0161echny druhy n\u00edzkolegovan\u00fdch a vysocelegovan\u00fdch ocel\u00ed i hlin\u00edku a jeho slitin.<br \/><\/span><br \/>\u25ba Mo\u017enost sva\u0159ov\u00e1n\u00ed hlin\u00edku:<span class='bullet-line'>Hlin\u00edk je mo\u017eno sv\u00e1\u0159et metodou MAG pouze dr\u00e1tem AlMg5 o pr\u016fm\u011bru 1,0 mm nebo 1,2 mm s ho\u0159\u00e1kem d\u00e9lky max.3 m vybaven\u00fdm teflonov\u00fdm bowdenem, zna\u010dkov\u00fdmi proudov\u00fdmi \u0161pi\u010dkami ur\u010den\u00fdmi pro sv\u00e1\u0159en\u00ed hlin\u00edku. <br \/><\/span><span class='bullet-line'>Podava\u010d dr\u00e1tu je nutno osadit kladkou s U profilem. Sv\u00e1\u0159en\u00e9 hlin\u00edkov\u00e9 d\u00edly mus\u00ed m\u00edt st\u011bnu min. 2 mm.<br \/><\/span><span class='bullet-line'>P\u0159\u00edslu\u0161enstv\u00ed pro sv\u00e1\u0159en\u00ed hlin\u00edku odzkou\u0161en\u00e9 ve firm\u011b OMICRON- sv\u00e1\u0159ec\u00ed stroje s.r.o. je dod\u00e1v\u00e1no v sad\u011b nebo jednotliv\u011b prost\u0159ednictv\u00edm prodejc\u016f sv\u00e1\u0159ec\u00edch stroj\u016f OMICRON.<br \/><\/span><br \/>\u25ba MIG-sv\u00e1\u0159en\u00ed v ochrann\u00e9 atmosf\u00e9\u0159e<span class='bullet-line'>25% &#8211; 175A &#8211; 22,75V<br \/><\/span><span class='bullet-line'>60% &#8211; 10A &#8211; 20V<br \/><\/span><span class='bullet-line'>100% &#8211; 100A &#8211; 19V<\/span><\/div>\n<div class=\"parameters\">\n<tr>\n<td>Zat\u011b\u017eovatel:<\/td>\n<td>M\u011b\u0159eno p\u0159i 40\u00b0C<\/td>\n<\/tr>\n<tr>\n<td>Hmotnost<\/td>\n<td>28,4kg<\/td>\n<\/tr>\n<tr>\n<td>Nap\u00e1jec\u00ed nap\u011bt\u00ed<\/td>\n<td>1x230V (-30%\/+15%)<\/td>\n<\/tr>\n<tr>\n<td>Proudov\u00fd rozsah<\/td>\n<td>MIG 30A &#8211; 175A<\/td>\n<\/tr>\n<tr>\n<td>Rozm\u011bry<\/td>\n<td>D=650 x \u0160=220 x V=610<\/td>\n<\/tr><\/div>\n<\/table>\n","protected":false},"excerpt":{"rendered":"<p>Synergick\u00fd invertorov\u00fd sv\u00e1\u0159ec\u00ed poloautomat OMI 1750LS umo\u017e\u0148uje nastaven\u00ed param\u00e9tr\u016f manu\u00e1ln\u011b nebo pomoc\u00ed synergie. Je mo\u017enost d\u00e1le elektronicky nastavit d\u00e9lku bodu, hodnoty sv\u00e1\u0159en\u00ed dlouh\u00fdmi body \u010di p\u0159epnout stroj do re\u017eimu dvoutakt nebo \u010dty\u0159takt. Digit\u00e1ln\u00ed V-A metr. Dvoukladkov\u00fd podava\u010d sv\u00e1\u0159ec\u00edho dr\u00e1tu. Eurokoncovkou je mo\u017en\u00e9 p\u0159ipojen\u00ed ho\u0159\u00e1k\u016f 3,4,5 m.Stroj je vybaven digit\u00e1ln\u00ed \u0159\u00edd\u00edc\u00ed deskou pro nastaven\u00ed v\u0161ech funkc\u00ed [&hellip;]<\/p>\n","protected":false},"featured_media":8084,"comment_status":"open","ping_status":"open","template":"","meta":[],"product_brand":[],"product_cat":[48],"product_tag":[],"class_list":{"0":"post-7984","1":"product","2":"type-product","3":"status-publish","4":"has-post-thumbnail","6":"product_cat-svareci-technika","8":"first","9":"instock","10":"sale","11":"shipping-taxable","12":"purchasable","13":"product-type-simple"},"yoast_head":"<!-- This site is optimized with the Yoast SEO plugin v26.8 - https:\/\/yoast.com\/product\/yoast-seo-wordpress\/ -->\n<title>Nov\u00e1 Kolekce OMICRON OMI 1750LS -<\/title>\n<meta name=\"robots\" content=\"index, follow, max-snippet:-1, max-image-preview:large, max-video-preview:-1\" \/>\n<link rel=\"canonical\" href=\"https:\/\/www.koupeltech.com\/index.php\/produkt\/nova-kolekce-omicron-omi-1750ls-7984\/\" \/>\n<meta property=\"og:locale\" content=\"cs_CZ\" \/>\n<meta property=\"og:type\" content=\"article\" \/>\n<meta property=\"og:title\" content=\"Nov\u00e1 Kolekce OMICRON OMI 1750LS -\" \/>\n<meta property=\"og:description\" content=\"Synergick\u00fd invertorov\u00fd sv\u00e1\u0159ec\u00ed poloautomat OMI 1750LS umo\u017e\u0148uje nastaven\u00ed param\u00e9tr\u016f manu\u00e1ln\u011b nebo pomoc\u00ed synergie. Je mo\u017enost d\u00e1le elektronicky nastavit d\u00e9lku bodu, hodnoty sv\u00e1\u0159en\u00ed dlouh\u00fdmi body \u010di p\u0159epnout stroj do re\u017eimu dvoutakt nebo \u010dty\u0159takt. Digit\u00e1ln\u00ed V-A metr. Dvoukladkov\u00fd podava\u010d sv\u00e1\u0159ec\u00edho dr\u00e1tu. Eurokoncovkou je mo\u017en\u00e9 p\u0159ipojen\u00ed ho\u0159\u00e1k\u016f 3,4,5 m.Stroj je vybaven digit\u00e1ln\u00ed \u0159\u00edd\u00edc\u00ed deskou pro nastaven\u00ed v\u0161ech funkc\u00ed [&hellip;]\" \/>\n<meta property=\"og:url\" content=\"https:\/\/www.koupeltech.com\/index.php\/produkt\/nova-kolekce-omicron-omi-1750ls-7984\/\" \/>\n<meta property=\"og:image\" content=\"https:\/\/www.koupeltech.com\/wp-content\/uploads\/2026\/SK0023155-CZ20260425-092328-0-1777080210-1243111-1_090746.webp\" \/>\n\t<meta property=\"og:image:width\" content=\"545\" \/>\n\t<meta property=\"og:image:height\" content=\"800\" \/>\n\t<meta property=\"og:image:type\" content=\"image\/webp\" \/>\n<meta name=\"twitter:card\" content=\"summary_large_image\" \/>\n<meta name=\"twitter:label1\" content=\"Odhadovan\u00e1 doba \u010dten\u00ed\" \/>\n\t<meta name=\"twitter:data1\" content=\"2 minuty\" \/>\n<script type=\"application\/ld+json\" class=\"yoast-schema-graph\">{\"@context\":\"https:\/\/schema.org\",\"@graph\":[{\"@type\":\"WebPage\",\"@id\":\"https:\/\/www.koupeltech.com\/index.php\/produkt\/nova-kolekce-omicron-omi-1750ls-7984\/\",\"url\":\"https:\/\/www.koupeltech.com\/index.php\/produkt\/nova-kolekce-omicron-omi-1750ls-7984\/\",\"name\":\"Nov\u00e1 Kolekce OMICRON OMI 1750LS -\",\"isPartOf\":{\"@id\":\"https:\/\/www.koupeltech.com\/#website\"},\"primaryImageOfPage\":{\"@id\":\"https:\/\/www.koupeltech.com\/index.php\/produkt\/nova-kolekce-omicron-omi-1750ls-7984\/#primaryimage\"},\"image\":{\"@id\":\"https:\/\/www.koupeltech.com\/index.php\/produkt\/nova-kolekce-omicron-omi-1750ls-7984\/#primaryimage\"},\"thumbnailUrl\":\"https:\/\/www.koupeltech.com\/wp-content\/uploads\/2026\/SK0023155-CZ20260425-092328-0-1777080210-1243111-1_090746.webp\",\"datePublished\":\"2026-04-27T13:57:00+00:00\",\"breadcrumb\":{\"@id\":\"https:\/\/www.koupeltech.com\/index.php\/produkt\/nova-kolekce-omicron-omi-1750ls-7984\/#breadcrumb\"},\"inLanguage\":\"cs\",\"potentialAction\":[{\"@type\":\"ReadAction\",\"target\":[\"https:\/\/www.koupeltech.com\/index.php\/produkt\/nova-kolekce-omicron-omi-1750ls-7984\/\"]}]},{\"@type\":\"ImageObject\",\"inLanguage\":\"cs\",\"@id\":\"https:\/\/www.koupeltech.com\/index.php\/produkt\/nova-kolekce-omicron-omi-1750ls-7984\/#primaryimage\",\"url\":\"https:\/\/www.koupeltech.com\/wp-content\/uploads\/2026\/SK0023155-CZ20260425-092328-0-1777080210-1243111-1_090746.webp\",\"contentUrl\":\"https:\/\/www.koupeltech.com\/wp-content\/uploads\/2026\/SK0023155-CZ20260425-092328-0-1777080210-1243111-1_090746.webp\",\"width\":545,\"height\":800},{\"@type\":\"BreadcrumbList\",\"@id\":\"https:\/\/www.koupeltech.com\/index.php\/produkt\/nova-kolekce-omicron-omi-1750ls-7984\/#breadcrumb\",\"itemListElement\":[{\"@type\":\"ListItem\",\"position\":1,\"name\":\"Home\",\"item\":\"https:\/\/www.koupeltech.com\/\"},{\"@type\":\"ListItem\",\"position\":2,\"name\":\"Products\",\"item\":\"https:\/\/www.koupeltech.com\/index.php\/products\/\"},{\"@type\":\"ListItem\",\"position\":3,\"name\":\"Nov\u00e1 Kolekce OMICRON OMI 1750LS\"}]},{\"@type\":\"WebSite\",\"@id\":\"https:\/\/www.koupeltech.com\/#website\",\"url\":\"https:\/\/www.koupeltech.com\/\",\"name\":\"\",\"description\":\"\",\"potentialAction\":[{\"@type\":\"SearchAction\",\"target\":{\"@type\":\"EntryPoint\",\"urlTemplate\":\"https:\/\/www.koupeltech.com\/?s={search_term_string}\"},\"query-input\":{\"@type\":\"PropertyValueSpecification\",\"valueRequired\":true,\"valueName\":\"search_term_string\"}}],\"inLanguage\":\"cs\"}]}<\/script>\n<!-- \/ Yoast SEO plugin. -->","yoast_head_json":{"title":"Nov\u00e1 Kolekce OMICRON OMI 1750LS -","robots":{"index":"index","follow":"follow","max-snippet":"max-snippet:-1","max-image-preview":"max-image-preview:large","max-video-preview":"max-video-preview:-1"},"canonical":"https:\/\/www.koupeltech.com\/index.php\/produkt\/nova-kolekce-omicron-omi-1750ls-7984\/","og_locale":"cs_CZ","og_type":"article","og_title":"Nov\u00e1 Kolekce OMICRON OMI 1750LS -","og_description":"Synergick\u00fd invertorov\u00fd sv\u00e1\u0159ec\u00ed poloautomat OMI 1750LS umo\u017e\u0148uje nastaven\u00ed param\u00e9tr\u016f manu\u00e1ln\u011b nebo pomoc\u00ed synergie. Je mo\u017enost d\u00e1le elektronicky nastavit d\u00e9lku bodu, hodnoty sv\u00e1\u0159en\u00ed dlouh\u00fdmi body \u010di p\u0159epnout stroj do re\u017eimu dvoutakt nebo \u010dty\u0159takt. Digit\u00e1ln\u00ed V-A metr. Dvoukladkov\u00fd podava\u010d sv\u00e1\u0159ec\u00edho dr\u00e1tu. Eurokoncovkou je mo\u017en\u00e9 p\u0159ipojen\u00ed ho\u0159\u00e1k\u016f 3,4,5 m.Stroj je vybaven digit\u00e1ln\u00ed \u0159\u00edd\u00edc\u00ed deskou pro nastaven\u00ed v\u0161ech funkc\u00ed [&hellip;]","og_url":"https:\/\/www.koupeltech.com\/index.php\/produkt\/nova-kolekce-omicron-omi-1750ls-7984\/","og_image":[{"width":545,"height":800,"url":"https:\/\/www.koupeltech.com\/wp-content\/uploads\/2026\/SK0023155-CZ20260425-092328-0-1777080210-1243111-1_090746.webp","type":"image\/webp"}],"twitter_card":"summary_large_image","twitter_misc":{"Odhadovan\u00e1 doba \u010dten\u00ed":"2 minuty"},"schema":{"@context":"https:\/\/schema.org","@graph":[{"@type":"WebPage","@id":"https:\/\/www.koupeltech.com\/index.php\/produkt\/nova-kolekce-omicron-omi-1750ls-7984\/","url":"https:\/\/www.koupeltech.com\/index.php\/produkt\/nova-kolekce-omicron-omi-1750ls-7984\/","name":"Nov\u00e1 Kolekce OMICRON OMI 1750LS -","isPartOf":{"@id":"https:\/\/www.koupeltech.com\/#website"},"primaryImageOfPage":{"@id":"https:\/\/www.koupeltech.com\/index.php\/produkt\/nova-kolekce-omicron-omi-1750ls-7984\/#primaryimage"},"image":{"@id":"https:\/\/www.koupeltech.com\/index.php\/produkt\/nova-kolekce-omicron-omi-1750ls-7984\/#primaryimage"},"thumbnailUrl":"https:\/\/www.koupeltech.com\/wp-content\/uploads\/2026\/SK0023155-CZ20260425-092328-0-1777080210-1243111-1_090746.webp","datePublished":"2026-04-27T13:57:00+00:00","breadcrumb":{"@id":"https:\/\/www.koupeltech.com\/index.php\/produkt\/nova-kolekce-omicron-omi-1750ls-7984\/#breadcrumb"},"inLanguage":"cs","potentialAction":[{"@type":"ReadAction","target":["https:\/\/www.koupeltech.com\/index.php\/produkt\/nova-kolekce-omicron-omi-1750ls-7984\/"]}]},{"@type":"ImageObject","inLanguage":"cs","@id":"https:\/\/www.koupeltech.com\/index.php\/produkt\/nova-kolekce-omicron-omi-1750ls-7984\/#primaryimage","url":"https:\/\/www.koupeltech.com\/wp-content\/uploads\/2026\/SK0023155-CZ20260425-092328-0-1777080210-1243111-1_090746.webp","contentUrl":"https:\/\/www.koupeltech.com\/wp-content\/uploads\/2026\/SK0023155-CZ20260425-092328-0-1777080210-1243111-1_090746.webp","width":545,"height":800},{"@type":"BreadcrumbList","@id":"https:\/\/www.koupeltech.com\/index.php\/produkt\/nova-kolekce-omicron-omi-1750ls-7984\/#breadcrumb","itemListElement":[{"@type":"ListItem","position":1,"name":"Home","item":"https:\/\/www.koupeltech.com\/"},{"@type":"ListItem","position":2,"name":"Products","item":"https:\/\/www.koupeltech.com\/index.php\/products\/"},{"@type":"ListItem","position":3,"name":"Nov\u00e1 Kolekce OMICRON OMI 1750LS"}]},{"@type":"WebSite","@id":"https:\/\/www.koupeltech.com\/#website","url":"https:\/\/www.koupeltech.com\/","name":"","description":"","potentialAction":[{"@type":"SearchAction","target":{"@type":"EntryPoint","urlTemplate":"https:\/\/www.koupeltech.com\/?s={search_term_string}"},"query-input":{"@type":"PropertyValueSpecification","valueRequired":true,"valueName":"search_term_string"}}],"inLanguage":"cs"}]}},"_links":{"self":[{"href":"https:\/\/www.koupeltech.com\/index.php\/wp-json\/wp\/v2\/product\/7984","targetHints":{"allow":["GET"]}}],"collection":[{"href":"https:\/\/www.koupeltech.com\/index.php\/wp-json\/wp\/v2\/product"}],"about":[{"href":"https:\/\/www.koupeltech.com\/index.php\/wp-json\/wp\/v2\/types\/product"}],"replies":[{"embeddable":true,"href":"https:\/\/www.koupeltech.com\/index.php\/wp-json\/wp\/v2\/comments?post=7984"}],"wp:featuredmedia":[{"embeddable":true,"href":"https:\/\/www.koupeltech.com\/index.php\/wp-json\/wp\/v2\/media\/8084"}],"wp:attachment":[{"href":"https:\/\/www.koupeltech.com\/index.php\/wp-json\/wp\/v2\/media?parent=7984"}],"wp:term":[{"taxonomy":"product_brand","embeddable":true,"href":"https:\/\/www.koupeltech.com\/index.php\/wp-json\/wp\/v2\/product_brand?post=7984"},{"taxonomy":"product_cat","embeddable":true,"href":"https:\/\/www.koupeltech.com\/index.php\/wp-json\/wp\/v2\/product_cat?post=7984"},{"taxonomy":"product_tag","embeddable":true,"href":"https:\/\/www.koupeltech.com\/index.php\/wp-json\/wp\/v2\/product_tag?post=7984"}],"curies":[{"name":"wp","href":"https:\/\/api.w.org\/{rel}","templated":true}]}}