{"id":8773,"date":"2026-04-27T13:57:06","date_gmt":"2026-04-27T13:57:06","guid":{"rendered":""},"modified":"2026-04-27T13:57:06","modified_gmt":"2026-04-27T13:57:06","slug":"zlevneny-powerplus-powdp9064-nabijecka-20v-40v-baterie-40v-li-ion-2-5ah-samsung-8773","status":"publish","type":"product","link":"https:\/\/www.koupeltech.com\/index.php\/produkt\/zlevneny-powerplus-powdp9064-nabijecka-20v-40v-baterie-40v-li-ion-2-5ah-samsung-8773\/","title":{"rendered":"Zlevn\u011bn\u00fd POWERPLUS POWDP9064 Nab\u00edje\u010dka 20V\/40V + Baterie 40V LI-ION 2,5Ah SAMSUNG"},"content":{"rendered":"<table>\n<div class=\"tab-pane active product-description\" id=\"popis\" role=\"tabpanel\">\n<div class=\"short-description\" itemprop=\"description\"><\/div>\n<div class=\"description\"><span class='bullet-line'>Zcela nov\u00fd zp\u016fsob dod\u00e1v\u00e1n\u00ed energie do akumul\u00e1torov\u00e9ho n\u00e1\u0159ad\u00ed.<br \/><\/span><span class='bullet-line'>DUAL POWER je novou generac\u00ed platformy umo\u017e\u0148uj\u00edc\u00ed u\u017eit\u00ed dvou typ\u016f bateri\u00ed. <br \/><\/span><span class='bullet-line'>Skl\u00e1d\u00e1 se z 20V a 40V baterie, kter\u00e9 se kombinuj\u00ed s \u0159adou akumul\u00e1torov\u00e9ho n\u00e1\u0159ad\u00ed. <br \/><\/span><span class='bullet-line'>Koncept je jednoduch\u00fd, ale siln\u00fd. <br \/><\/span><span class='bullet-line'>20V akumul\u00e1tor se hod\u00ed pro 20V DUAL stroje, akumul\u00e1tor 40V je ur\u010den pro 40V DUAL stroje.<br \/><\/span><br \/>\u25ba NYN\u00cd SE ALE DOST\u00c1V\u00c1ME KE SKUTE\u010cN\u00c9 INOVATIVN\u00cd ZM\u011aN\u011a:<span class='bullet-line'>M\u016f\u017eete toti\u017e tak\u00e9 p\u0159ipojit 40V baterii na 20V DUAL stroje. <br \/><\/span><span class='bullet-line'>V\u00fdrazn\u011b t\u00edm prodlou\u017e\u00edte dobu provozu stroj\u016f DUAL POWER. <br \/><\/span><span class='bullet-line'>Ob\u011b baterie LITHIUM-ION lze nab\u00edjet stejnou nab\u00edje\u010dkou 20\/40V.<br \/><\/span><span class='bullet-line'>Hned na po\u010d\u00e1tku p\u0159edstavuje DUAL POWER \u0161irokou nab\u00eddku jak AKU n\u00e1\u0159ad\u00ed, tak AKU zahradn\u00ed techniky, kter\u00e9 jsou ur\u010deny pro platformu pracuj\u00edc\u00ed s ob\u011bma typy bateri\u00ed.<br \/><\/span><br \/>\u25ba VLASTNOSTI<span class='bullet-line'>Nab\u00edje\u010dka pro akumul\u00e1tory 20\/40V Li-ion akumul\u00e1tor<br \/><\/span>Sada nab\u00edje\u010dky a baterie<br \/>3 LED indik\u00e1tory stavu nabit\u00ed baterie<br \/>Kompatibiln\u00ed se v\u0161emi stroji DUAL POWER<\/p>\n<p>\u25ba BALEN\u00cd OBSAHUJE<br \/>1x nab\u00edje\u010dka<br \/>1x baterie 40V 2,5Ah LI-ION SAMSUNG<\/div>\n<div class=\"parameters\">\n<tr>\n<td>Jmenovit\u00fd vstup nab\u00edje\u010dky 200 &#8211; 240 V \/ 50 Hz \/ 60Hz<\/td>\n<td><\/td>\n<\/tr>\n<tr>\n<td>Jmenovit\u00fd v\u00fdstup nab\u00edje\u010dky 21V \/ 4,0 A<\/td>\n<td><\/td>\n<\/tr>\n<tr>\n<td>Kapacita akumul\u00e1toru 2.500 mAh Li-ION SAMSUNG<\/td>\n<td><\/td>\n<\/tr>\n<tr>\n<td>Doba nab\u00edjen\u00ed baterie 90 &#8211; 120 min.<\/td>\n<td><\/td>\n<\/tr><\/div>\n<\/table>\n","protected":false},"excerpt":{"rendered":"<p>Zcela nov\u00fd zp\u016fsob dod\u00e1v\u00e1n\u00ed energie do akumul\u00e1torov\u00e9ho n\u00e1\u0159ad\u00ed.DUAL POWER je novou generac\u00ed platformy umo\u017e\u0148uj\u00edc\u00ed u\u017eit\u00ed dvou typ\u016f bateri\u00ed. Skl\u00e1d\u00e1 se z 20V a 40V baterie, kter\u00e9 se kombinuj\u00ed s \u0159adou akumul\u00e1torov\u00e9ho n\u00e1\u0159ad\u00ed. Koncept je jednoduch\u00fd, ale siln\u00fd. 20V akumul\u00e1tor se hod\u00ed pro 20V DUAL stroje, akumul\u00e1tor 40V je ur\u010den pro 40V DUAL stroje.\u25ba NYN\u00cd SE [&hellip;]<\/p>\n","protected":false},"featured_media":8873,"comment_status":"open","ping_status":"open","template":"","meta":[],"product_brand":[],"product_cat":[43],"product_tag":[],"class_list":{"0":"post-8773","1":"product","2":"type-product","3":"status-publish","4":"has-post-thumbnail","6":"product_cat-naradi","8":"first","9":"instock","10":"sale","11":"shipping-taxable","12":"purchasable","13":"product-type-simple"},"yoast_head":"<!-- This site is optimized with the Yoast SEO plugin v26.8 - https:\/\/yoast.com\/product\/yoast-seo-wordpress\/ -->\n<title>Zlevn\u011bn\u00fd POWERPLUS POWDP9064 Nab\u00edje\u010dka 20V\/40V + Baterie 40V LI-ION 2,5Ah SAMSUNG -<\/title>\n<meta name=\"robots\" content=\"index, follow, max-snippet:-1, max-image-preview:large, max-video-preview:-1\" \/>\n<link rel=\"canonical\" href=\"https:\/\/www.koupeltech.com\/index.php\/produkt\/zlevneny-powerplus-powdp9064-nabijecka-20v-40v-baterie-40v-li-ion-2-5ah-samsung-8773\/\" \/>\n<meta property=\"og:locale\" content=\"cs_CZ\" \/>\n<meta property=\"og:type\" content=\"article\" \/>\n<meta property=\"og:title\" content=\"Zlevn\u011bn\u00fd POWERPLUS POWDP9064 Nab\u00edje\u010dka 20V\/40V + Baterie 40V LI-ION 2,5Ah SAMSUNG -\" \/>\n<meta property=\"og:description\" content=\"Zcela nov\u00fd zp\u016fsob dod\u00e1v\u00e1n\u00ed energie do akumul\u00e1torov\u00e9ho n\u00e1\u0159ad\u00ed.DUAL POWER je novou generac\u00ed platformy umo\u017e\u0148uj\u00edc\u00ed u\u017eit\u00ed dvou typ\u016f bateri\u00ed. Skl\u00e1d\u00e1 se z 20V a 40V baterie, kter\u00e9 se kombinuj\u00ed s \u0159adou akumul\u00e1torov\u00e9ho n\u00e1\u0159ad\u00ed. Koncept je jednoduch\u00fd, ale siln\u00fd. 20V akumul\u00e1tor se hod\u00ed pro 20V DUAL stroje, akumul\u00e1tor 40V je ur\u010den pro 40V DUAL stroje.\u25ba NYN\u00cd SE [&hellip;]\" \/>\n<meta property=\"og:url\" content=\"https:\/\/www.koupeltech.com\/index.php\/produkt\/zlevneny-powerplus-powdp9064-nabijecka-20v-40v-baterie-40v-li-ion-2-5ah-samsung-8773\/\" \/>\n<meta property=\"og:image\" content=\"https:\/\/www.koupeltech.com\/wp-content\/uploads\/2026\/SK0023553-CZ20260425-092328-0-1777080210-4417_1.webp\" \/>\n\t<meta property=\"og:image:width\" content=\"1000\" \/>\n\t<meta property=\"og:image:height\" content=\"376\" \/>\n\t<meta property=\"og:image:type\" content=\"image\/webp\" \/>\n<meta name=\"twitter:card\" content=\"summary_large_image\" \/>\n<meta name=\"twitter:label1\" content=\"Odhadovan\u00e1 doba \u010dten\u00ed\" \/>\n\t<meta name=\"twitter:data1\" content=\"1 minuta\" \/>\n<script type=\"application\/ld+json\" class=\"yoast-schema-graph\">{\"@context\":\"https:\/\/schema.org\",\"@graph\":[{\"@type\":\"WebPage\",\"@id\":\"https:\/\/www.koupeltech.com\/index.php\/produkt\/zlevneny-powerplus-powdp9064-nabijecka-20v-40v-baterie-40v-li-ion-2-5ah-samsung-8773\/\",\"url\":\"https:\/\/www.koupeltech.com\/index.php\/produkt\/zlevneny-powerplus-powdp9064-nabijecka-20v-40v-baterie-40v-li-ion-2-5ah-samsung-8773\/\",\"name\":\"Zlevn\u011bn\u00fd POWERPLUS POWDP9064 Nab\u00edje\u010dka 20V\/40V + Baterie 40V LI-ION 2,5Ah SAMSUNG -\",\"isPartOf\":{\"@id\":\"https:\/\/www.koupeltech.com\/#website\"},\"primaryImageOfPage\":{\"@id\":\"https:\/\/www.koupeltech.com\/index.php\/produkt\/zlevneny-powerplus-powdp9064-nabijecka-20v-40v-baterie-40v-li-ion-2-5ah-samsung-8773\/#primaryimage\"},\"image\":{\"@id\":\"https:\/\/www.koupeltech.com\/index.php\/produkt\/zlevneny-powerplus-powdp9064-nabijecka-20v-40v-baterie-40v-li-ion-2-5ah-samsung-8773\/#primaryimage\"},\"thumbnailUrl\":\"https:\/\/www.koupeltech.com\/wp-content\/uploads\/2026\/SK0023553-CZ20260425-092328-0-1777080210-4417_1.webp\",\"datePublished\":\"2026-04-27T13:57:06+00:00\",\"breadcrumb\":{\"@id\":\"https:\/\/www.koupeltech.com\/index.php\/produkt\/zlevneny-powerplus-powdp9064-nabijecka-20v-40v-baterie-40v-li-ion-2-5ah-samsung-8773\/#breadcrumb\"},\"inLanguage\":\"cs\",\"potentialAction\":[{\"@type\":\"ReadAction\",\"target\":[\"https:\/\/www.koupeltech.com\/index.php\/produkt\/zlevneny-powerplus-powdp9064-nabijecka-20v-40v-baterie-40v-li-ion-2-5ah-samsung-8773\/\"]}]},{\"@type\":\"ImageObject\",\"inLanguage\":\"cs\",\"@id\":\"https:\/\/www.koupeltech.com\/index.php\/produkt\/zlevneny-powerplus-powdp9064-nabijecka-20v-40v-baterie-40v-li-ion-2-5ah-samsung-8773\/#primaryimage\",\"url\":\"https:\/\/www.koupeltech.com\/wp-content\/uploads\/2026\/SK0023553-CZ20260425-092328-0-1777080210-4417_1.webp\",\"contentUrl\":\"https:\/\/www.koupeltech.com\/wp-content\/uploads\/2026\/SK0023553-CZ20260425-092328-0-1777080210-4417_1.webp\",\"width\":1000,\"height\":376},{\"@type\":\"BreadcrumbList\",\"@id\":\"https:\/\/www.koupeltech.com\/index.php\/produkt\/zlevneny-powerplus-powdp9064-nabijecka-20v-40v-baterie-40v-li-ion-2-5ah-samsung-8773\/#breadcrumb\",\"itemListElement\":[{\"@type\":\"ListItem\",\"position\":1,\"name\":\"Home\",\"item\":\"https:\/\/www.koupeltech.com\/\"},{\"@type\":\"ListItem\",\"position\":2,\"name\":\"Products\",\"item\":\"https:\/\/www.koupeltech.com\/index.php\/products\/\"},{\"@type\":\"ListItem\",\"position\":3,\"name\":\"Zlevn\u011bn\u00fd POWERPLUS POWDP9064 Nab\u00edje\u010dka 20V\/40V + Baterie 40V LI-ION 2,5Ah SAMSUNG\"}]},{\"@type\":\"WebSite\",\"@id\":\"https:\/\/www.koupeltech.com\/#website\",\"url\":\"https:\/\/www.koupeltech.com\/\",\"name\":\"\",\"description\":\"\",\"potentialAction\":[{\"@type\":\"SearchAction\",\"target\":{\"@type\":\"EntryPoint\",\"urlTemplate\":\"https:\/\/www.koupeltech.com\/?s={search_term_string}\"},\"query-input\":{\"@type\":\"PropertyValueSpecification\",\"valueRequired\":true,\"valueName\":\"search_term_string\"}}],\"inLanguage\":\"cs\"}]}<\/script>\n<!-- \/ Yoast SEO plugin. -->","yoast_head_json":{"title":"Zlevn\u011bn\u00fd POWERPLUS POWDP9064 Nab\u00edje\u010dka 20V\/40V + Baterie 40V LI-ION 2,5Ah SAMSUNG -","robots":{"index":"index","follow":"follow","max-snippet":"max-snippet:-1","max-image-preview":"max-image-preview:large","max-video-preview":"max-video-preview:-1"},"canonical":"https:\/\/www.koupeltech.com\/index.php\/produkt\/zlevneny-powerplus-powdp9064-nabijecka-20v-40v-baterie-40v-li-ion-2-5ah-samsung-8773\/","og_locale":"cs_CZ","og_type":"article","og_title":"Zlevn\u011bn\u00fd POWERPLUS POWDP9064 Nab\u00edje\u010dka 20V\/40V + Baterie 40V LI-ION 2,5Ah SAMSUNG -","og_description":"Zcela nov\u00fd zp\u016fsob dod\u00e1v\u00e1n\u00ed energie do akumul\u00e1torov\u00e9ho n\u00e1\u0159ad\u00ed.DUAL POWER je novou generac\u00ed platformy umo\u017e\u0148uj\u00edc\u00ed u\u017eit\u00ed dvou typ\u016f bateri\u00ed. Skl\u00e1d\u00e1 se z 20V a 40V baterie, kter\u00e9 se kombinuj\u00ed s \u0159adou akumul\u00e1torov\u00e9ho n\u00e1\u0159ad\u00ed. Koncept je jednoduch\u00fd, ale siln\u00fd. 20V akumul\u00e1tor se hod\u00ed pro 20V DUAL stroje, akumul\u00e1tor 40V je ur\u010den pro 40V DUAL stroje.\u25ba NYN\u00cd SE [&hellip;]","og_url":"https:\/\/www.koupeltech.com\/index.php\/produkt\/zlevneny-powerplus-powdp9064-nabijecka-20v-40v-baterie-40v-li-ion-2-5ah-samsung-8773\/","og_image":[{"width":1000,"height":376,"url":"https:\/\/www.koupeltech.com\/wp-content\/uploads\/2026\/SK0023553-CZ20260425-092328-0-1777080210-4417_1.webp","type":"image\/webp"}],"twitter_card":"summary_large_image","twitter_misc":{"Odhadovan\u00e1 doba \u010dten\u00ed":"1 minuta"},"schema":{"@context":"https:\/\/schema.org","@graph":[{"@type":"WebPage","@id":"https:\/\/www.koupeltech.com\/index.php\/produkt\/zlevneny-powerplus-powdp9064-nabijecka-20v-40v-baterie-40v-li-ion-2-5ah-samsung-8773\/","url":"https:\/\/www.koupeltech.com\/index.php\/produkt\/zlevneny-powerplus-powdp9064-nabijecka-20v-40v-baterie-40v-li-ion-2-5ah-samsung-8773\/","name":"Zlevn\u011bn\u00fd POWERPLUS POWDP9064 Nab\u00edje\u010dka 20V\/40V + Baterie 40V LI-ION 2,5Ah SAMSUNG -","isPartOf":{"@id":"https:\/\/www.koupeltech.com\/#website"},"primaryImageOfPage":{"@id":"https:\/\/www.koupeltech.com\/index.php\/produkt\/zlevneny-powerplus-powdp9064-nabijecka-20v-40v-baterie-40v-li-ion-2-5ah-samsung-8773\/#primaryimage"},"image":{"@id":"https:\/\/www.koupeltech.com\/index.php\/produkt\/zlevneny-powerplus-powdp9064-nabijecka-20v-40v-baterie-40v-li-ion-2-5ah-samsung-8773\/#primaryimage"},"thumbnailUrl":"https:\/\/www.koupeltech.com\/wp-content\/uploads\/2026\/SK0023553-CZ20260425-092328-0-1777080210-4417_1.webp","datePublished":"2026-04-27T13:57:06+00:00","breadcrumb":{"@id":"https:\/\/www.koupeltech.com\/index.php\/produkt\/zlevneny-powerplus-powdp9064-nabijecka-20v-40v-baterie-40v-li-ion-2-5ah-samsung-8773\/#breadcrumb"},"inLanguage":"cs","potentialAction":[{"@type":"ReadAction","target":["https:\/\/www.koupeltech.com\/index.php\/produkt\/zlevneny-powerplus-powdp9064-nabijecka-20v-40v-baterie-40v-li-ion-2-5ah-samsung-8773\/"]}]},{"@type":"ImageObject","inLanguage":"cs","@id":"https:\/\/www.koupeltech.com\/index.php\/produkt\/zlevneny-powerplus-powdp9064-nabijecka-20v-40v-baterie-40v-li-ion-2-5ah-samsung-8773\/#primaryimage","url":"https:\/\/www.koupeltech.com\/wp-content\/uploads\/2026\/SK0023553-CZ20260425-092328-0-1777080210-4417_1.webp","contentUrl":"https:\/\/www.koupeltech.com\/wp-content\/uploads\/2026\/SK0023553-CZ20260425-092328-0-1777080210-4417_1.webp","width":1000,"height":376},{"@type":"BreadcrumbList","@id":"https:\/\/www.koupeltech.com\/index.php\/produkt\/zlevneny-powerplus-powdp9064-nabijecka-20v-40v-baterie-40v-li-ion-2-5ah-samsung-8773\/#breadcrumb","itemListElement":[{"@type":"ListItem","position":1,"name":"Home","item":"https:\/\/www.koupeltech.com\/"},{"@type":"ListItem","position":2,"name":"Products","item":"https:\/\/www.koupeltech.com\/index.php\/products\/"},{"@type":"ListItem","position":3,"name":"Zlevn\u011bn\u00fd POWERPLUS POWDP9064 Nab\u00edje\u010dka 20V\/40V + Baterie 40V LI-ION 2,5Ah SAMSUNG"}]},{"@type":"WebSite","@id":"https:\/\/www.koupeltech.com\/#website","url":"https:\/\/www.koupeltech.com\/","name":"","description":"","potentialAction":[{"@type":"SearchAction","target":{"@type":"EntryPoint","urlTemplate":"https:\/\/www.koupeltech.com\/?s={search_term_string}"},"query-input":{"@type":"PropertyValueSpecification","valueRequired":true,"valueName":"search_term_string"}}],"inLanguage":"cs"}]}},"_links":{"self":[{"href":"https:\/\/www.koupeltech.com\/index.php\/wp-json\/wp\/v2\/product\/8773","targetHints":{"allow":["GET"]}}],"collection":[{"href":"https:\/\/www.koupeltech.com\/index.php\/wp-json\/wp\/v2\/product"}],"about":[{"href":"https:\/\/www.koupeltech.com\/index.php\/wp-json\/wp\/v2\/types\/product"}],"replies":[{"embeddable":true,"href":"https:\/\/www.koupeltech.com\/index.php\/wp-json\/wp\/v2\/comments?post=8773"}],"wp:featuredmedia":[{"embeddable":true,"href":"https:\/\/www.koupeltech.com\/index.php\/wp-json\/wp\/v2\/media\/8873"}],"wp:attachment":[{"href":"https:\/\/www.koupeltech.com\/index.php\/wp-json\/wp\/v2\/media?parent=8773"}],"wp:term":[{"taxonomy":"product_brand","embeddable":true,"href":"https:\/\/www.koupeltech.com\/index.php\/wp-json\/wp\/v2\/product_brand?post=8773"},{"taxonomy":"product_cat","embeddable":true,"href":"https:\/\/www.koupeltech.com\/index.php\/wp-json\/wp\/v2\/product_cat?post=8773"},{"taxonomy":"product_tag","embeddable":true,"href":"https:\/\/www.koupeltech.com\/index.php\/wp-json\/wp\/v2\/product_tag?post=8773"}],"curies":[{"name":"wp","href":"https:\/\/api.w.org\/{rel}","templated":true}]}}