{"id":8899,"date":"2026-04-27T13:57:08","date_gmt":"2026-04-27T13:57:08","guid":{"rendered":""},"modified":"2026-04-27T13:57:08","modified_gmt":"2026-04-27T13:57:08","slug":"aktualni-powerplus-powxg90430-elektricka-tlakova-mycka-3100w-190bar-8899","status":"publish","type":"product","link":"https:\/\/www.koupeltech.com\/produkt\/aktualni-powerplus-powxg90430-elektricka-tlakova-mycka-3100w-190bar-8899\/","title":{"rendered":"Aktu\u00e1ln\u00ed POWERPLUS POWXG90430 Elektrick\u00e1 tlakov\u00e1 my\u010dka 3100W 190bar"},"content":{"rendered":"<table>\n<div class=\"tab-pane active product-description\" id=\"popis\" role=\"tabpanel\">\n<div class=\"short-description\" itemprop=\"description\"><\/div>\n<div class=\"description\"><span class='bullet-line'>Tlakov\u00e1 my\u010dka POWERPLUS POWXG90430 zaru\u010duje \u0161pi\u010dkov\u00e9 v\u00fdkony. <br \/><\/span><span class='bullet-line'>Se sv\u00fdm mimo\u0159\u00e1dn\u011b v\u00fdkonn\u00fdm motorem 3.100 W a pr\u016ftokem 660 litr\u016f vody za hodinu p\u0159i maxim\u00e1ln\u00edm tlaku 190 bar, spl\u0148uje ty nejvy\u0161\u0161\u00ed o\u010dek\u00e1v\u00e1n\u00ed. <br \/><\/span><span class='bullet-line'>10 m dlouh\u00e1 vodn\u00ed hadice a 5 m dlouh\u00fd el. kabel zaji\u0161\u0165uj\u00ed v\u011bt\u0161\u00ed rozsah pohybu. <br \/><\/span><span class='bullet-line'>Masivn\u00ed stroj m\u00e1 sk\u0159\u00ed\u0148 \u010derpadla z hlin\u00edkovu a je vybaven robustn\u00edm r\u00e1mem se dv\u011bma kole\u010dky, co\u017e z n\u011bj d\u011bl\u00e1 snadno p\u0159epravovateln\u00fd stroj navzdory sv\u00e9 hmotnosti. <br \/><\/span><span class='bullet-line'>D\u00edky vysok\u00e9mu v\u00fdkonu je tento tlakov\u00fd \u010disti\u010d ide\u00e1ln\u00ed pro odstra\u0148ov\u00e1n\u00ed odoln\u00fdch ne\u010distot z p\u0159\u00edv\u011bs\u016f nebo gar\u00e1\u017e\u00ed a stabiln\u00edch podlah. <br \/><\/span><span class='bullet-line'>D\u00edky automatick\u00e9mu syst\u00e9mu start-stop b\u011b\u017e\u00ed motor pouze v p\u0159\u00edpad\u011b pot\u0159eby, proto je POWXG90430 nejen v\u00fdkonn\u00fd, ale tak\u00e9 \u00fa\u010dinn\u00fd tlakov\u00fd \u010disti\u010d. <br \/><\/span><span class='bullet-line'>Sou\u010d\u00e1st\u00ed balen\u00ed je st\u0159\u00edkac\u00ed pistole s bezpe\u010dnostn\u00edm z\u00e1mkem, nastavitelnou st\u0159\u00edkac\u00ed tryskou, sadou pro \u010di\u0161t\u011bn\u00ed teras, turbotryskou a \u010dist\u00edc\u00edm kart\u00e1\u010dem.<br \/><\/span><br \/>\u25ba VLASTNOSTI<span class='bullet-line'>Induk\u010dn\u00ed motor<br \/><\/span><span class='bullet-line'>Auto start \/ stop syst\u00e9m<br \/><\/span><span class='bullet-line'>Sk\u0159\u00ed\u0148 \u010derpadla z hlin\u00edku<br \/><\/span><span class='bullet-line'>Robustn\u00ed r\u00e1m pro snadnou manipulaci<br \/><\/span><span class='bullet-line'>P\u0159epravn\u00ed kola pro snadnou manipulaci<br \/><\/span><span class='bullet-line'>M\u011bk\u010den\u00e1 rukoje\u0165<br \/><\/span><span class='bullet-line'>Tryska s \u00fahlem 0\u00b0 (\u010derven\u00e1)<br \/><\/span><span class='bullet-line'>Tryska s \u00fahlem 15\u00b0 (\u017elut\u00e1)<br \/><\/span><span class='bullet-line'>Tryska s \u00fahlem 25\u00b0 (zelen\u00e1)<br \/><\/span><span class='bullet-line'>Tryska s \u00fahlem 40\u00b0 (b\u00edl\u00e1)<br \/><\/span><span class='bullet-line'>Dlouh\u00e1 hadice 10 m<br \/><\/span><br \/>\u25ba BALEN\u00cd OBSAHUJE<span class='bullet-line'>1x tlakov\u00e1 my\u010dka<br \/><\/span><span class='bullet-line'>1x vysokotlak\u00e1 hadice<br \/><\/span><span class='bullet-line'>4x rozpra\u0161ovac\u00ed tryska<br \/><\/span><span class='bullet-line'>1x turbo tryska<br \/><\/span><span class='bullet-line'>1x \u010disti\u010d na terasy<br \/><\/span><span class='bullet-line'>1x \u010dist\u00edc\u00ed kart\u00e1\u010d<br \/><\/span>1x spojka p\u0159\u00edvodu vody<br \/>1x \u010distic\u00ed jehla<\/div>\n<div class=\"parameters\">\n<tr>\n<td>Nap\u011bt\u00ed<\/td>\n<td>220 &#8211; 240V \/ 50Hz<\/td>\n<\/tr>\n<tr>\n<td>P\u0159\u00edkon<\/td>\n<td>3.100 W<\/td>\n<\/tr>\n<tr>\n<td>Max. tlak<\/td>\n<td>190 bar<\/td>\n<\/tr>\n<tr>\n<td>Pr\u016ftok<\/td>\n<td>660 l\/h<\/td>\n<\/tr>\n<tr>\n<td>Max. teplota vody<\/td>\n<td>50 \u00b0C<\/td>\n<\/tr>\n<tr>\n<td>D\u00e9lka hadice<\/td>\n<td>10 m<\/td>\n<\/tr>\n<tr>\n<td>D\u00e9lka el. kabelu<\/td>\n<td>5 m<\/td>\n<\/tr>\n<tr>\n<td>Hmotnost<\/td>\n<td>31 kg<\/td>\n<\/tr><\/div>\n<\/table>\n","protected":false},"excerpt":{"rendered":"<p>Tlakov\u00e1 my\u010dka POWERPLUS POWXG90430 zaru\u010duje \u0161pi\u010dkov\u00e9 v\u00fdkony. Se sv\u00fdm mimo\u0159\u00e1dn\u011b v\u00fdkonn\u00fdm motorem 3.100 W a pr\u016ftokem 660 litr\u016f vody za hodinu p\u0159i maxim\u00e1ln\u00edm tlaku 190 bar, spl\u0148uje ty nejvy\u0161\u0161\u00ed o\u010dek\u00e1v\u00e1n\u00ed. 10 m dlouh\u00e1 vodn\u00ed hadice a 5 m dlouh\u00fd el. kabel zaji\u0161\u0165uj\u00ed v\u011bt\u0161\u00ed rozsah pohybu. Masivn\u00ed stroj m\u00e1 sk\u0159\u00ed\u0148 \u010derpadla z hlin\u00edkovu a je vybaven [&hellip;]<\/p>\n","protected":false},"featured_media":8999,"template":"","meta":[],"product_brand":[],"product_cat":[49],"product_tag":[],"class_list":{"0":"post-8899","1":"product","2":"type-product","3":"status-publish","4":"has-post-thumbnail","6":"product_cat-cistici-technika","8":"first","9":"instock","10":"sale","11":"shipping-taxable","12":"purchasable","13":"product-type-simple"},"yoast_head":"<!-- This site is optimized with the Yoast SEO plugin v26.8 - https:\/\/yoast.com\/product\/yoast-seo-wordpress\/ -->\n<title>Aktu\u00e1ln\u00ed POWERPLUS POWXG90430 Elektrick\u00e1 tlakov\u00e1 my\u010dka 3100W 190bar -<\/title>\n<meta name=\"robots\" content=\"index, follow, max-snippet:-1, max-image-preview:large, max-video-preview:-1\" \/>\n<link rel=\"canonical\" href=\"https:\/\/www.koupeltech.com\/index.php\/produkt\/aktualni-powerplus-powxg90430-elektricka-tlakova-mycka-3100w-190bar-8899\/\" \/>\n<meta property=\"og:locale\" content=\"cs_CZ\" \/>\n<meta property=\"og:type\" content=\"article\" \/>\n<meta property=\"og:title\" content=\"Aktu\u00e1ln\u00ed POWERPLUS POWXG90430 Elektrick\u00e1 tlakov\u00e1 my\u010dka 3100W 190bar -\" \/>\n<meta property=\"og:description\" content=\"Tlakov\u00e1 my\u010dka POWERPLUS POWXG90430 zaru\u010duje \u0161pi\u010dkov\u00e9 v\u00fdkony. Se sv\u00fdm mimo\u0159\u00e1dn\u011b v\u00fdkonn\u00fdm motorem 3.100 W a pr\u016ftokem 660 litr\u016f vody za hodinu p\u0159i maxim\u00e1ln\u00edm tlaku 190 bar, spl\u0148uje ty nejvy\u0161\u0161\u00ed o\u010dek\u00e1v\u00e1n\u00ed. 10 m dlouh\u00e1 vodn\u00ed hadice a 5 m dlouh\u00fd el. kabel zaji\u0161\u0165uj\u00ed v\u011bt\u0161\u00ed rozsah pohybu. Masivn\u00ed stroj m\u00e1 sk\u0159\u00ed\u0148 \u010derpadla z hlin\u00edkovu a je vybaven [&hellip;]\" \/>\n<meta property=\"og:url\" content=\"https:\/\/www.koupeltech.com\/index.php\/produkt\/aktualni-powerplus-powxg90430-elektricka-tlakova-mycka-3100w-190bar-8899\/\" \/>\n<meta property=\"og:image\" content=\"https:\/\/www.koupeltech.com\/wp-content\/uploads\/2026\/SK0023579-CZ20260425-092328-0-1777080210-4111_1.webp\" \/>\n\t<meta property=\"og:image:width\" content=\"575\" \/>\n\t<meta property=\"og:image:height\" content=\"699\" \/>\n\t<meta property=\"og:image:type\" content=\"image\/webp\" \/>\n<meta name=\"twitter:card\" content=\"summary_large_image\" \/>\n<meta name=\"twitter:label1\" content=\"Odhadovan\u00e1 doba \u010dten\u00ed\" \/>\n\t<meta name=\"twitter:data1\" content=\"1 minuta\" \/>\n<script type=\"application\/ld+json\" class=\"yoast-schema-graph\">{\"@context\":\"https:\/\/schema.org\",\"@graph\":[{\"@type\":\"WebPage\",\"@id\":\"https:\/\/www.koupeltech.com\/index.php\/produkt\/aktualni-powerplus-powxg90430-elektricka-tlakova-mycka-3100w-190bar-8899\/\",\"url\":\"https:\/\/www.koupeltech.com\/index.php\/produkt\/aktualni-powerplus-powxg90430-elektricka-tlakova-mycka-3100w-190bar-8899\/\",\"name\":\"Aktu\u00e1ln\u00ed POWERPLUS POWXG90430 Elektrick\u00e1 tlakov\u00e1 my\u010dka 3100W 190bar -\",\"isPartOf\":{\"@id\":\"https:\/\/www.koupeltech.com\/#website\"},\"primaryImageOfPage\":{\"@id\":\"https:\/\/www.koupeltech.com\/index.php\/produkt\/aktualni-powerplus-powxg90430-elektricka-tlakova-mycka-3100w-190bar-8899\/#primaryimage\"},\"image\":{\"@id\":\"https:\/\/www.koupeltech.com\/index.php\/produkt\/aktualni-powerplus-powxg90430-elektricka-tlakova-mycka-3100w-190bar-8899\/#primaryimage\"},\"thumbnailUrl\":\"https:\/\/www.koupeltech.com\/wp-content\/uploads\/2026\/SK0023579-CZ20260425-092328-0-1777080210-4111_1.webp\",\"datePublished\":\"2026-04-27T13:57:08+00:00\",\"breadcrumb\":{\"@id\":\"https:\/\/www.koupeltech.com\/index.php\/produkt\/aktualni-powerplus-powxg90430-elektricka-tlakova-mycka-3100w-190bar-8899\/#breadcrumb\"},\"inLanguage\":\"cs\",\"potentialAction\":[{\"@type\":\"ReadAction\",\"target\":[\"https:\/\/www.koupeltech.com\/index.php\/produkt\/aktualni-powerplus-powxg90430-elektricka-tlakova-mycka-3100w-190bar-8899\/\"]}]},{\"@type\":\"ImageObject\",\"inLanguage\":\"cs\",\"@id\":\"https:\/\/www.koupeltech.com\/index.php\/produkt\/aktualni-powerplus-powxg90430-elektricka-tlakova-mycka-3100w-190bar-8899\/#primaryimage\",\"url\":\"https:\/\/www.koupeltech.com\/wp-content\/uploads\/2026\/SK0023579-CZ20260425-092328-0-1777080210-4111_1.webp\",\"contentUrl\":\"https:\/\/www.koupeltech.com\/wp-content\/uploads\/2026\/SK0023579-CZ20260425-092328-0-1777080210-4111_1.webp\",\"width\":575,\"height\":699},{\"@type\":\"BreadcrumbList\",\"@id\":\"https:\/\/www.koupeltech.com\/index.php\/produkt\/aktualni-powerplus-powxg90430-elektricka-tlakova-mycka-3100w-190bar-8899\/#breadcrumb\",\"itemListElement\":[{\"@type\":\"ListItem\",\"position\":1,\"name\":\"Home\",\"item\":\"https:\/\/www.koupeltech.com\/\"},{\"@type\":\"ListItem\",\"position\":2,\"name\":\"Products\",\"item\":\"https:\/\/www.koupeltech.com\/products\/\"},{\"@type\":\"ListItem\",\"position\":3,\"name\":\"Aktu\u00e1ln\u00ed POWERPLUS POWXG90430 Elektrick\u00e1 tlakov\u00e1 my\u010dka 3100W 190bar\"}]},{\"@type\":\"WebSite\",\"@id\":\"https:\/\/www.koupeltech.com\/#website\",\"url\":\"https:\/\/www.koupeltech.com\/\",\"name\":\"\",\"description\":\"\",\"potentialAction\":[{\"@type\":\"SearchAction\",\"target\":{\"@type\":\"EntryPoint\",\"urlTemplate\":\"https:\/\/www.koupeltech.com\/?s={search_term_string}\"},\"query-input\":{\"@type\":\"PropertyValueSpecification\",\"valueRequired\":true,\"valueName\":\"search_term_string\"}}],\"inLanguage\":\"cs\"}]}<\/script>\n<!-- \/ Yoast SEO plugin. -->","yoast_head_json":{"title":"Aktu\u00e1ln\u00ed POWERPLUS POWXG90430 Elektrick\u00e1 tlakov\u00e1 my\u010dka 3100W 190bar -","robots":{"index":"index","follow":"follow","max-snippet":"max-snippet:-1","max-image-preview":"max-image-preview:large","max-video-preview":"max-video-preview:-1"},"canonical":"https:\/\/www.koupeltech.com\/index.php\/produkt\/aktualni-powerplus-powxg90430-elektricka-tlakova-mycka-3100w-190bar-8899\/","og_locale":"cs_CZ","og_type":"article","og_title":"Aktu\u00e1ln\u00ed POWERPLUS POWXG90430 Elektrick\u00e1 tlakov\u00e1 my\u010dka 3100W 190bar -","og_description":"Tlakov\u00e1 my\u010dka POWERPLUS POWXG90430 zaru\u010duje \u0161pi\u010dkov\u00e9 v\u00fdkony. Se sv\u00fdm mimo\u0159\u00e1dn\u011b v\u00fdkonn\u00fdm motorem 3.100 W a pr\u016ftokem 660 litr\u016f vody za hodinu p\u0159i maxim\u00e1ln\u00edm tlaku 190 bar, spl\u0148uje ty nejvy\u0161\u0161\u00ed o\u010dek\u00e1v\u00e1n\u00ed. 10 m dlouh\u00e1 vodn\u00ed hadice a 5 m dlouh\u00fd el. kabel zaji\u0161\u0165uj\u00ed v\u011bt\u0161\u00ed rozsah pohybu. Masivn\u00ed stroj m\u00e1 sk\u0159\u00ed\u0148 \u010derpadla z hlin\u00edkovu a je vybaven [&hellip;]","og_url":"https:\/\/www.koupeltech.com\/index.php\/produkt\/aktualni-powerplus-powxg90430-elektricka-tlakova-mycka-3100w-190bar-8899\/","og_image":[{"width":575,"height":699,"url":"https:\/\/www.koupeltech.com\/wp-content\/uploads\/2026\/SK0023579-CZ20260425-092328-0-1777080210-4111_1.webp","type":"image\/webp"}],"twitter_card":"summary_large_image","twitter_misc":{"Odhadovan\u00e1 doba \u010dten\u00ed":"1 minuta"},"schema":{"@context":"https:\/\/schema.org","@graph":[{"@type":"WebPage","@id":"https:\/\/www.koupeltech.com\/index.php\/produkt\/aktualni-powerplus-powxg90430-elektricka-tlakova-mycka-3100w-190bar-8899\/","url":"https:\/\/www.koupeltech.com\/index.php\/produkt\/aktualni-powerplus-powxg90430-elektricka-tlakova-mycka-3100w-190bar-8899\/","name":"Aktu\u00e1ln\u00ed POWERPLUS POWXG90430 Elektrick\u00e1 tlakov\u00e1 my\u010dka 3100W 190bar -","isPartOf":{"@id":"https:\/\/www.koupeltech.com\/#website"},"primaryImageOfPage":{"@id":"https:\/\/www.koupeltech.com\/index.php\/produkt\/aktualni-powerplus-powxg90430-elektricka-tlakova-mycka-3100w-190bar-8899\/#primaryimage"},"image":{"@id":"https:\/\/www.koupeltech.com\/index.php\/produkt\/aktualni-powerplus-powxg90430-elektricka-tlakova-mycka-3100w-190bar-8899\/#primaryimage"},"thumbnailUrl":"https:\/\/www.koupeltech.com\/wp-content\/uploads\/2026\/SK0023579-CZ20260425-092328-0-1777080210-4111_1.webp","datePublished":"2026-04-27T13:57:08+00:00","breadcrumb":{"@id":"https:\/\/www.koupeltech.com\/index.php\/produkt\/aktualni-powerplus-powxg90430-elektricka-tlakova-mycka-3100w-190bar-8899\/#breadcrumb"},"inLanguage":"cs","potentialAction":[{"@type":"ReadAction","target":["https:\/\/www.koupeltech.com\/index.php\/produkt\/aktualni-powerplus-powxg90430-elektricka-tlakova-mycka-3100w-190bar-8899\/"]}]},{"@type":"ImageObject","inLanguage":"cs","@id":"https:\/\/www.koupeltech.com\/index.php\/produkt\/aktualni-powerplus-powxg90430-elektricka-tlakova-mycka-3100w-190bar-8899\/#primaryimage","url":"https:\/\/www.koupeltech.com\/wp-content\/uploads\/2026\/SK0023579-CZ20260425-092328-0-1777080210-4111_1.webp","contentUrl":"https:\/\/www.koupeltech.com\/wp-content\/uploads\/2026\/SK0023579-CZ20260425-092328-0-1777080210-4111_1.webp","width":575,"height":699},{"@type":"BreadcrumbList","@id":"https:\/\/www.koupeltech.com\/index.php\/produkt\/aktualni-powerplus-powxg90430-elektricka-tlakova-mycka-3100w-190bar-8899\/#breadcrumb","itemListElement":[{"@type":"ListItem","position":1,"name":"Home","item":"https:\/\/www.koupeltech.com\/"},{"@type":"ListItem","position":2,"name":"Products","item":"https:\/\/www.koupeltech.com\/products\/"},{"@type":"ListItem","position":3,"name":"Aktu\u00e1ln\u00ed POWERPLUS POWXG90430 Elektrick\u00e1 tlakov\u00e1 my\u010dka 3100W 190bar"}]},{"@type":"WebSite","@id":"https:\/\/www.koupeltech.com\/#website","url":"https:\/\/www.koupeltech.com\/","name":"","description":"","potentialAction":[{"@type":"SearchAction","target":{"@type":"EntryPoint","urlTemplate":"https:\/\/www.koupeltech.com\/?s={search_term_string}"},"query-input":{"@type":"PropertyValueSpecification","valueRequired":true,"valueName":"search_term_string"}}],"inLanguage":"cs"}]}},"_links":{"self":[{"href":"https:\/\/www.koupeltech.com\/wp-json\/wp\/v2\/product\/8899","targetHints":{"allow":["GET"]}}],"collection":[{"href":"https:\/\/www.koupeltech.com\/wp-json\/wp\/v2\/product"}],"about":[{"href":"https:\/\/www.koupeltech.com\/wp-json\/wp\/v2\/types\/product"}],"wp:featuredmedia":[{"embeddable":true,"href":"https:\/\/www.koupeltech.com\/wp-json\/wp\/v2\/media\/8999"}],"wp:attachment":[{"href":"https:\/\/www.koupeltech.com\/wp-json\/wp\/v2\/media?parent=8899"}],"wp:term":[{"taxonomy":"product_brand","embeddable":true,"href":"https:\/\/www.koupeltech.com\/wp-json\/wp\/v2\/product_brand?post=8899"},{"taxonomy":"product_cat","embeddable":true,"href":"https:\/\/www.koupeltech.com\/wp-json\/wp\/v2\/product_cat?post=8899"},{"taxonomy":"product_tag","embeddable":true,"href":"https:\/\/www.koupeltech.com\/wp-json\/wp\/v2\/product_tag?post=8899"}],"curies":[{"name":"wp","href":"https:\/\/api.w.org\/{rel}","templated":true}]}}