{"id":9143,"date":"2026-04-27T13:57:10","date_gmt":"2026-04-27T13:57:10","guid":{"rendered":""},"modified":"2026-04-27T13:57:10","modified_gmt":"2026-04-27T13:57:10","slug":"casove-omezene-cersanit-sprchove-dvere-larga-cerne-80x195-prave-cire-sklo-s932-123-9143","status":"publish","type":"product","link":"https:\/\/www.koupeltech.com\/index.php\/produkt\/casove-omezene-cersanit-sprchove-dvere-larga-cerne-80x195-prave-cire-sklo-s932-123-9143\/","title":{"rendered":"\u010casov\u011b Omezen\u00e9 CERSANIT &#8211; Sprchov\u00e9 dve\u0159e LARGA \u010cERN\u00c9 80X195 , prav\u00e9, \u010dir\u00e9 sklo S932-123"},"content":{"rendered":"<div class=\"basic-description\">\n<h3>Detailn\u00ed popis produktu<\/h3>\n<p class=\"\"><strong>Sprchov\u00e9 dve\u0159e LARGA \u010cERN\u00c9 80X195 , prav\u00e9, \u010dir\u00e9 sklo<\/strong> (S932-123)<\/p>\n<ul>\n<li>s\u00edla skla: 6 mm<\/li>\n<li>varianta: prav\u00e1<\/li>\n<li>instalace: do niky nebo s bo\u010dn\u00ed st\u011bnou<\/li>\n<li>barva profil\u016f: \u010dern\u00e1<\/li>\n<li>barva skla: \u010dir\u00e1<\/li>\n<li>povrchov\u00e1 \u00faprava: CleanPro<\/li>\n<li>\u0161\u00ed\u0159ka: 80 cm<\/li>\n<li>v\u00fd\u0161ka: 195 cm<\/li>\n<\/ul>\n<p>Kolekce LARGA nab\u00edz\u00ed mnoho zaj\u00edmav\u00fdch designov\u00fdch \u0159e\u0161en\u00ed. Kabiny jsou vyrobeny z 6mm tvrzen\u00e9ho skla, nav\u00edc zaji\u0161t\u011bn\u00e9 ochrann\u00fdm povlakem CleanPro, kter\u00fd zabra\u0148uje usazov\u00e1n\u00ed vodn\u00edho kamene a ne\u010distot. Zapu\u0161t\u011bn\u00fd z\u00e1v\u011bs s funkc\u00ed zved\u00e1n\u00ed nav\u00edc usnad\u0148uje \u010di\u0161t\u011bn\u00ed kabiny zevnit\u0159. Kabiny z kolekce LARGA jsou dostupn\u00e9 ve dvou nejm\u00f3dn\u011bj\u0161\u00edch barevn\u00fdch variant\u00e1ch \u2013 chrom a \u010dern\u00e1.<\/p>\n<p class=\"\"><strong>Bo\u010dn\u00ed st\u011bna nen\u00ed sou\u010d\u00e1st\u00ed, je mo\u017en\u00e9 doobjednat.<\/strong><\/p>\n<\/p>\n<\/p><\/div>\n<div class=\"extended-description\">\n<h3>Dopl\u0148kov\u00e9 parametry<\/h3>\n<table class=\"detail-parameters\">\n<tbody>\n<tr>\n<th>        <span class=\"row-header-label\">            Kategorie<span class=\"row-header-label-colon\">:<\/span>        <\/span>    <\/th>\n<td>            <\/td>\n<\/tr>\n<tr>\n<th>            <span class=\"row-header-label\">                Z\u00e1ruka<span class=\"row-header-label-colon\">:<\/span>            <\/span>        <\/th>\n<td>            2 roky        <\/td>\n<\/tr>\n<tr>\n<th>            <span class=\"row-header-label\">                Hmotnost<span class=\"row-header-label-colon\">:<\/span>            <\/span>        <\/th>\n<td>            28.9 kg        <\/td>\n<\/tr>\n<tr class=\"productEan\">\n<th>          <span class=\"row-header-label productEan__label\">              EAN<span class=\"row-header-label-colon\">:<\/span>          <\/span>      <\/th>\n<td>          <span class=\"productEan__value\">5901771012467<\/span>      <\/td>\n<\/tr>\n<tr>\n<th>                <span class=\"row-header-label\">                                            Dostupnost<span class=\"row-header-label-colon\">:<\/span>                                    <\/span>            <\/th>\n<td>                                                            Dod\u00e1n\u00ed do 14ti dn\u016f                                                <\/td>\n<\/tr>\n<\/tbody>\n<\/table><\/div>\n<\/p><\/div>\n<\/p><\/div>\n","protected":false},"excerpt":{"rendered":"<p>Detailn\u00ed popis produktu Sprchov\u00e9 dve\u0159e LARGA \u010cERN\u00c9 80X195 , prav\u00e9, \u010dir\u00e9 sklo (S932-123) s\u00edla skla: 6 mm varianta: prav\u00e1 instalace: do niky nebo s bo\u010dn\u00ed st\u011bnou barva profil\u016f: \u010dern\u00e1 barva skla: \u010dir\u00e1 povrchov\u00e1 \u00faprava: CleanPro \u0161\u00ed\u0159ka: 80 cm v\u00fd\u0161ka: 195 cm Kolekce LARGA nab\u00edz\u00ed mnoho zaj\u00edmav\u00fdch designov\u00fdch \u0159e\u0161en\u00ed. Kabiny jsou vyrobeny z 6mm tvrzen\u00e9ho skla, [&hellip;]<\/p>\n","protected":false},"featured_media":9243,"comment_status":"open","ping_status":"open","template":"","meta":[],"product_brand":[],"product_cat":[57],"product_tag":[],"class_list":{"0":"post-9143","1":"product","2":"type-product","3":"status-publish","4":"has-post-thumbnail","6":"product_cat-sprchove-kouty","8":"first","9":"instock","10":"sale","11":"shipping-taxable","12":"purchasable","13":"product-type-simple"},"yoast_head":"<!-- This site is optimized with the Yoast SEO plugin v26.8 - https:\/\/yoast.com\/product\/yoast-seo-wordpress\/ -->\n<title>\u010casov\u011b Omezen\u00e9 CERSANIT - Sprchov\u00e9 dve\u0159e LARGA \u010cERN\u00c9 80X195 , prav\u00e9, \u010dir\u00e9 sklo S932-123 -<\/title>\n<meta name=\"robots\" content=\"index, follow, max-snippet:-1, max-image-preview:large, max-video-preview:-1\" \/>\n<link rel=\"canonical\" href=\"https:\/\/www.koupeltech.com\/index.php\/produkt\/casove-omezene-cersanit-sprchove-dvere-larga-cerne-80x195-prave-cire-sklo-s932-123-9143\/\" \/>\n<meta property=\"og:locale\" content=\"cs_CZ\" \/>\n<meta property=\"og:type\" content=\"article\" \/>\n<meta property=\"og:title\" content=\"\u010casov\u011b Omezen\u00e9 CERSANIT - Sprchov\u00e9 dve\u0159e LARGA \u010cERN\u00c9 80X195 , prav\u00e9, \u010dir\u00e9 sklo S932-123 -\" \/>\n<meta property=\"og:description\" content=\"Detailn\u00ed popis produktu Sprchov\u00e9 dve\u0159e LARGA \u010cERN\u00c9 80X195 , prav\u00e9, \u010dir\u00e9 sklo (S932-123) s\u00edla skla: 6 mm varianta: prav\u00e1 instalace: do niky nebo s bo\u010dn\u00ed st\u011bnou barva profil\u016f: \u010dern\u00e1 barva skla: \u010dir\u00e1 povrchov\u00e1 \u00faprava: CleanPro \u0161\u00ed\u0159ka: 80 cm v\u00fd\u0161ka: 195 cm Kolekce LARGA nab\u00edz\u00ed mnoho zaj\u00edmav\u00fdch designov\u00fdch \u0159e\u0161en\u00ed. Kabiny jsou vyrobeny z 6mm tvrzen\u00e9ho skla, [&hellip;]\" \/>\n<meta property=\"og:url\" content=\"https:\/\/www.koupeltech.com\/index.php\/produkt\/casove-omezene-cersanit-sprchove-dvere-larga-cerne-80x195-prave-cire-sklo-s932-123-9143\/\" \/>\n<meta property=\"og:image\" content=\"https:\/\/www.koupeltech.com\/wp-content\/uploads\/2026\/SK0023607-CZ20260425-092556-0-1777080363-1770709_cersanit-sprchove-dvere-larga-cerne-80x195-prave--c.webp\" \/>\n\t<meta property=\"og:image:width\" content=\"1000\" \/>\n\t<meta property=\"og:image:height\" content=\"750\" \/>\n\t<meta property=\"og:image:type\" content=\"image\/webp\" \/>\n<meta name=\"twitter:card\" content=\"summary_large_image\" \/>\n<meta name=\"twitter:label1\" content=\"Odhadovan\u00e1 doba \u010dten\u00ed\" \/>\n\t<meta name=\"twitter:data1\" content=\"1 minuta\" \/>\n<script type=\"application\/ld+json\" class=\"yoast-schema-graph\">{\"@context\":\"https:\/\/schema.org\",\"@graph\":[{\"@type\":\"WebPage\",\"@id\":\"https:\/\/www.koupeltech.com\/index.php\/produkt\/casove-omezene-cersanit-sprchove-dvere-larga-cerne-80x195-prave-cire-sklo-s932-123-9143\/\",\"url\":\"https:\/\/www.koupeltech.com\/index.php\/produkt\/casove-omezene-cersanit-sprchove-dvere-larga-cerne-80x195-prave-cire-sklo-s932-123-9143\/\",\"name\":\"\u010casov\u011b Omezen\u00e9 CERSANIT - Sprchov\u00e9 dve\u0159e LARGA \u010cERN\u00c9 80X195 , prav\u00e9, \u010dir\u00e9 sklo S932-123 -\",\"isPartOf\":{\"@id\":\"https:\/\/www.koupeltech.com\/#website\"},\"primaryImageOfPage\":{\"@id\":\"https:\/\/www.koupeltech.com\/index.php\/produkt\/casove-omezene-cersanit-sprchove-dvere-larga-cerne-80x195-prave-cire-sklo-s932-123-9143\/#primaryimage\"},\"image\":{\"@id\":\"https:\/\/www.koupeltech.com\/index.php\/produkt\/casove-omezene-cersanit-sprchove-dvere-larga-cerne-80x195-prave-cire-sklo-s932-123-9143\/#primaryimage\"},\"thumbnailUrl\":\"https:\/\/www.koupeltech.com\/wp-content\/uploads\/2026\/SK0023607-CZ20260425-092556-0-1777080363-1770709_cersanit-sprchove-dvere-larga-cerne-80x195-prave--c.webp\",\"datePublished\":\"2026-04-27T13:57:10+00:00\",\"breadcrumb\":{\"@id\":\"https:\/\/www.koupeltech.com\/index.php\/produkt\/casove-omezene-cersanit-sprchove-dvere-larga-cerne-80x195-prave-cire-sklo-s932-123-9143\/#breadcrumb\"},\"inLanguage\":\"cs\",\"potentialAction\":[{\"@type\":\"ReadAction\",\"target\":[\"https:\/\/www.koupeltech.com\/index.php\/produkt\/casove-omezene-cersanit-sprchove-dvere-larga-cerne-80x195-prave-cire-sklo-s932-123-9143\/\"]}]},{\"@type\":\"ImageObject\",\"inLanguage\":\"cs\",\"@id\":\"https:\/\/www.koupeltech.com\/index.php\/produkt\/casove-omezene-cersanit-sprchove-dvere-larga-cerne-80x195-prave-cire-sklo-s932-123-9143\/#primaryimage\",\"url\":\"https:\/\/www.koupeltech.com\/wp-content\/uploads\/2026\/SK0023607-CZ20260425-092556-0-1777080363-1770709_cersanit-sprchove-dvere-larga-cerne-80x195-prave--c.webp\",\"contentUrl\":\"https:\/\/www.koupeltech.com\/wp-content\/uploads\/2026\/SK0023607-CZ20260425-092556-0-1777080363-1770709_cersanit-sprchove-dvere-larga-cerne-80x195-prave--c.webp\",\"width\":1000,\"height\":750},{\"@type\":\"BreadcrumbList\",\"@id\":\"https:\/\/www.koupeltech.com\/index.php\/produkt\/casove-omezene-cersanit-sprchove-dvere-larga-cerne-80x195-prave-cire-sklo-s932-123-9143\/#breadcrumb\",\"itemListElement\":[{\"@type\":\"ListItem\",\"position\":1,\"name\":\"Home\",\"item\":\"https:\/\/www.koupeltech.com\/\"},{\"@type\":\"ListItem\",\"position\":2,\"name\":\"Products\",\"item\":\"https:\/\/www.koupeltech.com\/index.php\/products\/\"},{\"@type\":\"ListItem\",\"position\":3,\"name\":\"\u010casov\u011b Omezen\u00e9 CERSANIT &#8211; Sprchov\u00e9 dve\u0159e LARGA \u010cERN\u00c9 80X195 , prav\u00e9, \u010dir\u00e9 sklo S932-123\"}]},{\"@type\":\"WebSite\",\"@id\":\"https:\/\/www.koupeltech.com\/#website\",\"url\":\"https:\/\/www.koupeltech.com\/\",\"name\":\"\",\"description\":\"\",\"potentialAction\":[{\"@type\":\"SearchAction\",\"target\":{\"@type\":\"EntryPoint\",\"urlTemplate\":\"https:\/\/www.koupeltech.com\/?s={search_term_string}\"},\"query-input\":{\"@type\":\"PropertyValueSpecification\",\"valueRequired\":true,\"valueName\":\"search_term_string\"}}],\"inLanguage\":\"cs\"}]}<\/script>\n<!-- \/ Yoast SEO plugin. -->","yoast_head_json":{"title":"\u010casov\u011b Omezen\u00e9 CERSANIT - Sprchov\u00e9 dve\u0159e LARGA \u010cERN\u00c9 80X195 , prav\u00e9, \u010dir\u00e9 sklo S932-123 -","robots":{"index":"index","follow":"follow","max-snippet":"max-snippet:-1","max-image-preview":"max-image-preview:large","max-video-preview":"max-video-preview:-1"},"canonical":"https:\/\/www.koupeltech.com\/index.php\/produkt\/casove-omezene-cersanit-sprchove-dvere-larga-cerne-80x195-prave-cire-sklo-s932-123-9143\/","og_locale":"cs_CZ","og_type":"article","og_title":"\u010casov\u011b Omezen\u00e9 CERSANIT - Sprchov\u00e9 dve\u0159e LARGA \u010cERN\u00c9 80X195 , prav\u00e9, \u010dir\u00e9 sklo S932-123 -","og_description":"Detailn\u00ed popis produktu Sprchov\u00e9 dve\u0159e LARGA \u010cERN\u00c9 80X195 , prav\u00e9, \u010dir\u00e9 sklo (S932-123) s\u00edla skla: 6 mm varianta: prav\u00e1 instalace: do niky nebo s bo\u010dn\u00ed st\u011bnou barva profil\u016f: \u010dern\u00e1 barva skla: \u010dir\u00e1 povrchov\u00e1 \u00faprava: CleanPro \u0161\u00ed\u0159ka: 80 cm v\u00fd\u0161ka: 195 cm Kolekce LARGA nab\u00edz\u00ed mnoho zaj\u00edmav\u00fdch designov\u00fdch \u0159e\u0161en\u00ed. Kabiny jsou vyrobeny z 6mm tvrzen\u00e9ho skla, [&hellip;]","og_url":"https:\/\/www.koupeltech.com\/index.php\/produkt\/casove-omezene-cersanit-sprchove-dvere-larga-cerne-80x195-prave-cire-sklo-s932-123-9143\/","og_image":[{"width":1000,"height":750,"url":"https:\/\/www.koupeltech.com\/wp-content\/uploads\/2026\/SK0023607-CZ20260425-092556-0-1777080363-1770709_cersanit-sprchove-dvere-larga-cerne-80x195-prave--c.webp","type":"image\/webp"}],"twitter_card":"summary_large_image","twitter_misc":{"Odhadovan\u00e1 doba \u010dten\u00ed":"1 minuta"},"schema":{"@context":"https:\/\/schema.org","@graph":[{"@type":"WebPage","@id":"https:\/\/www.koupeltech.com\/index.php\/produkt\/casove-omezene-cersanit-sprchove-dvere-larga-cerne-80x195-prave-cire-sklo-s932-123-9143\/","url":"https:\/\/www.koupeltech.com\/index.php\/produkt\/casove-omezene-cersanit-sprchove-dvere-larga-cerne-80x195-prave-cire-sklo-s932-123-9143\/","name":"\u010casov\u011b Omezen\u00e9 CERSANIT - Sprchov\u00e9 dve\u0159e LARGA \u010cERN\u00c9 80X195 , prav\u00e9, \u010dir\u00e9 sklo S932-123 -","isPartOf":{"@id":"https:\/\/www.koupeltech.com\/#website"},"primaryImageOfPage":{"@id":"https:\/\/www.koupeltech.com\/index.php\/produkt\/casove-omezene-cersanit-sprchove-dvere-larga-cerne-80x195-prave-cire-sklo-s932-123-9143\/#primaryimage"},"image":{"@id":"https:\/\/www.koupeltech.com\/index.php\/produkt\/casove-omezene-cersanit-sprchove-dvere-larga-cerne-80x195-prave-cire-sklo-s932-123-9143\/#primaryimage"},"thumbnailUrl":"https:\/\/www.koupeltech.com\/wp-content\/uploads\/2026\/SK0023607-CZ20260425-092556-0-1777080363-1770709_cersanit-sprchove-dvere-larga-cerne-80x195-prave--c.webp","datePublished":"2026-04-27T13:57:10+00:00","breadcrumb":{"@id":"https:\/\/www.koupeltech.com\/index.php\/produkt\/casove-omezene-cersanit-sprchove-dvere-larga-cerne-80x195-prave-cire-sklo-s932-123-9143\/#breadcrumb"},"inLanguage":"cs","potentialAction":[{"@type":"ReadAction","target":["https:\/\/www.koupeltech.com\/index.php\/produkt\/casove-omezene-cersanit-sprchove-dvere-larga-cerne-80x195-prave-cire-sklo-s932-123-9143\/"]}]},{"@type":"ImageObject","inLanguage":"cs","@id":"https:\/\/www.koupeltech.com\/index.php\/produkt\/casove-omezene-cersanit-sprchove-dvere-larga-cerne-80x195-prave-cire-sklo-s932-123-9143\/#primaryimage","url":"https:\/\/www.koupeltech.com\/wp-content\/uploads\/2026\/SK0023607-CZ20260425-092556-0-1777080363-1770709_cersanit-sprchove-dvere-larga-cerne-80x195-prave--c.webp","contentUrl":"https:\/\/www.koupeltech.com\/wp-content\/uploads\/2026\/SK0023607-CZ20260425-092556-0-1777080363-1770709_cersanit-sprchove-dvere-larga-cerne-80x195-prave--c.webp","width":1000,"height":750},{"@type":"BreadcrumbList","@id":"https:\/\/www.koupeltech.com\/index.php\/produkt\/casove-omezene-cersanit-sprchove-dvere-larga-cerne-80x195-prave-cire-sklo-s932-123-9143\/#breadcrumb","itemListElement":[{"@type":"ListItem","position":1,"name":"Home","item":"https:\/\/www.koupeltech.com\/"},{"@type":"ListItem","position":2,"name":"Products","item":"https:\/\/www.koupeltech.com\/index.php\/products\/"},{"@type":"ListItem","position":3,"name":"\u010casov\u011b Omezen\u00e9 CERSANIT &#8211; Sprchov\u00e9 dve\u0159e LARGA \u010cERN\u00c9 80X195 , prav\u00e9, \u010dir\u00e9 sklo S932-123"}]},{"@type":"WebSite","@id":"https:\/\/www.koupeltech.com\/#website","url":"https:\/\/www.koupeltech.com\/","name":"","description":"","potentialAction":[{"@type":"SearchAction","target":{"@type":"EntryPoint","urlTemplate":"https:\/\/www.koupeltech.com\/?s={search_term_string}"},"query-input":{"@type":"PropertyValueSpecification","valueRequired":true,"valueName":"search_term_string"}}],"inLanguage":"cs"}]}},"_links":{"self":[{"href":"https:\/\/www.koupeltech.com\/index.php\/wp-json\/wp\/v2\/product\/9143","targetHints":{"allow":["GET"]}}],"collection":[{"href":"https:\/\/www.koupeltech.com\/index.php\/wp-json\/wp\/v2\/product"}],"about":[{"href":"https:\/\/www.koupeltech.com\/index.php\/wp-json\/wp\/v2\/types\/product"}],"replies":[{"embeddable":true,"href":"https:\/\/www.koupeltech.com\/index.php\/wp-json\/wp\/v2\/comments?post=9143"}],"wp:featuredmedia":[{"embeddable":true,"href":"https:\/\/www.koupeltech.com\/index.php\/wp-json\/wp\/v2\/media\/9243"}],"wp:attachment":[{"href":"https:\/\/www.koupeltech.com\/index.php\/wp-json\/wp\/v2\/media?parent=9143"}],"wp:term":[{"taxonomy":"product_brand","embeddable":true,"href":"https:\/\/www.koupeltech.com\/index.php\/wp-json\/wp\/v2\/product_brand?post=9143"},{"taxonomy":"product_cat","embeddable":true,"href":"https:\/\/www.koupeltech.com\/index.php\/wp-json\/wp\/v2\/product_cat?post=9143"},{"taxonomy":"product_tag","embeddable":true,"href":"https:\/\/www.koupeltech.com\/index.php\/wp-json\/wp\/v2\/product_tag?post=9143"}],"curies":[{"name":"wp","href":"https:\/\/api.w.org\/{rel}","templated":true}]}}