{"id":9145,"date":"2026-04-27T13:57:10","date_gmt":"2026-04-27T13:57:10","guid":{"rendered":""},"modified":"2026-04-27T13:57:10","modified_gmt":"2026-04-27T13:57:10","slug":"deante-zorba-sandy-granitovy-drez-2-bowl-zqz-7203-nejprodavanejsi-9145","status":"publish","type":"product","link":"https:\/\/www.koupeltech.com\/index.php\/produkt\/deante-zorba-sandy-granitovy-drez-2-bowl-zqz-7203-nejprodavanejsi-9145\/","title":{"rendered":"DEANTE &#8211; Zorba sandy &#8211; Granitov\u00fd d\u0159ez, 2 &#8211; bowl ZQZ_7203 Nejprod\u00e1van\u011bj\u0161\u00ed"},"content":{"rendered":"<div class=\"basic-description\">\n<h3>Detailn\u00ed popis produktu<\/h3>\n<p>                                    Granitov\u00fd d\u0159ez Deante je vyroben z nejkvalitn\u011bj\u0161\u00edho p\u0159\u00edrodn\u00edho granitov\u00e9ho kompozitu. Existuje d\u016fvod, pro\u010d m\u00e1 18letou z\u00e1ruku v\u00fdrobce. Vyzna\u010duje se odolnost\u00ed proti n\u00e1razu, vysok\u00e9 teplot\u011b a n\u00e1hl\u00fdm zm\u011bn\u00e1m, v souladu s evropskou normou PN-EN 13310. Estetick\u00fd povrch nebledne a neztr\u00e1c\u00ed lesk. Dokonale se hod\u00ed k d\u0159ev\u011bn\u00fdm a kamenn\u00fdm desk\u00e1m. Klasick\u00fd 2-miskov\u00fd d\u0159ez je standardn\u00edm modelem pro v\u011bt\u0161inu kuchyn\u00ed. D\u00e1v\u00e1 \u0161irok\u00e9 mo\u017enosti z hlediska myt\u00ed a oplachov\u00e1n\u00ed n\u00e1dob\u00ed, ale tak\u00e9 ovoce, zeleniny nebo rozmrazov\u00e1n\u00ed potravin.<\/p>\n<ul>\n<li> Vlastnosti \u017euly Deante: odolnost proti n\u00e1razu, vysok\u00e9 teplot\u011b, zm\u011bn\u011b barvy, tepeln\u00e9mu \u0161oku<\/li>\n<li> Nejdel\u0161\u00ed z\u00e1ruka 18 let<\/li>\n<li> D\u0159ez je vybaven p\u0159\u00edslu\u0161enstv\u00edm s p\u0159ipojen\u00edm na my\u010dku<\/li>\n<li> Kov\u00e1n\u00ed s automatick\u00fdm uz\u00e1v\u011brem odtoku<\/li>\n<li> Hydrofobn\u00ed vlastnosti odpuzuj\u00ed molekuly vody<\/li>\n<li> Nab\u00eddka zahrnuje speci\u00e1ln\u00ed bezpe\u010dn\u00fd prost\u0159edek na \u010di\u0161t\u011bn\u00e9 povrchy<\/li>\n<li> Prostorov\u011b \u00fasporn\u00fd sifon pro usnadn\u011bn\u00ed nap\u0159. t\u0159\u00edd\u011bn\u00ed odpadu<\/li>\n<\/ul><\/div>\n<div class=\"extended-description\">\n<h3>Dopl\u0148kov\u00e9 parametry<\/h3>\n<table class=\"detail-parameters\">\n<tbody>\n<tr>\n<th>        <span class=\"row-header-label\">            Kategorie<span class=\"row-header-label-colon\">:<\/span>        <\/span>    <\/th>\n<td>            <\/td>\n<\/tr>\n<tr>\n<th>            <span class=\"row-header-label\">                Z\u00e1ruka<span class=\"row-header-label-colon\">:<\/span>            <\/span>        <\/th>\n<td>            2 roky        <\/td>\n<\/tr>\n<tr>\n<th>            <span class=\"row-header-label\">                Hmotnost<span class=\"row-header-label-colon\">:<\/span>            <\/span>        <\/th>\n<td>            15 kg        <\/td>\n<\/tr>\n<tr class=\"productEan\">\n<th>          <span class=\"row-header-label productEan__label\">              EAN<span class=\"row-header-label-colon\">:<\/span>          <\/span>      <\/th>\n<td>          <span class=\"productEan__value\">5907650851806<\/span>      <\/td>\n<\/tr>\n<tr>\n<th>                <span class=\"row-header-label\">                                            Dostupnost<span class=\"row-header-label-colon\">:<\/span>                                    <\/span>            <\/th>\n<td>                                                            Dod\u00e1n\u00ed do 14ti dn\u016f                                                <\/td>\n<\/tr>\n<\/tbody>\n<\/table><\/div>\n<\/p><\/div>\n<\/p><\/div>\n","protected":false},"excerpt":{"rendered":"<p>Detailn\u00ed popis produktu Granitov\u00fd d\u0159ez Deante je vyroben z nejkvalitn\u011bj\u0161\u00edho p\u0159\u00edrodn\u00edho granitov\u00e9ho kompozitu. Existuje d\u016fvod, pro\u010d m\u00e1 18letou z\u00e1ruku v\u00fdrobce. Vyzna\u010duje se odolnost\u00ed proti n\u00e1razu, vysok\u00e9 teplot\u011b a n\u00e1hl\u00fdm zm\u011bn\u00e1m, v souladu s evropskou normou PN-EN 13310. Estetick\u00fd povrch nebledne a neztr\u00e1c\u00ed lesk. Dokonale se hod\u00ed k d\u0159ev\u011bn\u00fdm a kamenn\u00fdm desk\u00e1m. Klasick\u00fd 2-miskov\u00fd d\u0159ez je [&hellip;]<\/p>\n","protected":false},"featured_media":9245,"comment_status":"open","ping_status":"open","template":"","meta":[],"product_brand":[],"product_cat":[62],"product_tag":[],"class_list":{"0":"post-9145","1":"product","2":"type-product","3":"status-publish","4":"has-post-thumbnail","6":"product_cat-kuchynske-drezy","8":"first","9":"instock","10":"sale","11":"shipping-taxable","12":"purchasable","13":"product-type-simple"},"yoast_head":"<!-- This site is optimized with the Yoast SEO plugin v26.8 - https:\/\/yoast.com\/product\/yoast-seo-wordpress\/ -->\n<title>DEANTE - Zorba sandy - Granitov\u00fd d\u0159ez, 2 - bowl ZQZ_7203 Nejprod\u00e1van\u011bj\u0161\u00ed -<\/title>\n<meta name=\"robots\" content=\"index, follow, max-snippet:-1, max-image-preview:large, max-video-preview:-1\" \/>\n<link rel=\"canonical\" href=\"https:\/\/www.koupeltech.com\/index.php\/produkt\/deante-zorba-sandy-granitovy-drez-2-bowl-zqz-7203-nejprodavanejsi-9145\/\" \/>\n<meta property=\"og:locale\" content=\"cs_CZ\" \/>\n<meta property=\"og:type\" content=\"article\" \/>\n<meta property=\"og:title\" content=\"DEANTE - Zorba sandy - Granitov\u00fd d\u0159ez, 2 - bowl ZQZ_7203 Nejprod\u00e1van\u011bj\u0161\u00ed -\" \/>\n<meta property=\"og:description\" content=\"Detailn\u00ed popis produktu Granitov\u00fd d\u0159ez Deante je vyroben z nejkvalitn\u011bj\u0161\u00edho p\u0159\u00edrodn\u00edho granitov\u00e9ho kompozitu. Existuje d\u016fvod, pro\u010d m\u00e1 18letou z\u00e1ruku v\u00fdrobce. Vyzna\u010duje se odolnost\u00ed proti n\u00e1razu, vysok\u00e9 teplot\u011b a n\u00e1hl\u00fdm zm\u011bn\u00e1m, v souladu s evropskou normou PN-EN 13310. Estetick\u00fd povrch nebledne a neztr\u00e1c\u00ed lesk. Dokonale se hod\u00ed k d\u0159ev\u011bn\u00fdm a kamenn\u00fdm desk\u00e1m. Klasick\u00fd 2-miskov\u00fd d\u0159ez je [&hellip;]\" \/>\n<meta property=\"og:url\" content=\"https:\/\/www.koupeltech.com\/index.php\/produkt\/deante-zorba-sandy-granitovy-drez-2-bowl-zqz-7203-nejprodavanejsi-9145\/\" \/>\n<meta property=\"og:image\" content=\"https:\/\/www.koupeltech.com\/wp-content\/uploads\/2026\/SK0023609-CZ20260425-092556-0-1777080363-1771450_deante-zorba-sandy-granitovy-drez--2-bowl-zqz_7203..webp\" \/>\n\t<meta property=\"og:image:width\" content=\"1000\" \/>\n\t<meta property=\"og:image:height\" content=\"750\" \/>\n\t<meta property=\"og:image:type\" content=\"image\/webp\" \/>\n<meta name=\"twitter:card\" content=\"summary_large_image\" \/>\n<meta name=\"twitter:label1\" content=\"Odhadovan\u00e1 doba \u010dten\u00ed\" \/>\n\t<meta name=\"twitter:data1\" content=\"1 minuta\" \/>\n<script type=\"application\/ld+json\" class=\"yoast-schema-graph\">{\"@context\":\"https:\/\/schema.org\",\"@graph\":[{\"@type\":\"WebPage\",\"@id\":\"https:\/\/www.koupeltech.com\/index.php\/produkt\/deante-zorba-sandy-granitovy-drez-2-bowl-zqz-7203-nejprodavanejsi-9145\/\",\"url\":\"https:\/\/www.koupeltech.com\/index.php\/produkt\/deante-zorba-sandy-granitovy-drez-2-bowl-zqz-7203-nejprodavanejsi-9145\/\",\"name\":\"DEANTE - Zorba sandy - Granitov\u00fd d\u0159ez, 2 - bowl ZQZ_7203 Nejprod\u00e1van\u011bj\u0161\u00ed -\",\"isPartOf\":{\"@id\":\"https:\/\/www.koupeltech.com\/#website\"},\"primaryImageOfPage\":{\"@id\":\"https:\/\/www.koupeltech.com\/index.php\/produkt\/deante-zorba-sandy-granitovy-drez-2-bowl-zqz-7203-nejprodavanejsi-9145\/#primaryimage\"},\"image\":{\"@id\":\"https:\/\/www.koupeltech.com\/index.php\/produkt\/deante-zorba-sandy-granitovy-drez-2-bowl-zqz-7203-nejprodavanejsi-9145\/#primaryimage\"},\"thumbnailUrl\":\"https:\/\/www.koupeltech.com\/wp-content\/uploads\/2026\/SK0023609-CZ20260425-092556-0-1777080363-1771450_deante-zorba-sandy-granitovy-drez--2-bowl-zqz_7203..webp\",\"datePublished\":\"2026-04-27T13:57:10+00:00\",\"breadcrumb\":{\"@id\":\"https:\/\/www.koupeltech.com\/index.php\/produkt\/deante-zorba-sandy-granitovy-drez-2-bowl-zqz-7203-nejprodavanejsi-9145\/#breadcrumb\"},\"inLanguage\":\"cs\",\"potentialAction\":[{\"@type\":\"ReadAction\",\"target\":[\"https:\/\/www.koupeltech.com\/index.php\/produkt\/deante-zorba-sandy-granitovy-drez-2-bowl-zqz-7203-nejprodavanejsi-9145\/\"]}]},{\"@type\":\"ImageObject\",\"inLanguage\":\"cs\",\"@id\":\"https:\/\/www.koupeltech.com\/index.php\/produkt\/deante-zorba-sandy-granitovy-drez-2-bowl-zqz-7203-nejprodavanejsi-9145\/#primaryimage\",\"url\":\"https:\/\/www.koupeltech.com\/wp-content\/uploads\/2026\/SK0023609-CZ20260425-092556-0-1777080363-1771450_deante-zorba-sandy-granitovy-drez--2-bowl-zqz_7203..webp\",\"contentUrl\":\"https:\/\/www.koupeltech.com\/wp-content\/uploads\/2026\/SK0023609-CZ20260425-092556-0-1777080363-1771450_deante-zorba-sandy-granitovy-drez--2-bowl-zqz_7203..webp\",\"width\":1000,\"height\":750},{\"@type\":\"BreadcrumbList\",\"@id\":\"https:\/\/www.koupeltech.com\/index.php\/produkt\/deante-zorba-sandy-granitovy-drez-2-bowl-zqz-7203-nejprodavanejsi-9145\/#breadcrumb\",\"itemListElement\":[{\"@type\":\"ListItem\",\"position\":1,\"name\":\"Home\",\"item\":\"https:\/\/www.koupeltech.com\/\"},{\"@type\":\"ListItem\",\"position\":2,\"name\":\"Products\",\"item\":\"https:\/\/www.koupeltech.com\/index.php\/products\/\"},{\"@type\":\"ListItem\",\"position\":3,\"name\":\"DEANTE &#8211; Zorba sandy &#8211; Granitov\u00fd d\u0159ez, 2 &#8211; bowl ZQZ_7203 Nejprod\u00e1van\u011bj\u0161\u00ed\"}]},{\"@type\":\"WebSite\",\"@id\":\"https:\/\/www.koupeltech.com\/#website\",\"url\":\"https:\/\/www.koupeltech.com\/\",\"name\":\"\",\"description\":\"\",\"potentialAction\":[{\"@type\":\"SearchAction\",\"target\":{\"@type\":\"EntryPoint\",\"urlTemplate\":\"https:\/\/www.koupeltech.com\/?s={search_term_string}\"},\"query-input\":{\"@type\":\"PropertyValueSpecification\",\"valueRequired\":true,\"valueName\":\"search_term_string\"}}],\"inLanguage\":\"cs\"}]}<\/script>\n<!-- \/ Yoast SEO plugin. -->","yoast_head_json":{"title":"DEANTE - Zorba sandy - Granitov\u00fd d\u0159ez, 2 - bowl ZQZ_7203 Nejprod\u00e1van\u011bj\u0161\u00ed -","robots":{"index":"index","follow":"follow","max-snippet":"max-snippet:-1","max-image-preview":"max-image-preview:large","max-video-preview":"max-video-preview:-1"},"canonical":"https:\/\/www.koupeltech.com\/index.php\/produkt\/deante-zorba-sandy-granitovy-drez-2-bowl-zqz-7203-nejprodavanejsi-9145\/","og_locale":"cs_CZ","og_type":"article","og_title":"DEANTE - Zorba sandy - Granitov\u00fd d\u0159ez, 2 - bowl ZQZ_7203 Nejprod\u00e1van\u011bj\u0161\u00ed -","og_description":"Detailn\u00ed popis produktu Granitov\u00fd d\u0159ez Deante je vyroben z nejkvalitn\u011bj\u0161\u00edho p\u0159\u00edrodn\u00edho granitov\u00e9ho kompozitu. Existuje d\u016fvod, pro\u010d m\u00e1 18letou z\u00e1ruku v\u00fdrobce. Vyzna\u010duje se odolnost\u00ed proti n\u00e1razu, vysok\u00e9 teplot\u011b a n\u00e1hl\u00fdm zm\u011bn\u00e1m, v souladu s evropskou normou PN-EN 13310. Estetick\u00fd povrch nebledne a neztr\u00e1c\u00ed lesk. Dokonale se hod\u00ed k d\u0159ev\u011bn\u00fdm a kamenn\u00fdm desk\u00e1m. Klasick\u00fd 2-miskov\u00fd d\u0159ez je [&hellip;]","og_url":"https:\/\/www.koupeltech.com\/index.php\/produkt\/deante-zorba-sandy-granitovy-drez-2-bowl-zqz-7203-nejprodavanejsi-9145\/","og_image":[{"width":1000,"height":750,"url":"https:\/\/www.koupeltech.com\/wp-content\/uploads\/2026\/SK0023609-CZ20260425-092556-0-1777080363-1771450_deante-zorba-sandy-granitovy-drez--2-bowl-zqz_7203..webp","type":"image\/webp"}],"twitter_card":"summary_large_image","twitter_misc":{"Odhadovan\u00e1 doba \u010dten\u00ed":"1 minuta"},"schema":{"@context":"https:\/\/schema.org","@graph":[{"@type":"WebPage","@id":"https:\/\/www.koupeltech.com\/index.php\/produkt\/deante-zorba-sandy-granitovy-drez-2-bowl-zqz-7203-nejprodavanejsi-9145\/","url":"https:\/\/www.koupeltech.com\/index.php\/produkt\/deante-zorba-sandy-granitovy-drez-2-bowl-zqz-7203-nejprodavanejsi-9145\/","name":"DEANTE - Zorba sandy - Granitov\u00fd d\u0159ez, 2 - bowl ZQZ_7203 Nejprod\u00e1van\u011bj\u0161\u00ed -","isPartOf":{"@id":"https:\/\/www.koupeltech.com\/#website"},"primaryImageOfPage":{"@id":"https:\/\/www.koupeltech.com\/index.php\/produkt\/deante-zorba-sandy-granitovy-drez-2-bowl-zqz-7203-nejprodavanejsi-9145\/#primaryimage"},"image":{"@id":"https:\/\/www.koupeltech.com\/index.php\/produkt\/deante-zorba-sandy-granitovy-drez-2-bowl-zqz-7203-nejprodavanejsi-9145\/#primaryimage"},"thumbnailUrl":"https:\/\/www.koupeltech.com\/wp-content\/uploads\/2026\/SK0023609-CZ20260425-092556-0-1777080363-1771450_deante-zorba-sandy-granitovy-drez--2-bowl-zqz_7203..webp","datePublished":"2026-04-27T13:57:10+00:00","breadcrumb":{"@id":"https:\/\/www.koupeltech.com\/index.php\/produkt\/deante-zorba-sandy-granitovy-drez-2-bowl-zqz-7203-nejprodavanejsi-9145\/#breadcrumb"},"inLanguage":"cs","potentialAction":[{"@type":"ReadAction","target":["https:\/\/www.koupeltech.com\/index.php\/produkt\/deante-zorba-sandy-granitovy-drez-2-bowl-zqz-7203-nejprodavanejsi-9145\/"]}]},{"@type":"ImageObject","inLanguage":"cs","@id":"https:\/\/www.koupeltech.com\/index.php\/produkt\/deante-zorba-sandy-granitovy-drez-2-bowl-zqz-7203-nejprodavanejsi-9145\/#primaryimage","url":"https:\/\/www.koupeltech.com\/wp-content\/uploads\/2026\/SK0023609-CZ20260425-092556-0-1777080363-1771450_deante-zorba-sandy-granitovy-drez--2-bowl-zqz_7203..webp","contentUrl":"https:\/\/www.koupeltech.com\/wp-content\/uploads\/2026\/SK0023609-CZ20260425-092556-0-1777080363-1771450_deante-zorba-sandy-granitovy-drez--2-bowl-zqz_7203..webp","width":1000,"height":750},{"@type":"BreadcrumbList","@id":"https:\/\/www.koupeltech.com\/index.php\/produkt\/deante-zorba-sandy-granitovy-drez-2-bowl-zqz-7203-nejprodavanejsi-9145\/#breadcrumb","itemListElement":[{"@type":"ListItem","position":1,"name":"Home","item":"https:\/\/www.koupeltech.com\/"},{"@type":"ListItem","position":2,"name":"Products","item":"https:\/\/www.koupeltech.com\/index.php\/products\/"},{"@type":"ListItem","position":3,"name":"DEANTE &#8211; Zorba sandy &#8211; Granitov\u00fd d\u0159ez, 2 &#8211; bowl ZQZ_7203 Nejprod\u00e1van\u011bj\u0161\u00ed"}]},{"@type":"WebSite","@id":"https:\/\/www.koupeltech.com\/#website","url":"https:\/\/www.koupeltech.com\/","name":"","description":"","potentialAction":[{"@type":"SearchAction","target":{"@type":"EntryPoint","urlTemplate":"https:\/\/www.koupeltech.com\/?s={search_term_string}"},"query-input":{"@type":"PropertyValueSpecification","valueRequired":true,"valueName":"search_term_string"}}],"inLanguage":"cs"}]}},"_links":{"self":[{"href":"https:\/\/www.koupeltech.com\/index.php\/wp-json\/wp\/v2\/product\/9145","targetHints":{"allow":["GET"]}}],"collection":[{"href":"https:\/\/www.koupeltech.com\/index.php\/wp-json\/wp\/v2\/product"}],"about":[{"href":"https:\/\/www.koupeltech.com\/index.php\/wp-json\/wp\/v2\/types\/product"}],"replies":[{"embeddable":true,"href":"https:\/\/www.koupeltech.com\/index.php\/wp-json\/wp\/v2\/comments?post=9145"}],"wp:featuredmedia":[{"embeddable":true,"href":"https:\/\/www.koupeltech.com\/index.php\/wp-json\/wp\/v2\/media\/9245"}],"wp:attachment":[{"href":"https:\/\/www.koupeltech.com\/index.php\/wp-json\/wp\/v2\/media?parent=9145"}],"wp:term":[{"taxonomy":"product_brand","embeddable":true,"href":"https:\/\/www.koupeltech.com\/index.php\/wp-json\/wp\/v2\/product_brand?post=9145"},{"taxonomy":"product_cat","embeddable":true,"href":"https:\/\/www.koupeltech.com\/index.php\/wp-json\/wp\/v2\/product_cat?post=9145"},{"taxonomy":"product_tag","embeddable":true,"href":"https:\/\/www.koupeltech.com\/index.php\/wp-json\/wp\/v2\/product_tag?post=9145"}],"curies":[{"name":"wp","href":"https:\/\/api.w.org\/{rel}","templated":true}]}}